- using R version 4.5.2 (2025-10-31)
- using platform: x86_64-pc-linux-gnu
- R was compiled by
gcc-14 (Debian 14.3.0-10) 14.3.0
GNU Fortran (Debian 14.3.0-10) 14.3.0
- running under: Debian GNU/Linux forky/sid
- using session charset: UTF-8
- checking for file ‘rbranding/DESCRIPTION’ ... OK
- this is package ‘rbranding’ version ‘0.1.0’
- package encoding: UTF-8
- checking package namespace information ... OK
- checking package dependencies ... OK
- checking if this is a source package ... OK
- checking if there is a namespace ... OK
- checking for executable files ... OK
- checking for hidden files and directories ... OK
- checking for portable file names ... OK
- checking for sufficient/correct file permissions ... OK
- checking serialization versions ... OK
- checking whether package ‘rbranding’ can be installed ... OK
See the install log for details.
- checking package directory ... OK
- checking for future file timestamps ... OK
- checking ‘build’ directory ... OK
- checking DESCRIPTION meta-information ... OK
- checking top-level files ... OK
- checking for left-over files ... OK
- checking index information ... OK
- checking package subdirectories ... OK
- checking code files for non-ASCII characters ... OK
- checking R files for syntax errors ... OK
- checking whether the package can be loaded ... [0s/1s] OK
- checking whether the package can be loaded with stated dependencies ... [0s/0s] OK
- checking whether the package can be unloaded cleanly ... [0s/0s] OK
- checking whether the namespace can be loaded with stated dependencies ... [0s/0s] OK
- checking whether the namespace can be unloaded cleanly ... [0s/1s] OK
- checking loading without being on the library search path ... [0s/0s] OK
- checking use of S3 registration ... OK
- checking dependencies in R code ... OK
- checking S3 generic/method consistency ... OK
- checking replacement functions ... OK
- checking foreign function calls ... OK
- checking R code for possible problems ... [4s/6s] OK
- checking Rd files ... [0s/1s] OK
- checking Rd metadata ... OK
- checking Rd line widths ... OK
- checking Rd cross-references ... OK
- checking for missing documentation entries ... OK
- checking for code/documentation mismatches ... OK
- checking Rd \usage sections ... OK
- checking Rd contents ... OK
- checking for unstated dependencies in examples ... OK
- checking installed files from ‘inst/doc’ ... OK
- checking files in ‘vignettes’ ... OK
- checking examples ... [9s/13s] OK
Examples with CPU (user + system) or elapsed time > 5s
user system elapsed
brand_add_logo 4.577 0.148 7.34
- checking for unstated dependencies in ‘tests’ ... OK
- checking tests ... [1s/2s] ERROR
Running ‘tinytest.R’ [1s/2s]
Running the tests in ‘tests/tinytest.R’ failed.
Complete output:
> if (requireNamespace("tinytest", quietly = TRUE)) {
+ tinytest::test_package("rbranding")
+ }
test_brand_init.R............. 0 tests
test_brand_init.R............. 1 tests [0;32mOK [0m
test_brand_init.R............. 1 tests [0;32mOK [0m
test_brand_init.R............. 1 tests [0;32mOK [0m
test_brand_init.R............. 2 tests [0;32mOK [0m
test_brand_init.R............. 3 tests [0;32mOK [0m
test_brand_init.R............. 4 tests [0;32mOK [0m
test_brand_init.R............. 4 tests [0;32mOK [0m
test_brand_init.R............. 4 tests [0;32mOK [0m
test_brand_init.R............. 4 tests [0;32mOK [0m
test_brand_init.R............. 4 tests [0;32mOK [0m
test_brand_init.R............. 4 tests [0;32mOK [0m
test_brand_init.R............. 5 tests [0;32mOK [0m
test_brand_init.R............. 6 tests [0;32mOK [0m
test_brand_init.R............. 6 tests [0;32mOK [0m
test_brand_init.R............. 7 tests [0;32mOK [0m
test_brand_init.R............. 8 tests [0;32mOK [0m [0;36m98ms [0m
test_get_brand.R.............. 0 tests
test_get_brand.R.............. 0 tests
test_get_brand.R.............. 1 tests [0;32mOK [0m
test_get_brand.R.............. 1 tests [0;32mOK [0m
test_get_brand.R.............. 2 tests [0;32mOK [0m
test_get_brand.R.............. 3 tests [0;32mOK [0m
test_get_brand.R.............. 4 tests [0;32mOK [0m
test_get_brand.R.............. 4 tests [0;32mOK [0m
test_get_brand.R.............. 5 tests [0;32mOK [0m
test_get_brand.R.............. 6 tests [0;32mOK [0m
test_get_brand.R.............. 6 tests [0;32mOK [0m
test_get_brand.R.............. 6 tests [0;32mOK [0m
test_get_brand.R.............. 6 tests [0;32mOK [0m
test_get_brand.R.............. 7 tests [0;32mOK [0m
test_get_brand.R.............. 7 tests [0;32mOK [0m
test_get_brand.R.............. 8 tests [0;32mOK [0m
test_get_brand.R.............. 8 tests [0;32mOK [0m
test_get_brand.R.............. 8 tests [0;32mOK [0m [0;34m0.8s [0m
test_get_template.R........... 0 tests
test_get_template.R........... 1 tests [0;32mOK [0m
test_get_template.R........... 2 tests [0;32mOK [0m
test_get_template.R........... 3 tests [0;32mOK [0m
test_get_template.R........... 3 tests [0;32mOK [0m [0;36m38ms [0m
test_ggplot2.R................ 0 tests
test_ggplot2.R................ 0 tests
test_ggplot2.R................ 0 tests
test_ggplot2.R................ 0 tests Error in png::writePNG(img, test_logo_file) :
unable to create test_logo.png
Calls: <Anonymous> ... run_test_dir -> lapply -> FUN -> eval -> eval -> <Anonymous>
Execution halted
- checking for unstated dependencies in vignettes ... OK
- checking package vignettes ... OK
- checking re-building of vignette outputs ... [15s/23s] OK
- checking PDF version of manual ... [5s/7s] OK
- checking HTML version of manual ... [0s/1s] OK
- checking for non-standard things in the check directory ... OK
- DONE
Status: 1 ERROR