• using R version 4.2.1 (2022-06-23)
  • using platform: x86_64-pc-linux-gnu (64-bit)
  • using session charset: UTF-8
  • checking for file ‘rbioacc/DESCRIPTION’ ... OK
  • this is package ‘rbioacc’ version ‘1.1-0’
  • package encoding: UTF-8
  • checking package namespace information ... OK
  • checking package dependencies ... OK
  • checking if this is a source package ... OK
  • checking if there is a namespace ... OK
  • checking for executable files ... OK
  • checking for hidden files and directories ... OK
  • checking for portable file names ... OK
  • checking for sufficient/correct file permissions ... OK
  • checking whether package ‘rbioacc’ can be installed ... ERROR
    Installation failed.
    See ‘/home/hornik/tmp/R.check/r-release-gcc/Work/PKGS/rbioacc.Rcheck/00install.out’ for details.
  • DONE
    See https://www.r-project.org/nosvn/R.check/r-release-linux-x86_64/rbioacc-00install.html for details.