• using R version 4.2.2 (2022-10-31)
  • using platform: x86_64-pc-linux-gnu (64-bit)
  • using session charset: UTF-8
  • checking for file ‘rabhit/DESCRIPTION’ ... OK
  • checking extension type ... Package
  • this is package ‘rabhit’ version ‘0.2.4’
  • package encoding: UTF-8
  • checking package namespace information ... OK
  • checking package dependencies ... OK
  • checking if this is a source package ... OK
  • checking if there is a namespace ... OK
  • checking for executable files ... OK
  • checking for hidden files and directories ... OK
  • checking for portable file names ... OK
  • checking for sufficient/correct file permissions ... OK
  • checking whether package ‘rabhit’ can be installed ... ERROR
    Installation failed.
    See ‘/home/hornik/tmp/R.check/r-release-gcc/Work/PKGS/rabhit.Rcheck/00install.out’ for details.
  • DONE
    See https://www.r-project.org/nosvn/R.check/r-release-linux-x86_64/rabhit-00install.html for details.