- using R version 4.3.2 (2023-10-31)
- using platform: x86_64-pc-linux-gnu (64-bit)
- R was compiled by
gcc-13 (Debian 13.2.0-5) 13.2.0
GNU Fortran (Debian 13.2.0-5) 13.2.0
- running under: Debian GNU/Linux trixie/sid
- using session charset: UTF-8
- checking for file ‘ggside/DESCRIPTION’ ... OK
- checking extension type ... Package
- this is package ‘ggside’ version ‘0.2.2’
- package encoding: UTF-8
- checking package namespace information ... OK
- checking package dependencies ... OK
- checking if this is a source package ... OK
- checking if there is a namespace ... OK
- checking for executable files ... OK
- checking for hidden files and directories ... OK
- checking for portable file names ... OK
- checking for sufficient/correct file permissions ... OK
- checking serialization versions ... OK
- checking whether package ‘ggside’ can be installed ... OK
See the install log for details.
- checking package directory ... OK
- checking for future file timestamps ... OK
- checking ‘build’ directory ... OK
- checking DESCRIPTION meta-information ... OK
- checking top-level files ... OK
- checking for left-over files ... OK
- checking index information ... OK
- checking package subdirectories ... OK
- checking R files for non-ASCII characters ... OK
- checking R files for syntax errors ... OK
- checking whether the package can be loaded ... [2s/2s] OK
- checking whether the package can be loaded with stated dependencies ... [1s/1s] OK
- checking whether the package can be unloaded cleanly ... [1s/1s] OK
- checking whether the namespace can be loaded with stated dependencies ... [1s/1s] OK
- checking whether the namespace can be unloaded cleanly ... [2s/2s] OK
- checking loading without being on the library search path ... [2s/2s] OK
- checking startup messages can be suppressed ... [2s/2s] OK
- checking use of S3 registration ... OK
- checking dependencies in R code ... OK
- checking S3 generic/method consistency ... OK
- checking replacement functions ... OK
- checking foreign function calls ... OK
- checking R code for possible problems ... [25s/30s] OK
- checking Rd files ... [1s/1s] OK
- checking Rd metadata ... OK
- checking Rd line widths ... OK
- checking Rd cross-references ... OK
- checking for missing documentation entries ... OK
- checking for code/documentation mismatches ... OK
- checking Rd \usage sections ... OK
- checking Rd contents ... OK
- checking for unstated dependencies in examples ... OK
- checking installed files from ‘inst/doc’ ... OK
- checking files in ‘vignettes’ ... OK
- checking examples ... [36s/42s] OK
Examples with CPU (user + system) or elapsed time > 5s
user system elapsed
geom_xsidepoint 4.162 0.167 5.203
- checking for unstated dependencies in ‘tests’ ... OK
- checking tests ... [27s/31s] ERROR
Running ‘testthat.R’ [26s/31s]
Running the tests in ‘tests/testthat.R’ failed.
Complete output:
> library(testthat)
> library(vdiffr)
> library(ggplot2)
> library(ggside)
Registered S3 method overwritten by 'ggside':
method from
+.gg ggplot2
>
> test_check("ggside")
[ FAIL 2 | WARN 0 | SKIP 21 | PASS 84 ]
══ Skipped tests (21) ══════════════════════════════════════════════════════════
• On CRAN (21): 'test_FacetGrid_ggside_themes.R:11:3',
'test_FacetGrid_ggside_themes.R:23:3', 'test_FacetNull_ggside_themes.R:11:3',
'test_FacetNull_ggside_themes.R:23:3', 'test_FacetWrap_ggside_themes.R:11:3',
'test_FacetWrap_ggside_themes.R:23:3', 'test_axis_render_position.R:10:3',
'test_ggside_axis_polts.R:9:3', 'test_ggside_axis_polts.R:16:3',
'test_ggside_axis_polts.R:27:3', 'test_ggside_axis_polts.R:40:3',
'test_ggside_axis_polts.R:58:3', 'test_ggside_extended_themes.R:14:3',
'test_ggside_extended_themes.R:30:3', 'test_ggside_scales.R:23:3',
'test_non_aes_mapping_legend.R:11:3', 'test_vdiff_diamondplots.R:40:3',
'test_vdiff_diamondplots.R:56:3', 'test_vdiff_diamondplots.R:66:3',
'test_vdiff_irisScatter.R:10:3', 'test_vdiff_irisScatter.R:28:3'
══ Failed tests ════════════════════════════════════════════════════════════════
── Error ('test_continuous_date_axis.R:19:3'): default ggplot2 error ───────────
Error in `geom_histogram(orientation = "y", binwidth = 0.5)`: Problem while mapping stat to aesthetics.
i Error occurred in the 2nd layer.
Caused by error in `self$trans$transform()`:
! `transform_date()` works with objects of class <Date> only
── Error ('test_continuous_date_axis.R:27:3'): ggside work-around works ────────
Error in `geom_ysidehistogram(bins = 30)`: Problem while mapping stat to aesthetics.
i Error occurred in the 3rd layer.
Caused by error in `self$trans$transform()`:
! `transform_date()` works with objects of class <Date> only
[ FAIL 2 | WARN 0 | SKIP 21 | PASS 84 ]
Deleting unused snapshots:
• FacetGrid_ggside_themes/grid-xside-ggside-panel-scale-5.svg
• FacetGrid_ggside_themes/grid-xside-ggside-panel-scale-y-5.svg
• FacetGrid_ggside_themes/grid-xside-ggside-panel-spacing-10pt.svg
• FacetGrid_ggside_themes/grid-xside-ggside-panel-spacing-y-10pt.svg
• FacetGrid_ggside_themes/grid-xyside-ggside-panel-scale-5.svg
• FacetGrid_ggside_themes/grid-xyside-ggside-panel-scale-x-5.svg
• FacetGrid_ggside_themes/grid-xyside-ggside-panel-scale-y-5.svg
• FacetGrid_ggside_themes/grid-xyside-ggside-panel-spacing-10pt.svg
• FacetGrid_ggside_themes/grid-xyside-ggside-panel-spacing-x-10pt.svg
• FacetGrid_ggside_themes/grid-xyside-ggside-panel-spacing-y-10pt.svg
• FacetGrid_ggside_themes/grid-yside-ggside-panel-scale-5.svg
• FacetGrid_ggside_themes/grid-yside-ggside-panel-scale-x-5.svg
• FacetGrid_ggside_themes/grid-yside-ggside-panel-scale-y-5.svg
• FacetGrid_ggside_themes/grid-yside-ggside-panel-spacing-10pt.svg
• FacetGrid_ggside_themes/grid-yside-ggside-panel-spacing-x-10pt.svg
• FacetGrid_ggside_themes/grid-yside-ggside-panel-spacing-y-10pt.svg
• FacetNull_ggside_themes/xside-ggside-panel-scale-5.svg
• FacetNull_ggside_themes/xside-ggside-panel-scale-y-5.svg
• FacetNull_ggside_themes/xside-ggside-panel-spacing-10pt.svg
• FacetNull_ggside_themes/xside-ggside-panel-spacing-y-10pt.svg
• FacetNull_ggside_themes/xyside-ggside-panel-scale-5.svg
• FacetNull_ggside_themes/xyside-ggside-panel-scale-x-5.svg
• FacetNull_ggside_themes/xyside-ggside-panel-scale-y-5.svg
• FacetNull_ggside_themes/xyside-ggside-panel-spacing-10pt.svg
• FacetNull_ggside_themes/xyside-ggside-panel-spacing-x-10pt.svg
• FacetNull_ggside_themes/xyside-ggside-panel-spacing-y-10pt.svg
• FacetNull_ggside_themes/yside-ggside-panel-scale-5.svg
• FacetNull_ggside_themes/yside-ggside-panel-scale-x-5.svg
• FacetNull_ggside_themes/yside-ggside-panel-scale-y-5.svg
• FacetNull_ggside_themes/yside-ggside-panel-spacing-10pt.svg
• FacetNull_ggside_themes/yside-ggside-panel-spacing-x-10pt.svg
• FacetNull_ggside_themes/yside-ggside-panel-spacing-y-10pt.svg
• FacetWrap_ggside_themes/wrap-xside-ggside-panel-scale-5.svg
• FacetWrap_ggside_themes/wrap-xside-ggside-panel-scale-y-5.svg
• FacetWrap_ggside_themes/wrap-xside-ggside-panel-spacing-10pt.svg
• FacetWrap_ggside_themes/wrap-xside-ggside-panel-spacing-y-10pt.svg
• FacetWrap_ggside_themes/wrap-xyside-ggside-panel-scale-5.svg
• FacetWrap_ggside_themes/wrap-xyside-ggside-panel-scale-x-5.svg
• FacetWrap_ggside_themes/wrap-xyside-ggside-panel-scale-y-5.svg
• FacetWrap_ggside_themes/wrap-xyside-ggside-panel-spacing-10pt.svg
• FacetWrap_ggside_themes/wrap-xyside-ggside-panel-spacing-x-10pt.svg
• FacetWrap_ggside_themes/wrap-xyside-ggside-panel-spacing-y-10pt.svg
• FacetWrap_ggside_themes/wrap-yside-ggside-panel-scale-5.svg
• FacetWrap_ggside_themes/wrap-yside-ggside-panel-scale-x-5.svg
• FacetWrap_ggside_themes/wrap-yside-ggside-panel-scale-y-5.svg
• FacetWrap_ggside_themes/wrap-yside-ggside-panel-spacing-10pt.svg
• FacetWrap_ggside_themes/wrap-yside-ggside-panel-spacing-x-10pt.svg
• FacetWrap_ggside_themes/wrap-yside-ggside-panel-spacing-y-10pt.svg
• axis_render_position/grid-default.svg
• axis_render_position/grid-x-on-main-pos-bot.svg
• axis_render_position/grid-x-on-main-top.svg
• axis_render_position/grid-x-on-side-pos-bot.svg
• axis_render_position/grid-x-on-side.svg
• axis_render_position/grid-y-on-main-pos-left.svg
• axis_render_position/grid-y-on-main-right.svg
• axis_render_position/grid-y-on-side-pos-left.svg
• axis_render_position/grid-y-on-side.svg
• axis_render_position/wrap-default.svg
• axis_render_position/wrap-x-on-main-pos-bot.svg
• axis_render_position/wrap-x-on-main-top.svg
• axis_render_position/wrap-x-on-side-pos-bot.svg
• axis_render_position/wrap-x-on-side.svg
• axis_render_position/wrap-y-on-main-pos-left.svg
• axis_render_position/wrap-y-on-main-right.svg
• axis_render_position/wrap-y-on-side-pos-left.svg
• axis_render_position/wrap-y-on-side.svg
• axis_render_position/x-on-main-pos-bot.svg
• axis_render_position/x-on-main-top.svg
• axis_render_position/x-on-side-pos-bot.svg
• axis_render_position/x-on-side.svg
• axis_render_position/y-on-main-pos-left.svg
• axis_render_position/y-on-main-right.svg
• axis_render_position/y-on-side-pos-left.svg
• axis_render_position/y-on-side.svg
• continuous_date_axis/date-x-both.svg
• continuous_date_axis/date-x-xside.svg
• continuous_date_axis/date-x-yside.svg
• ggside_axis_polts/xside-bot-pos-top-grid.svg
• ggside_axis_polts/xside-bot-pos-top.svg
• ggside_axis_polts/xside-bottom.svg
• ggside_axis_polts/xside-top-noaxis.svg
• ggside_axis_polts/xside-top-pos-top-wrap.svg
• ggside_axis_polts/xside-top-pos-top.svg
• ggside_axis_polts/xyside-facet-grid.svg
• ggside_axis_polts/xyside-lb-pos-swap.svg
• ggside_axis_polts/xyside-lb.svg
• ggside_axis_polts/xyside-no-x-text.svg
• ggside_axis_polts/xyside-no-y-text.svg
• ggside_axis_polts/xyside-xb-pos-top.svg
• ggside_axis_polts/xyside-xb.svg
• ggside_axis_polts/xyside-yl-pos-right.svg
• ggside_axis_polts/xyside-yl.svg
• ggside_axis_polts/yside-left-pos-right-grid.svg
• ggside_axis_polts/yside-left-pos-right.svg
• ggside_axis_polts/yside-left.svg
• ggside_axis_polts/yside-right-noaxis.svg
• ggside_axis_polts/yside-right-pos-right-wrap.svg
• ggside_axis_polts/yside-right-pos-right.svg
• ggside_extended_themes/bw.svg
• ggside_extended_themes/classic.svg
• ggside_extended_themes/dark.svg
• ggside_extended_themes/gray.svg
• ggside_extended_themes/light.svg
• ggside_extended_themes/linedraw.svg
• ggside_extended_themes/minimal.svg
• ggside_extended_themes/side-panel-background.svg
• ggside_extended_themes/side-panel-border.svg
• ggside_extended_themes/void.svg
• ggside_scales/xsidey-ysidex-facetgrid.svg
• ggside_scales/xsidey-ysidex-facetwrap.svg
• non_aes_mapping_legend/non-aes-color-blue.svg
• non_aes_mapping_legend/non-aes-xcolor-red.svg
• vdiff_irisScatter/collapsed-histo.svg
• vdiff_irisScatter/facetgrid-collapsed-density.svg
• vdiff_irisScatter/facetgrid-histo.svg
• vdiff_irisScatter/facetgrid-side-density.svg
• vdiff_irisScatter/stacked-side-density.svg
• vdiff_irisScatter/yside-histo.svg
Error: Test failures
Execution halted
- checking for unstated dependencies in vignettes ... OK
- checking package vignettes in ‘inst/doc’ ... OK
- checking re-building of vignette outputs ... [58s/70s] OK
- checking PDF version of manual ... [9s/14s] OK
- checking HTML version of manual ... [3s/5s] OK
- checking for non-standard things in the check directory ... OK
- DONE
Status: 1 ERROR