- using R version 4.5.1 (2025-06-13)
- using platform: x86_64-pc-linux-gnu
- R was compiled by
gcc-14 (Debian 14.3.0-8) 14.3.0
GNU Fortran (Debian 14.3.0-8) 14.3.0
- running under: Debian GNU/Linux forky/sid
- using session charset: UTF-8
- checking for file ‘baf/DESCRIPTION’ ... OK
- this is package ‘baf’ version ‘0.0.3’
- package encoding: UTF-8
- checking package namespace information ... OK
- checking package dependencies ... OK
- checking if this is a source package ... OK
- checking if there is a namespace ... OK
- checking for executable files ... OK
- checking for hidden files and directories ... OK
- checking for portable file names ... OK
- checking for sufficient/correct file permissions ... OK
- checking whether package ‘baf’ can be installed ... OK
See the install log for details.
- checking package directory ... OK
- checking for future file timestamps ... OK
- checking DESCRIPTION meta-information ... OK
- checking top-level files ... OK
- checking for left-over files ... OK
- checking index information ... OK
- checking package subdirectories ... OK
- checking code files for non-ASCII characters ... OK
- checking R files for syntax errors ... OK
- checking whether the package can be loaded ... [1s/1s] OK
- checking whether the package can be loaded with stated dependencies ... [1s/1s] OK
- checking whether the package can be unloaded cleanly ... [1s/1s] OK
- checking whether the namespace can be loaded with stated dependencies ... [1s/1s] OK
- checking whether the namespace can be unloaded cleanly ... [1s/1s] OK
- checking loading without being on the library search path ... [1s/1s] OK
- checking use of S3 registration ... OK
- checking dependencies in R code ... OK
- checking S3 generic/method consistency ... OK
- checking replacement functions ... OK
- checking foreign function calls ... OK
- checking R code for possible problems ... [6s/8s] OK
- checking Rd files ... [0s/1s] OK
- checking Rd metadata ... OK
- checking Rd line widths ... OK
- checking Rd cross-references ... OK
- checking for missing documentation entries ... OK
- checking for code/documentation mismatches ... OK
- checking Rd \usage sections ... OK
- checking Rd contents ... OK
- checking for unstated dependencies in examples ... OK
- checking contents of ‘data’ directory ... OK
- checking data for non-ASCII characters ... [0s/0s] OK
- checking LazyData ... OK
- checking data for ASCII and uncompressed saves ... OK
- checking examples ... [2s/4s] OK
- checking for unstated dependencies in ‘tests’ ... OK
- checking tests ... [4s/6s] ERROR
Running ‘testthat.R’ [4s/6s]
Running the tests in ‘tests/testthat.R’ failed.
Complete output:
> # This file is part of the standard setup for testthat.
> # It is recommended that you do not modify it.
> #
> # Where should you do additional test configuration?
> # Learn more about the roles of various files in:
> # * https://r-pkgs.org/testing-design.html#sec-tests-files-overview
> # * https://testthat.r-lib.org/articles/special-files.html
>
> library(testthat)
> library(baf)
>
> test_check('baf')
[80%] Downloaded 6836 bytes...
[100%] Downloaded 8453 bytes...
[0%] Downloaded 5467 bytes...
[0%] Downloaded 21877 bytes...
[1%] Downloaded 31789 bytes...
[1%] Downloaded 48678 bytes...
[2%] Downloaded 65536 bytes...
[2%] Downloaded 82425 bytes...
[3%] Downloaded 101421 bytes...
[4%] Downloaded 117805 bytes...
[4%] Downloaded 125997 bytes...
[4%] Downloaded 130093 bytes...
[5%] Downloaded 146477 bytes...
[5%] Downloaded 162861 bytes...
[6%] Downloaded 179245 bytes...
[6%] Downloaded 191533 bytes...
[7%] Downloaded 207899 bytes...
[7%] Downloaded 224265 bytes...
[8%] Downloaded 244763 bytes...
[9%] Downloaded 261129 bytes...
[9%] Downloaded 277531 bytes...
[10%] Downloaded 293897 bytes...
[10%] Downloaded 310299 bytes...
[11%] Downloaded 326665 bytes...
[11%] Downloaded 343067 bytes...
[12%] Downloaded 359433 bytes...
[13%] Downloaded 375835 bytes...
[13%] Downloaded 392201 bytes...
[14%] Downloaded 408603 bytes...
[14%] Downloaded 424969 bytes...
[15%] Downloaded 441371 bytes...
[15%] Downloaded 457737 bytes...
[16%] Downloaded 474103 bytes...
[17%] Downloaded 490469 bytes...
[17%] Downloaded 506907 bytes...
[18%] Downloaded 523273 bytes...
[18%] Downloaded 539675 bytes...
[19%] Downloaded 556041 bytes...
[19%] Downloaded 572443 bytes...
[20%] Downloaded 588809 bytes...
[21%] Downloaded 605211 bytes...
[21%] Downloaded 621577 bytes...
[22%] Downloaded 637979 bytes...
[22%] Downloaded 654345 bytes...
[23%] Downloaded 670711 bytes...
[23%] Downloaded 687077 bytes...
[23%] Downloaded 687149 bytes...
[24%] Downloaded 703515 bytes...
[25%] Downloaded 719881 bytes...
[25%] Downloaded 736283 bytes...
[26%] Downloaded 752649 bytes...
[26%] Downloaded 769051 bytes...
[27%] Downloaded 785417 bytes...
[27%] Downloaded 801819 bytes...
[28%] Downloaded 818185 bytes...
[29%] Downloaded 834587 bytes...
[29%] Downloaded 850953 bytes...
[30%] Downloaded 867355 bytes...
[30%] Downloaded 883721 bytes...
[31%] Downloaded 900123 bytes...
[31%] Downloaded 916489 bytes...
[32%] Downloaded 932891 bytes...
[33%] Downloaded 949257 bytes...
[33%] Downloaded 965623 bytes...
[34%] Downloaded 981989 bytes...
[34%] Downloaded 998427 bytes...
[35%] Downloaded 1014793 bytes...
[35%] Downloaded 1031195 bytes...
[36%] Downloaded 1047561 bytes...
[37%] Downloaded 1063963 bytes...
[37%] Downloaded 1080329 bytes...
[38%] Downloaded 1096731 bytes...
[38%] Downloaded 1113097 bytes...
[39%] Downloaded 1129499 bytes...
[39%] Downloaded 1145865 bytes...
[40%] Downloaded 1162231 bytes...
[40%] Downloaded 1178597 bytes...
[41%] Downloaded 1195035 bytes...
[41%] Downloaded 1203245 bytes...
[42%] Downloaded 1219611 bytes...
[42%] Downloaded 1235977 bytes...
[43%] Downloaded 1252379 bytes...
[44%] Downloaded 1268745 bytes...
[44%] Downloaded 1268781 bytes...
[44%] Downloaded 1285147 bytes...
[45%] Downloaded 1301513 bytes...
[46%] Downloaded 1326107 bytes...
[46%] Downloaded 1342473 bytes...
[47%] Downloaded 1358875 bytes...
[47%] Downloaded 1375241 bytes...
[48%] Downloaded 1399835 bytes...
[49%] Downloaded 1416201 bytes...
[49%] Downloaded 1432567 bytes...
[50%] Downloaded 1448933 bytes...
[50%] Downloaded 1465371 bytes...
[51%] Downloaded 1489947 bytes...
[52%] Downloaded 1506313 bytes...
[52%] Downloaded 1522715 bytes...
[53%] Downloaded 1539081 bytes...
[54%] Downloaded 1555483 bytes...
[54%] Downloaded 1571849 bytes...
[55%] Downloaded 1596443 bytes...
[56%] Downloaded 1612809 bytes...
[56%] Downloaded 1629175 bytes...
[57%] Downloaded 1645541 bytes...
[57%] Downloaded 1653805 bytes...
[58%] Downloaded 1670171 bytes...
[58%] Downloaded 1686537 bytes...
[58%] Downloaded 1686573 bytes...
[59%] Downloaded 1702939 bytes...
[59%] Downloaded 1719305 bytes...
[59%] Downloaded 1719341 bytes...
[60%] Downloaded 1735707 bytes...
[60%] Downloaded 1752073 bytes...
[61%] Downloaded 1768475 bytes...
[62%] Downloaded 1793051 bytes...
[62%] Downloaded 1809417 bytes...
[63%] Downloaded 1825783 bytes...
[64%] Downloaded 1842149 bytes...
[64%] Downloaded 1858587 bytes...
[65%] Downloaded 1883163 bytes...
[66%] Downloaded 1899529 bytes...
[66%] Downloaded 1915931 bytes...
[67%] Downloaded 1932297 bytes...
[67%] Downloaded 1948699 bytes...
[68%] Downloaded 1965065 bytes...
[69%] Downloaded 1989659 bytes...
[69%] Downloaded 2006025 bytes...
[70%] Downloaded 2022391 bytes...
[70%] Downloaded 2038757 bytes...
[71%] Downloaded 2047021 bytes...
[71%] Downloaded 2063387 bytes...
[72%] Downloaded 2079753 bytes...
[72%] Downloaded 2096155 bytes...
[73%] Downloaded 2112521 bytes...
[73%] Downloaded 2112557 bytes...
[74%] Downloaded 2128923 bytes...
[74%] Downloaded 2145289 bytes...
[75%] Downloaded 2161691 bytes...
[76%] Downloaded 2186267 bytes...
[76%] Downloaded 2202633 bytes...
[76%] Downloaded 2202669 bytes...
[77%] Downloaded 2218999 bytes...
[77%] Downloaded 2235365 bytes...
[77%] Downloaded 2235437 bytes...
[78%] Downloaded 2251803 bytes...
[79%] Downloaded 2276379 bytes...
[79%] Downloaded 2292745 bytes...
[80%] Downloaded 2309147 bytes...
[80%] Downloaded 2325513 bytes...
[81%] Downloaded 2341915 bytes...
[82%] Downloaded 2358281 bytes...
[82%] Downloaded 2382875 bytes...
[83%] Downloaded 2399241 bytes...
[84%] Downloaded 2415607 bytes...
[84%] Downloaded 2431973 bytes...
[84%] Downloaded 2440237 bytes...
[85%] Downloaded 2456603 bytes...
[86%] Downloaded 2472969 bytes...
[86%] Downloaded 2489371 bytes...
[87%] Downloaded 2505737 bytes...
[87%] Downloaded 2522139 bytes...
[88%] Downloaded 2538505 bytes...
[88%] Downloaded 2554907 bytes...
[89%] Downloaded 2579483 bytes...
[90%] Downloaded 2595849 bytes...
[90%] Downloaded 2612215 bytes...
[91%] Downloaded 2628581 bytes...
[91%] Downloaded 2645019 bytes...
[92%] Downloaded 2669595 bytes...
[93%] Downloaded 2685961 bytes...
[93%] Downloaded 2685997 bytes...
[93%] Downloaded 2702363 bytes...
[94%] Downloaded 2718729 bytes...
[95%] Downloaded 2735131 bytes...
[95%] Downloaded 2751497 bytes...
[96%] Downloaded 2776091 bytes...
[97%] Downloaded 2792457 bytes...
[97%] Downloaded 2808823 bytes...
[98%] Downloaded 2825189 bytes...
[98%] Downloaded 2841555 bytes...
[99%] Downloaded 2857921 bytes...
[99%] Downloaded 2874287 bytes...
[100%] Downloaded 2875289 bytes...
[ FAIL 1 | WARN 1 | SKIP 0 | PASS 4 ]
══ Failed tests ════════════════════════════════════════════════════════════════
── Failure ('test-baf.R:11:3'): baf works ──────────────────────────────────────
`out` has length 0, not length 7.
[ FAIL 1 | WARN 1 | SKIP 0 | PASS 4 ]
Error: Test failures
Execution halted
- checking PDF version of manual ... [5s/7s] OK
- checking HTML version of manual ... [0s/0s] OK
- checking for non-standard things in the check directory ... OK
- DONE
Status: 1 ERROR