- using R version 4.5.2 (2025-10-31)
- using platform: x86_64-pc-linux-gnu
- R was compiled by
gcc-14 (Debian 14.3.0-10) 14.3.0
GNU Fortran (Debian 14.3.0-10) 14.3.0
- running under: Debian GNU/Linux forky/sid
- using session charset: UTF-8
- checking for file ‘applicable/DESCRIPTION’ ... OK
- this is package ‘applicable’ version ‘0.1.1’
- package encoding: UTF-8
- checking package namespace information ... OK
- checking package dependencies ... OK
- checking if this is a source package ... OK
- checking if there is a namespace ... OK
- checking for executable files ... OK
- checking for hidden files and directories ... OK
- checking for portable file names ... OK
- checking for sufficient/correct file permissions ... OK
- checking whether package ‘applicable’ can be installed ... OK
See the install log for details.
- checking package directory ... OK
- checking for future file timestamps ... OK
- checking DESCRIPTION meta-information ... OK
- checking top-level files ... OK
- checking for left-over files ... OK
- checking index information ... OK
- checking package subdirectories ... OK
- checking code files for non-ASCII characters ... OK
- checking R files for syntax errors ... OK
- checking whether the package can be loaded ... [3s/4s] OK
- checking whether the package can be loaded with stated dependencies ... [3s/4s] OK
- checking whether the package can be unloaded cleanly ... [3s/5s] OK
- checking whether the namespace can be loaded with stated dependencies ... [3s/4s] OK
- checking whether the namespace can be unloaded cleanly ... [3s/4s] OK
- checking loading without being on the library search path ... [3s/4s] OK
- checking whether startup messages can be suppressed ... [3s/4s] OK
- checking use of S3 registration ... OK
- checking dependencies in R code ... OK
- checking S3 generic/method consistency ... OK
- checking replacement functions ... OK
- checking foreign function calls ... OK
- checking R code for possible problems ... [16s/19s] OK
- checking Rd files ... [0s/1s] OK
- checking Rd metadata ... OK
- checking Rd line widths ... OK
- checking Rd cross-references ... OK
- checking for missing documentation entries ... OK
- checking for code/documentation mismatches ... OK
- checking Rd \usage sections ... OK
- checking Rd contents ... OK
- checking for unstated dependencies in examples ... OK
- checking contents of ‘data’ directory ... OK
- checking data for non-ASCII characters ... [0s/0s] OK
- checking LazyData ... OK
- checking data for ASCII and uncompressed saves ... OK
- checking examples ... [8s/9s] OK
- checking for unstated dependencies in ‘tests’ ... OK
- checking tests ... [11s/14s] ERROR
Running ‘spelling.R’ [0s/0s]
Running ‘testthat.R’ [10s/13s]
Running the tests in ‘tests/testthat.R’ failed.
Complete output:
> library(testthat)
> library(applicable)
Loading required package: ggplot2
>
> test_check("applicable")
Loading required package: dplyr
Attaching package: 'dplyr'
The following objects are masked from 'package:stats':
filter, lag
The following objects are masked from 'package:base':
intersect, setdiff, setequal, union
Attaching package: 'recipes'
The following object is masked from 'package:stats':
step
Saving _problems/test-plot-10.R
Saving _problems/test-plot-23.R
Saving _problems/test-plot-36.R
Attaching package: 'proxyC'
The following object is masked from 'package:stats':
dist
The following objects are masked from 'package:base':
crossprod, tcrossprod
[ FAIL 3 | WARN 0 | SKIP 22 | PASS 90 ]
══ Skipped tests (22) ══════════════════════════════════════════════════════════
• On CRAN (22): 'test-hat_values-fit.R:14:1', 'test-hat_values-fit.R:21:1',
'test-hat_values-fit.R:108:1', 'test-hat_values-fit.R:117:1',
'test-hat_values-score.R:1:1', 'test-hat_values-score.R:7:1',
'test-hat_values-score.R:14:1', 'test-isolation-fit.R:3:1',
'test-misc.R:1:1', 'test-pca-fit.R:20:1', 'test-pca-fit.R:27:1',
'test-pca-score.R:1:1', 'test-pca-score.R:7:1', 'test-pca-score.R:14:1',
'test-print.R:1:1', 'test-print.R:33:1', 'test-similarity.R:116:1',
'test-similarity.R:127:1', 'test-similarity.R:145:1',
'test-similarity.R:162:1', 'test-similarity.R:178:1',
'test-similarity.R:193:1'
══ Failed tests ════════════════════════════════════════════════════════════════
── Failure ('test-plot.R:10:3'): output of autoplot.apd_pca is correct when no options are provided ──
Expected `ad_plot$labels$y` to equal "percentile".
Differences:
`actual` is NULL
`expected` is a character vector ('percentile')
── Failure ('test-plot.R:23:3'): output of autoplot.apd_pca is correct when options=matches are provided ──
Expected `ad_plot$labels$y` to equal "percentile".
Differences:
`actual` is NULL
`expected` is a character vector ('percentile')
── Failure ('test-plot.R:36:3'): output of autoplot.apd_pca is correct when options=distance are provided ──
Expected `ad_plot$labels$y` to equal "percentile".
Differences:
`actual` is NULL
`expected` is a character vector ('percentile')
[ FAIL 3 | WARN 0 | SKIP 22 | PASS 90 ]
Error:
! Test failures.
Execution halted
- checking PDF version of manual ... [6s/8s] OK
- checking HTML version of manual ... [1s/1s] OK
- checking for non-standard things in the check directory ... OK
- DONE
Status: 1 ERROR