- using R version 4.5.2 (2025-10-31)
- using platform: x86_64-pc-linux-gnu
- R was compiled by
gcc-14 (Debian 14.3.0-10) 14.3.0
GNU Fortran (Debian 14.3.0-10) 14.3.0
- running under: Debian GNU/Linux forky/sid
- using session charset: UTF-8
- checking for file ‘XML/DESCRIPTION’ ... OK
- this is package ‘XML’ version ‘3.99-0.20’
- checking package namespace information ... OK
- checking package dependencies ... OK
- checking if this is a source package ... OK
- checking if there is a namespace ... OK
- checking for executable files ... OK
- checking for hidden files and directories ... OK
- checking for portable file names ... OK
- checking for sufficient/correct file permissions ... OK
- checking whether package ‘XML’ can be installed ... WARNING
Found the following significant warnings:
DocParse.c:67:2: warning: ‘__xmlDoValidityCheckingDefaultValue’ is deprecated: See https://gnome.pages.gitlab.gnome.org/libxml2/html/deprecated.html [-Wdeprecated-declarations]
DocParse.c:70:6: warning: ‘__xmlDoValidityCheckingDefaultValue’ is deprecated: See https://gnome.pages.gitlab.gnome.org/libxml2/html/deprecated.html [-Wdeprecated-declarations]
HTMLParse.c:114:5: warning: ‘__xmlIndentTreeOutput’ is deprecated: See https://gnome.pages.gitlab.gnome.org/libxml2/html/deprecated.html [-Wdeprecated-declarations]
HTMLParse.c:118:5: warning: ‘__xmlIndentTreeOutput’ is deprecated: See https://gnome.pages.gitlab.gnome.org/libxml2/html/deprecated.html [-Wdeprecated-declarations]
HTMLParse.c:141:5: warning: ‘__xmlIndentTreeOutput’ is deprecated: See https://gnome.pages.gitlab.gnome.org/libxml2/html/deprecated.html [-Wdeprecated-declarations]
HTMLParse.c:143:5: warning: ‘use’ is deprecated [-Wdeprecated-declarations]
HTMLParse.c:152:9: warning: ‘content’ is deprecated [-Wdeprecated-declarations]
RSDTD.c:121:3: warning: ‘validate’ is deprecated [-Wdeprecated-declarations]
RSDTD.c:134:7: warning: ‘xmlSkipBlankChars’ is deprecated: See https://gnome.pages.gitlab.gnome.org/libxml2/html/deprecated.html [-Wdeprecated-declarations]
RSDTD.c:135:7: warning: ‘xmlParseMarkupDecl’ is deprecated: See https://gnome.pages.gitlab.gnome.org/libxml2/html/deprecated.html [-Wdeprecated-declarations]
RSDTD.c:555:3: warning: ‘type’ is deprecated [-Wdeprecated-declarations]
RSDTD.c:556:3: warning: ‘type’ is deprecated [-Wdeprecated-declarations]
RSDTD.c:559:3: warning: ‘ocur’ is deprecated [-Wdeprecated-declarations]
RSDTD.c:560:3: warning: ‘ocur’ is deprecated [-Wdeprecated-declarations]
RSDTD.c:563:3: warning: ‘type’ is deprecated [-Wdeprecated-declarations]
RSDTD.c:566:5: warning: ‘c1’ is deprecated [-Wdeprecated-declarations]
RSDTD.c:568:7: warning: ‘c2’ is deprecated [-Wdeprecated-declarations]
RSDTD.c:573:7: warning: ‘c1’ is deprecated [-Wdeprecated-declarations]
RSDTD.c:574:9: warning: ‘c1’ is deprecated [-Wdeprecated-declarations]
RSDTD.c:578:9: warning: ‘c2’ is deprecated [-Wdeprecated-declarations]
RSDTD.c:579:10: warning: ‘c2’ is deprecated [-Wdeprecated-declarations]
RSDTD.c:583:6: warning: ‘name’ is deprecated [-Wdeprecated-declarations]
RSDTD.c:585:9: warning: ‘name’ is deprecated [-Wdeprecated-declarations]
RSDTD.c:589:3: warning: ‘type’ is deprecated [-Wdeprecated-declarations]
RSDTD.c:620:3: warning: ‘c2’ is deprecated [-Wdeprecated-declarations]
RSDTD.c:629:5: warning: ‘type’ is deprecated [-Wdeprecated-declarations]
RSDTD.c:630:5: warning: ‘c2’ is deprecated [-Wdeprecated-declarations]
RSDTD.c:636:3: warning: ‘c1’ is deprecated [-Wdeprecated-declarations]
RSDTD.c:638:3: warning: ‘c2’ is deprecated [-Wdeprecated-declarations]
RSDTD.c:642:5: warning: ‘c1’ is deprecated [-Wdeprecated-declarations]
RSDTD.c:642:5: warning: ‘type’ is deprecated [-Wdeprecated-declarations]
RSDTD.c:643:5: warning: ‘c1’ is deprecated [-Wdeprecated-declarations]
RSDTD.c:645:5: warning: ‘type’ is deprecated [-Wdeprecated-declarations]
RSDTD.c:646:5: warning: ‘c2’ is deprecated [-Wdeprecated-declarations]
RSDTD.c:745:4: warning: ‘tree’ is deprecated [-Wdeprecated-declarations]
RSDTD.c:777:5: warning: ‘next’ is deprecated [-Wdeprecated-declarations]
RSDTD.c:786:7: warning: ‘name’ is deprecated [-Wdeprecated-declarations]
RSDTD.c:787:7: warning: ‘next’ is deprecated [-Wdeprecated-declarations]
RUtils.c:142:5: warning: ‘xmlSubstituteEntitiesDefault’ is deprecated: See https://gnome.pages.gitlab.gnome.org/libxml2/html/deprecated.html [-Wdeprecated-declarations]
XMLTree.c:1147:5: warning: ‘__xmlIndentTreeOutput’ is deprecated: See https://gnome.pages.gitlab.gnome.org/libxml2/html/deprecated.html [-Wdeprecated-declarations]
XMLTree.c:1159:5: warning: ‘__xmlIndentTreeOutput’ is deprecated: See https://gnome.pages.gitlab.gnome.org/libxml2/html/deprecated.html [-Wdeprecated-declarations]
XMLTree.c:1246:5: warning: ‘__xmlIndentTreeOutput’ is deprecated: See https://gnome.pages.gitlab.gnome.org/libxml2/html/deprecated.html [-Wdeprecated-declarations]
XMLTree.c:1421:5: warning: ‘__xmlIndentTreeOutput’ is deprecated: See https://gnome.pages.gitlab.gnome.org/libxml2/html/deprecated.html [-Wdeprecated-declarations]
XMLTree.c:1425:5: warning: ‘__xmlIndentTreeOutput’ is deprecated: See https://gnome.pages.gitlab.gnome.org/libxml2/html/deprecated.html [-Wdeprecated-declarations]
XMLTree.c:1437:5: warning: ‘__xmlIndentTreeOutput’ is deprecated: See https://gnome.pages.gitlab.gnome.org/libxml2/html/deprecated.html [-Wdeprecated-declarations]
XMLTree.c:1439:5: warning: ‘use’ is deprecated [-Wdeprecated-declarations]
XMLTree.c:1442:9: warning: ‘content’ is deprecated [-Wdeprecated-declarations]
XMLTree.c:1444:9: warning: ‘content’ is deprecated [-Wdeprecated-declarations]
XMLTree.c:1539:3: warning: ‘context’ is deprecated [-Wdeprecated-declarations]
See the install log for details.
- used C compiler: ‘gcc-14 (Debian 14.3.0-10) 14.3.0’
- checking package directory ... OK
- checking for future file timestamps ... OK
- checking DESCRIPTION meta-information ... OK
- checking top-level files ... OK
- checking for left-over files ... OK
- checking index information ... OK
- checking package subdirectories ... OK
- checking code files for non-ASCII characters ... OK
- checking R files for syntax errors ... OK
- checking whether the package can be loaded ... [0s/1s] OK
- checking whether the package can be loaded with stated dependencies ... [0s/1s] OK
- checking whether the package can be unloaded cleanly ... [0s/1s] OK
- checking whether the namespace can be loaded with stated dependencies ... [0s/1s] OK
- checking whether the namespace can be unloaded cleanly ... [1s/1s] OK
- checking loading without being on the library search path ... [0s/1s] OK
- checking whether startup messages can be suppressed ... [1s/1s] OK
- checking use of S3 registration ... OK
- checking dependencies in R code ... OK
- checking S3 generic/method consistency ... OK
- checking replacement functions ... OK
- checking foreign function calls ... OK
- checking R code for possible problems ... [21s/24s] OK
- checking Rd files ... [1s/1s] OK
- checking Rd metadata ... OK
- checking Rd line widths ... OK
- checking Rd cross-references ... OK
- checking for missing documentation entries ... OK
- checking for code/documentation mismatches ... OK
- checking Rd \usage sections ... OK
- checking Rd contents ... OK
- checking for unstated dependencies in examples ... OK
- checking line endings in shell scripts ... OK
- checking line endings in C/C++/Fortran sources/headers ... OK
- checking line endings in Makefiles ... OK
- checking compilation flags in Makevars ... OK
- checking for GNU extensions in Makefiles ... OK
- checking for portable use of $(BLAS_LIBS) and $(LAPACK_LIBS) ... OK
- checking use of PKG_*FLAGS in Makefiles ... OK
- checking use of SHLIB_OPENMP_*FLAGS in Makefiles ... OK
- checking include directives in Makefiles ... OK
- checking pragmas in C/C++ headers and code ... OK
- checking compilation flags used ... OK
- checking compiled code ... OK
- checking examples ... [8s/11s] OK
- checking PDF version of manual ... [14s/17s] OK
- checking HTML version of manual ... [6s/10s] OK
- checking for non-standard things in the check directory ... OK
- DONE
Status: 1 WARNING