- using R version 4.5.1 (2025-06-13)
- using platform: x86_64-pc-linux-gnu
- R was compiled by
gcc-14 (Debian 14.2.0-19) 14.2.0
GNU Fortran (Debian 14.2.0-19) 14.2.0
- running under: Debian GNU/Linux 13 (trixie)
- using session charset: UTF-8
- checking for file ‘RVAideMemoire/DESCRIPTION’ ... OK
- checking extension type ... Package
- this is package ‘RVAideMemoire’ version ‘0.9-83-11’
- package encoding: UTF-8
- checking package namespace information ... OK
- checking package dependencies ... INFO
Package which this enhances but not available for checking: ‘glmmADMB’
- checking if this is a source package ... OK
- checking if there is a namespace ... OK
- checking for executable files ... OK
- checking for hidden files and directories ... OK
- checking for portable file names ... OK
- checking for sufficient/correct file permissions ... OK
- checking serialization versions ... OK
- checking whether package ‘RVAideMemoire’ can be installed ... OK
See the install log for details.
- checking package directory ... OK
- checking for future file timestamps ... OK
- checking DESCRIPTION meta-information ... OK
- checking top-level files ... OK
- checking for left-over files ... OK
- checking index information ... OK
- checking package subdirectories ... OK
- checking code files for non-ASCII characters ... OK
- checking R files for syntax errors ... OK
- checking whether the package can be loaded ... [0s/0s] OK
- checking whether the package can be loaded with stated dependencies ... [0s/0s] OK
- checking whether the package can be unloaded cleanly ... [0s/0s] OK
- checking whether the namespace can be loaded with stated dependencies ... [0s/0s] OK
- checking whether the namespace can be unloaded cleanly ... [0s/0s] OK
- checking loading without being on the library search path ... [0s/0s] OK
- checking whether startup messages can be suppressed ... [0s/0s] OK
- checking use of S3 registration ... OK
- checking dependencies in R code ... OK
- checking S3 generic/method consistency ... OK
- checking replacement functions ... OK
- checking foreign function calls ... OK
- checking R code for possible problems ... [47s/62s] OK
- checking Rd files ... [1s/2s] OK
- checking Rd metadata ... OK
- checking Rd line widths ... OK
- checking Rd cross-references ... OK
- checking for missing documentation entries ... OK
- checking for code/documentation mismatches ... OK
- checking Rd \usage sections ... OK
- checking Rd contents ... OK
- checking for unstated dependencies in examples ... OK
- checking examples ... [14s/20s] ERROR
Running examples in ‘RVAideMemoire-Ex.R’ failed
The error most likely occurred in:
> base::assign(".ptime", proc.time(), pos = "CheckExEnv")
> ### Name: rating.emmeans
> ### Title: EMMeans for Cumulative Link (Mixed) Models
> ### Aliases: rating.emmeans
>
> ### ** Examples
>
> if (require("ordinal",quietly=TRUE) & require("emmeans",quietly=TRUE)) {
+ model <- clm(rating~contact*temp,data=wine)
+ EMM <- emmeans(model,~contact:temp|cut,mode="linear.predictor")
+
+ # Probabilities
+ rating.emmeans(EMM)
+
+ # Cumulative probabilities
+ rating.emmeans(EMM,type="cumprob")
+
+ # Most probable rating
+ rating.emmeans(EMM,type="class1")
+ }
Welcome to emmeans.
Caution: You lose important information if you filter this package's results.
See '? untidy'
Error in data.frame(fac = levs, cut = rep(levs.cut2, levs.cut.rep), cumprob = summ$cumprob) :
arguments imply differing number of rows: 16, 0
Calls: rating.emmeans -> data.frame
Execution halted
- checking PDF version of manual ... [11s/15s] OK
- checking HTML version of manual ... [6s/11s] OK
- checking for non-standard things in the check directory ... OK
- DONE
Status: 1 ERROR