- using R version 4.5.1 (2025-06-13)
- using platform: x86_64-pc-linux-gnu
- R was compiled by
gcc-14 (Debian 14.2.0-19) 14.2.0
GNU Fortran (Debian 14.2.0-19) 14.2.0
- running under: Debian GNU/Linux 13 (trixie)
- using session charset: UTF-8
- checking for file ‘RSP/DESCRIPTION’ ... OK
- checking extension type ... Package
- this is package ‘RSP’ version ‘0.4’
- package encoding: UTF-8
- checking package namespace information ... OK
- checking package dependencies ... OK
- checking if this is a source package ... OK
- checking if there is a namespace ... OK
- checking for executable files ... OK
- checking for hidden files and directories ... OK
- checking for portable file names ... OK
- checking for sufficient/correct file permissions ... OK
- checking serialization versions ... OK
- checking whether package ‘RSP’ can be installed ... WARNING
Found the following significant warnings:
Note: possible error in 'mvn(data = data, mvnTest = "hz")': unused argument (mvnTest = "hz")
Note: possible error in 'mvn(data = data, mvnTest = "mardia")': unused argument (mvnTest = "mardia")
See the install log for details.
Information on the location(s) of code generating the ‘Note’s can be
obtained by re-running with environment variable R_KEEP_PKG_SOURCE set
to ‘yes’.
- checking package directory ... OK
- checking for future file timestamps ... OK
- checking ‘build’ directory ... OK
- checking DESCRIPTION meta-information ... OK
- checking top-level files ... OK
- checking for left-over files ... OK
- checking index information ... OK
- checking package subdirectories ... OK
- checking code files for non-ASCII characters ... OK
- checking R files for syntax errors ... OK
- checking whether the package can be loaded ... [10s/13s] OK
- checking whether the package can be loaded with stated dependencies ... [9s/10s] OK
- checking whether the package can be unloaded cleanly ... [9s/10s] OK
- checking whether the namespace can be loaded with stated dependencies ... [9s/10s] OK
- checking whether the namespace can be unloaded cleanly ... [10s/11s] OK
- checking loading without being on the library search path ... [10s/11s] OK
- checking whether startup messages can be suppressed ... [10s/10s] OK
- checking use of S3 registration ... OK
- checking dependencies in R code ... OK
- checking S3 generic/method consistency ... OK
- checking replacement functions ... OK
- checking foreign function calls ... OK
- checking R code for possible problems ... [57s/72s] NOTE
CFA : server: possible error in mvn(data = data, mvnTest = "hz"):
unused argument (mvnTest = "hz")
CFA : server: possible error in mvn(data = data, mvnTest = "mardia"):
unused argument (mvnTest = "mardia")
- checking Rd files ... [0s/0s] OK
- checking Rd metadata ... OK
- checking Rd line widths ... OK
- checking Rd cross-references ... OK
- checking for missing documentation entries ... OK
- checking for code/documentation mismatches ... OK
- checking Rd \usage sections ... OK
- checking Rd contents ... OK
- checking for unstated dependencies in examples ... OK
- checking installed files from ‘inst/doc’ ... OK
- checking files in ‘vignettes’ ... OK
- checking examples ... [10s/11s] OK
- checking for unstated dependencies in ‘tests’ ... OK
- checking tests ... [10s/12s] OK
Running ‘testthat.R’ [10s/11s]
- checking for unstated dependencies in vignettes ... OK
- checking package vignettes ... OK
- checking re-building of vignette outputs ... [10s/13s] OK
- checking PDF version of manual ... [4s/5s] OK
- checking HTML version of manual ... [0s/0s] OK
- checking for non-standard things in the check directory ... OK
- DONE
Status: 1 WARNING, 1 NOTE