- using R version 4.5.2 (2025-10-31)
- using platform: x86_64-pc-linux-gnu
- R was compiled by
gcc-14 (Debian 14.3.0-10) 14.3.0
GNU Fortran (Debian 14.3.0-10) 14.3.0
- running under: Debian GNU/Linux forky/sid
- using session charset: UTF-8
- checking for file ‘PubChemR/DESCRIPTION’ ... OK
- checking extension type ... Package
- this is package ‘PubChemR’ version ‘2.1.7’
- package encoding: UTF-8
- checking package namespace information ... OK
- checking package dependencies ... OK
- checking if this is a source package ... OK
- checking if there is a namespace ... OK
- checking for executable files ... OK
- checking for hidden files and directories ... OK
- checking for portable file names ... OK
- checking for sufficient/correct file permissions ... OK
- checking serialization versions ... OK
- checking whether package ‘PubChemR’ can be installed ... OK
See the install log for details.
- checking package directory ... OK
- checking for future file timestamps ... OK
- checking DESCRIPTION meta-information ... OK
- checking top-level files ... OK
- checking for left-over files ... OK
- checking index information ... OK
- checking package subdirectories ... OK
- checking code files for non-ASCII characters ... OK
- checking R files for syntax errors ... OK
- checking whether the package can be loaded ... [1s/2s] OK
- checking whether the package can be loaded with stated dependencies ... [1s/1s] OK
- checking whether the package can be unloaded cleanly ... [1s/1s] OK
- checking whether the namespace can be loaded with stated dependencies ... [1s/1s] OK
- checking whether the namespace can be unloaded cleanly ... [1s/2s] OK
- checking loading without being on the library search path ... [2s/2s] OK
- checking use of S3 registration ... OK
- checking dependencies in R code ... OK
- checking S3 generic/method consistency ... OK
- checking replacement functions ... OK
- checking foreign function calls ... OK
- checking R code for possible problems ... [13s/16s] OK
- checking Rd files ... [1s/1s] OK
- checking Rd metadata ... OK
- checking Rd line widths ... OK
- checking Rd cross-references ... OK
- checking for missing documentation entries ... OK
- checking for code/documentation mismatches ... OK
- checking Rd \usage sections ... OK
- checking Rd contents ... OK
- checking for unstated dependencies in examples ... OK
- checking examples ... [2s/2s] OK
- checking for unstated dependencies in ‘tests’ ... OK
- checking tests ... [6s/57s] ERROR
Running ‘testthat.R’ [6s/56s]
Running the tests in ‘tests/testthat.R’ failed.
Complete output:
> # This file is part of the standard setup for testthat.
> # It is recommended that you do not modify it.
> #
> # Where should you do additional test configuration?
> # Learn more about the roles of various files in:
> # * https://r-pkgs.org/testing-design.html#sec-tests-files-overview
> # * https://testthat.r-lib.org/articles/special-files.html
>
> library(testthat)
> library(PubChemR)
>
> # Functions used globally in package tests (testthat) ----
> allSuccess <- function(object){
+ all(unlist(lapply(object$result, "[[", "success")))
+ }
>
> testRequest <- function(object, ...){
+ test_that(paste0("pulling via '", request_args(object, "namespace"), "' is succesfull"), {
+ expect_true(allSuccess(object))
+ })
+
+ test_that("prints output to the R Console", {
+ expect_output(print(object))
+ })
+ }
>
> # Set 'skipTests' FALSE to run test codes. This is set TRUE to skip
> # all tests on GitHub actions since some of PubChem requests were incomplete due to
> # timeout and/or API related issues. BUILD & CHECK actions on GitHub returns error
> # even if all tests were passed on local installations of R.
> skipTests <- FALSE
>
> if (!skipTests){
+ test_check("PubChemR")
+ }
The file has been saved to '/home/hornik/tmp/scratch/Rtmpyxuqqe/aspirin.json'
The file has been saved to '/home/hornik/tmp/scratch/Rtmpyxuqqe/aspirin.json'
The file has been saved to '/home/hornik/tmp/scratch/Rtmpyxuqqe/aspirin.json'
The file has been saved to '/home/hornik/tmp/scratch/Rtmpyxuqqe/aspirin.json'
The file has been saved to '/home/hornik/tmp/scratch/Rtmpyxuqqe/aspirin.sdf'
Error in value[[3L]](cond) :
Failed to retrieve sources for the specified domain: c(Code = "PUGREST.ServerBusy", Message = "Too many requests or server too busy")
Saving _problems/test-get_all_sources-9.R
Saving _problems/test-get_all_sources-10.R
Request failed [400]. Retrying in 1 seconds...
Request failed [400]. Retrying in 1 seconds...
PubChem Substance Details (comment)
Same as: <a href="http://pubchem.ncbi.nlm.nih.gov/summary/summary.cgi?sid=7847177">D00109</a>
Is a reactant of enzyme EC: 3.1.1.55
PubChem Substance Details (comment)
Same as: <a href="http://pubchem.ncbi.nlm.nih.gov/summary/summary.cgi?sid=7847177">D00109</a>
Is a reactant of enzyme EC: 3.1.1.55
[ FAIL 2 | WARN 0 | SKIP 0 | PASS 159 ]
══ Failed tests ════════════════════════════════════════════════════════════════
── Failure ('test-get_all_sources.R:9:3'): get all sources for 'substance' ─────
Expected `inherits(tmp, "try-error")` to be FALSE.
Differences:
`actual`: TRUE
`expected`: FALSE
── Failure ('test-get_all_sources.R:10:3'): get all sources for 'substance' ────
Expected `all(...)` to be TRUE.
Differences:
`actual`: FALSE
`expected`: TRUE
[ FAIL 2 | WARN 0 | SKIP 0 | PASS 159 ]
Error:
! Test failures.
Execution halted
- checking PDF version of manual ... [7s/10s] OK
- checking HTML version of manual ... [1s/2s] OK
- checking for non-standard things in the check directory ... OK
- DONE
Status: 1 ERROR