- using R version 4.5.2 (2025-10-31)
- using platform: x86_64-pc-linux-gnu
- R was compiled by
gcc-14 (Debian 14.3.0-10) 14.3.0
GNU Fortran (Debian 14.3.0-10) 14.3.0
- running under: Debian GNU/Linux forky/sid
- using session charset: UTF-8
- checking for file ‘DoLa/DESCRIPTION’ ... OK
- checking extension type ... Package
- this is package ‘DoLa’ version ‘0.1.0’
- package encoding: UTF-8
- checking package namespace information ... OK
- checking package dependencies ... OK
- checking if this is a source package ... OK
- checking if there is a namespace ... OK
- checking for executable files ... OK
- checking for hidden files and directories ... OK
- checking for portable file names ... OK
- checking for sufficient/correct file permissions ... OK
- checking serialization versions ... OK
- checking whether package ‘DoLa’ can be installed ... OK
See the install log for details.
- checking package directory ... OK
- checking for future file timestamps ... OK
- checking DESCRIPTION meta-information ... OK
- checking top-level files ... OK
- checking for left-over files ... OK
- checking index information ... OK
- checking package subdirectories ... OK
- checking code files for non-ASCII characters ... OK
- checking R files for syntax errors ... OK
- checking whether the package can be loaded ... [2s/2s] OK
- checking whether the package can be loaded with stated dependencies ... [1s/2s] OK
- checking whether the package can be unloaded cleanly ... [1s/1s] OK
- checking whether the namespace can be loaded with stated dependencies ... [1s/2s] OK
- checking whether the namespace can be unloaded cleanly ... [2s/2s] OK
- checking loading without being on the library search path ... [2s/2s] OK
- checking use of S3 registration ... OK
- checking dependencies in R code ... OK
- checking S3 generic/method consistency ... OK
- checking replacement functions ... OK
- checking foreign function calls ... OK
- checking R code for possible problems ... [13s/17s] OK
- checking Rd files ... [0s/0s] OK
- checking Rd metadata ... OK
- checking Rd line widths ... OK
- checking Rd cross-references ... OK
- checking for missing documentation entries ... OK
- checking for code/documentation mismatches ... OK
- checking Rd \usage sections ... OK
- checking Rd contents ... OK
- checking for unstated dependencies in examples ... OK
- checking examples ... [2s/2s] OK
- checking for unstated dependencies in ‘tests’ ... OK
- checking tests ... [23s/30s] ERROR
Running ‘testthat.R’ [23s/29s]
Running the tests in ‘tests/testthat.R’ failed.
Complete output:
> # This file is part of the standard setup for testthat.
> # It is recommended that you do not modify it.
> #
> # Where should you do additional test configuration?
> # Learn more about the roles of various files in:
> # * https://r-pkgs.org/testing-design.html#sec-tests-files-overview
> # * https://testthat.r-lib.org/articles/special-files.html
>
> library(testthat)
> library(DoLa)
>
> test_check("DoLa")
processing file: DoLa.Rmd
[ FAIL 2 | WARN 1 | SKIP 0 | PASS 0 ]
══ Failed tests ════════════════════════════════════════════════════════════════
── Error ('test-dola.R:2:3'): test 'dola example' ──────────────────────────────
Error in `unzip(id.dis[i])`: cannot open file './curriculo.xml': Read-only file system
Backtrace:
▆
1. ├─testthat::expect_snapshot_file(...) at test-dola.R:2:3
2. │ └─testthat:::check_string(path)
3. │ └─testthat:::.rlang_check_is_string(...)
4. │ └─rlang::is_string(x)
5. └─DoLa::dola(...)
6. └─rmarkdown::render(...)
7. └─knitr::knit(knit_input, knit_output, envir = envir, quiet = quiet)
8. └─knitr:::process_file(text, output)
9. ├─xfun:::handle_error(...)
10. ├─base::withCallingHandlers(...)
11. └─knitr:::process_group(group)
12. └─knitr:::call_block(x)
13. └─knitr:::block_exec(params)
14. └─knitr:::eng_r(options)
15. ├─knitr:::in_input_dir(...)
16. │ └─knitr:::in_dir(input_dir(), expr)
17. └─knitr (local) evaluate(...)
18. └─evaluate::evaluate(...)
19. ├─base::withRestarts(...)
20. │ └─base (local) withRestartList(expr, restarts)
21. │ ├─base (local) withOneRestart(withRestartList(expr, restarts[-nr]), restarts[[nr]])
22. │ │ └─base (local) doWithOneRestart(return(expr), restart)
23. │ └─base (local) withRestartList(expr, restarts[-nr])
24. │ └─base (local) withOneRestart(expr, restarts[[1L]])
25. │ └─base (local) doWithOneRestart(return(expr), restart)
26. ├─evaluate:::with_handlers(...)
27. │ ├─base::eval(call)
28. │ │ └─base::eval(call)
29. │ └─base::withCallingHandlers(...)
30. ├─base::withVisible(eval(expr, envir))
31. └─base::eval(expr, envir)
32. └─base::eval(expr, envir)
33. └─utils::unzip(id.dis[i])
── Error ('test-dola.R:2:3'): test 'dola example' ──────────────────────────────
Error in `file(con, "w")`: cannot open the connection
Backtrace:
▆
1. ├─testthat::expect_snapshot_file(...) at test-dola.R:2:3
2. │ └─testthat:::check_string(path)
3. │ └─testthat:::.rlang_check_is_string(...)
4. │ └─rlang::is_string(x)
5. └─DoLa::dola(...)
6. └─rmarkdown::render(...)
7. └─knitr::knit(knit_input, knit_output, envir = envir, quiet = quiet)
8. └─knitr:::process_file(text, output)
9. └─xfun:::handle_error(...)
10. └─knitr (local) handler(loc)
11. └─xfun::write_utf8(res, output %n% stdout())
12. └─base::writeLines(enc2utf8(text), con, ..., useBytes = TRUE)
13. └─base::file(con, "w")
[ FAIL 2 | WARN 1 | SKIP 0 | PASS 0 ]
Error:
! Test failures.
Execution halted
- checking PDF version of manual ... [5s/7s] OK
- checking HTML version of manual ... [0s/0s] OK
- checking for non-standard things in the check directory ... OK
- DONE
Status: 1 ERROR