- using R version 4.0.5 Patched (2021-03-31 r80146)
- using platform: i386-pc-solaris2.10 (32-bit)
- using session charset: UTF-8
- using option ‘--no-stop-on-test-error’
- checking for file ‘pct/DESCRIPTION’ ... OK
- checking extension type ... Package
- this is package ‘pct’ version ‘0.8.0’
- package encoding: UTF-8
- checking package namespace information ... OK
- checking package dependencies ... OK
- checking if this is a source package ... OK
- checking if there is a namespace ... OK
- checking for executable files ... OK
- checking for hidden files and directories ... OK
- checking for portable file names ... OK
- checking for sufficient/correct file permissions ... OK
- checking whether package ‘pct’ can be installed ... OK
- checking installed package size ... NOTE
installed size is 9.8Mb
sub-directories of 1Mb or more:
doc 8.4Mb
- checking package directory ... OK
- checking ‘build’ directory ... OK
- checking DESCRIPTION meta-information ... OK
- checking top-level files ... OK
- checking for left-over files ... OK
- checking index information ... OK
- checking package subdirectories ... OK
- checking R files for non-ASCII characters ... OK
- checking R files for syntax errors ... OK
- checking whether the package can be loaded ... OK
- checking whether the package can be loaded with stated dependencies ... OK
- checking whether the package can be unloaded cleanly ... OK
- checking whether the namespace can be loaded with stated dependencies ... OK
- checking whether the namespace can be unloaded cleanly ... OK
- checking loading without being on the library search path ... OK
- checking use of S3 registration ... OK
- checking dependencies in R code ... OK
- checking S3 generic/method consistency ... OK
- checking replacement functions ... OK
- checking foreign function calls ... OK
- checking R code for possible problems ... OK
- checking Rd files ... OK
- checking Rd metadata ... OK
- checking Rd cross-references ... OK
- checking for missing documentation entries ... OK
- checking for code/documentation mismatches ... OK
- checking Rd \usage sections ... OK
- checking Rd contents ... OK
- checking for unstated dependencies in examples ... OK
- checking contents of ‘data’ directory ... OK
- checking data for non-ASCII characters ... NOTE
Note: found 11 marked UTF-8 strings
- checking data for ASCII and uncompressed saves ... OK
- checking installed files from ‘inst/doc’ ... OK
- checking files in ‘vignettes’ ... OK
- checking examples ... [13s/47s] OK
- checking for unstated dependencies in ‘tests’ ... OK
- checking tests ... [7s/51s] OK
Running ‘skip-heavy.R’
Running ‘testthat.R’ [6s/48s]
- checking for unstated dependencies in vignettes ... OK
- checking package vignettes in ‘inst/doc’ ... OK
- checking re-building of vignette outputs ... [4m/12m] WARNING
Error(s) in re-building vignettes:
...
--- re-building ‘cycling-potential-uk.Rmd’ using rmarkdown
Warning in engine$weave(file, quiet = quiet, encoding = enc) :
Pandoc (>= 1.12.3) and/or pandoc-citeproc not available. Falling back to R Markdown v1.
--- finished re-building ‘cycling-potential-uk.Rmd’
--- re-building ‘km-cycled.Rmd’ using rmarkdown
Warning in engine$weave(file, quiet = quiet, encoding = enc) :
Pandoc (>= 1.12.3) and/or pandoc-citeproc not available. Falling back to R Markdown v1.
Linking to GEOS 3.6.4, GDAL 2.2.4, PROJ 5.2.0
although coordinates are longitude/latitude, st_intersects assumes that they are planar
Warning in st_centroid.sf(rnet) :
st_centroid assumes attributes are constant over geometries of x
Warning in st_centroid.sfc(st_geometry(x), of_largest_polygon = of_largest_polygon) :
st_centroid does not give correct centroids for longitude/latitude data
although coordinates are longitude/latitude, st_intersects assumes that they are planar
tmap mode set to plotting
Warning in st_centroid.sf(rnet) :
st_centroid assumes attributes are constant over geometries of x
Warning in st_centroid.sfc(st_geometry(x), of_largest_polygon = of_largest_polygon) :
st_centroid does not give correct centroids for longitude/latitude data
although coordinates are longitude/latitude, st_intersects assumes that they are planar
tmap mode set to plotting
Warning in st_centroid.sf(rnet) :
st_centroid assumes attributes are constant over geometries of x
Warning in st_centroid.sfc(st_geometry(x), of_largest_polygon = of_largest_polygon) :
st_centroid does not give correct centroids for longitude/latitude data
although coordinates are longitude/latitude, st_intersects assumes that they are planar
tmap mode set to plotting
Warning in st_centroid.sf(rnet) :
st_centroid assumes attributes are constant over geometries of x
Warning in st_centroid.sfc(st_geometry(x), of_largest_polygon = of_largest_polygon) :
st_centroid does not give correct centroids for longitude/latitude data
although coordinates are longitude/latitude, st_intersects assumes that they are planar
tmap mode set to plotting
Warning in st_centroid.sf(rnet) :
st_centroid assumes attributes are constant over geometries of x
Warning in st_centroid.sfc(st_geometry(x), of_largest_polygon = of_largest_polygon) :
st_centroid does not give correct centroids for longitude/latitude data
although coordinates are longitude/latitude, st_intersects assumes that they are planar
tmap mode set to plotting
Warning in st_centroid.sf(rnet) :
st_centroid assumes attributes are constant over geometries of x
Warning in st_centroid.sfc(st_geometry(x), of_largest_polygon = of_largest_polygon) :
st_centroid does not give correct centroids for longitude/latitude data
although coordinates are longitude/latitude, st_intersects assumes that they are planar
tmap mode set to plotting
--- finished re-building ‘km-cycled.Rmd’
--- re-building ‘pct-international.Rmd’ using rmarkdown
Warning in engine$weave(file, quiet = quiet, encoding = enc) :
Pandoc (>= 1.12.3) and/or pandoc-citeproc not available. Falling back to R Markdown v1.
Quitting from lines 109-116 (pct-international.Rmd)
Error: processing vignette 'pct-international.Rmd' failed with diagnostics:
there is no package called 'webshot'
--- failed re-building ‘pct-international.Rmd’
--- re-building ‘pct.Rmd’ using rmarkdown
Warning in engine$weave(file, quiet = quiet, encoding = enc) :
Pandoc (>= 1.12.3) and/or pandoc-citeproc not available. Falling back to R Markdown v1.
Linking to GEOS 3.6.4, GDAL 2.2.4, PROJ 5.2.0
Attaching package: 'dplyr'
The following objects are masked from 'package:stats':
filter, lag
The following objects are masked from 'package:base':
intersect, setdiff, setequal, union
Quitting from lines 169-175 (pct.Rmd)
Error: processing vignette 'pct.Rmd' failed with diagnostics:
there is no package called 'webshot'
--- failed re-building ‘pct.Rmd’
--- re-building ‘pct_training.Rmd’ using rmarkdown
Warning in engine$weave(file, quiet = quiet, encoding = enc) :
Pandoc (>= 1.12.3) and/or pandoc-citeproc not available. Falling back to R Markdown v1.
Quitting from lines 276-280 (pct_training.Rmd)
Error: processing vignette 'pct_training.Rmd' failed with diagnostics:
there is no package called 'webshot'
--- failed re-building ‘pct_training.Rmd’
--- re-building ‘uk-cities.Rmd’ using rmarkdown
Warning in engine$weave(file, quiet = quiet, encoding = enc) :
Pandoc (>= 1.12.3) and/or pandoc-citeproc not available. Falling back to R Markdown v1.
Attaching package: 'dplyr'
The following objects are masked from 'package:stats':
filter, lag
The following objects are masked from 'package:base':
intersect, setdiff, setequal, union
Linking to GEOS 3.6.4, GDAL 2.2.4, PROJ 5.2.0
--- finished re-building ‘uk-cities.Rmd’
SUMMARY: processing the following files failed:
‘pct-international.Rmd’ ‘pct.Rmd’ ‘pct_training.Rmd’
Error: Vignette re-building failed.
Execution halted
- checking PDF version of manual ... OK
- checking for non-standard things in the check directory ... OK
- checking for detritus in the temp directory ... OK
- DONE
Status: 1 WARNING, 2 NOTEs