• using R version 4.0.4 Patched (2021-03-05 r80078)
  • using platform: i386-pc-solaris2.10 (32-bit)
  • using session charset: UTF-8
  • using option ‘--no-stop-on-test-error’
  • checking for file ‘RxODE/DESCRIPTION’ ... OK
  • this is package ‘RxODE’ version ‘1.0.4’
  • package encoding: UTF-8
  • checking package namespace information ... OK
  • checking package dependencies ... OK
  • checking if this is a source package ... OK
  • checking if there is a namespace ... OK
  • checking for executable files ... OK
  • checking for hidden files and directories ... OK
  • checking for portable file names ... OK
  • checking for sufficient/correct file permissions ... OK
  • checking whether package ‘RxODE’ can be installed ... ERROR
    Installation failed.
    See ‘/home/ripley/R/packages/tests32/RxODE.Rcheck/00install.out’ for details.
  • DONE
    See https://www.r-project.org/nosvn/R.check/r-patched-solaris-x86/RxODE-00install.html for details.