- using R version 4.0.4 Patched (2021-03-05 r80078)
- using platform: i386-pc-solaris2.10 (32-bit)
- using session charset: UTF-8
- using option ‘--no-stop-on-test-error’
- checking for file ‘RGENERATEPREC/DESCRIPTION’ ... OK
- checking extension type ... Package
- this is package ‘RGENERATEPREC’ version ‘1.2.8’
- checking package namespace information ... OK
- checking package dependencies ... OK
- checking if this is a source package ... OK
- checking if there is a namespace ... OK
- checking for executable files ... OK
- checking for hidden files and directories ... OK
- checking for portable file names ... OK
- checking for sufficient/correct file permissions ... OK
- checking whether package ‘RGENERATEPREC’ can be installed ... OK
- checking installed package size ... OK
- checking package directory ... OK
- checking ‘build’ directory ... OK
- checking DESCRIPTION meta-information ... OK
- checking top-level files ... OK
- checking for left-over files ... OK
- checking index information ... OK
- checking package subdirectories ... OK
- checking R files for non-ASCII characters ... OK
- checking R files for syntax errors ... OK
- checking whether the package can be loaded ... OK
- checking whether the package can be loaded with stated dependencies ... OK
- checking whether the package can be unloaded cleanly ... OK
- checking whether the namespace can be loaded with stated dependencies ... OK
- checking whether the namespace can be unloaded cleanly ... OK
- checking loading without being on the library search path ... OK
- checking use of S3 registration ... OK
- checking dependencies in R code ... OK
- checking S3 generic/method consistency ... OK
- checking replacement functions ... OK
- checking foreign function calls ... OK
- checking R code for possible problems ... [24s/27s] OK
- checking Rd files ... OK
- checking Rd metadata ... OK
- checking Rd cross-references ... OK
- checking for missing documentation entries ... OK
- checking for code/documentation mismatches ... OK
- checking Rd \usage sections ... OK
- checking Rd contents ... OK
- checking for unstated dependencies in examples ... OK
- checking installed files from ‘inst/doc’ ... OK
- checking files in ‘vignettes’ ... OK
- checking examples ... [20s/21s] OK
- checking for unstated dependencies in vignettes ... OK
- checking package vignettes in ‘inst/doc’ ... OK
- checking re-building of vignette outputs ... [10s/14s] WARNING
Error(s) in re-building vignettes:
...
--- re-building ‘precipitation_stochastic_generation_v7.Rmd’ using rmarkdown
Warning in engine$weave(file, quiet = quiet, encoding = enc) :
Pandoc (>= 1.12.3) and/or pandoc-citeproc not available. Falling back to R Markdown v1.
Loading required package: copula
Loading required package: RGENERATE
Loading required package: RMAWGEN
Loading required package: chron
Loading required package: date
Loading required package: vars
Loading required package: MASS
Loading required package: strucchange
Loading required package: zoo
Attaching package: 'zoo'
The following objects are masked from 'package:base':
as.Date, as.Date.numeric
Loading required package: sandwich
Loading required package: urca
Loading required package: lmtest
Attaching package: 'vars'
The following object is masked from 'package:copula':
A
Loading required package: blockmatrix
Loading required package: Matrix
Loading required package: stringr
Attaching package: 'stringr'
The following object is masked from 'package:strucchange':
boundary
Attaching package: 'lubridate'
The following objects are masked from 'package:chron':
days, hours, minutes, seconds, years
The following object is masked from 'package:copula':
interval
The following objects are masked from 'package:base':
date, intersect, setdiff, union
Quitting from lines 50-63 (precipitation_stochastic_generation_v7.Rmd)
Error: processing vignette 'precipitation_stochastic_generation_v7.Rmd' failed with diagnostics:
there is no package called 'webshot'
--- failed re-building ‘precipitation_stochastic_generation_v7.Rmd’
SUMMARY: processing the following file failed:
‘precipitation_stochastic_generation_v7.Rmd’
Error: Vignette re-building failed.
Execution halted
- checking PDF version of manual ... OK
- checking for non-standard things in the check directory ... OK
- checking for detritus in the temp directory ... OK
- DONE
Status: 1 WARNING