- using R version 4.0.3 Patched (2021-01-08 r79812)
- using platform: i386-pc-solaris2.10 (32-bit)
- using session charset: UTF-8
- using option ‘--no-stop-on-test-error’
- checking for file ‘Bclim/DESCRIPTION’ ... OK
- checking extension type ... Package
- this is package ‘Bclim’ version ‘3.1.2’
- package encoding: UTF-8
- checking package namespace information ... OK
- checking package dependencies ... OK
- checking if this is a source package ... OK
- checking if there is a namespace ... OK
- checking for executable files ... OK
- checking for hidden files and directories ... OK
- checking for portable file names ... OK
- checking for sufficient/correct file permissions ... OK
- checking whether package ‘Bclim’ can be installed ... OK
- checking installed package size ... OK
- checking package directory ... OK
- checking ‘build’ directory ... OK
- checking DESCRIPTION meta-information ... OK
- checking top-level files ... OK
- checking for left-over files ... OK
- checking index information ... OK
- checking package subdirectories ... OK
- checking R files for non-ASCII characters ... OK
- checking R files for syntax errors ... OK
- checking whether the package can be loaded ... OK
- checking whether the package can be loaded with stated dependencies ... OK
- checking whether the package can be unloaded cleanly ... OK
- checking whether the namespace can be loaded with stated dependencies ... OK
- checking whether the namespace can be unloaded cleanly ... OK
- checking loading without being on the library search path ... OK
- checking use of S3 registration ... OK
- checking dependencies in R code ... NOTE
Namespace in Imports field not imported from: ‘ggplot2’
All declared Imports should be used.
- checking S3 generic/method consistency ... OK
- checking replacement functions ... OK
- checking foreign function calls ... OK
- checking R code for possible problems ... OK
- checking Rd files ... OK
- checking Rd metadata ... OK
- checking Rd cross-references ... OK
- checking for missing documentation entries ... OK
- checking for code/documentation mismatches ... OK
- checking Rd \usage sections ... OK
- checking Rd contents ... OK
- checking for unstated dependencies in examples ... OK
- checking line endings in C/C++/Fortran sources/headers ... OK
- checking compilation flags used ... OK
- checking compiled code ... OK
- checking installed files from ‘inst/doc’ ... OK
- checking files in ‘vignettes’ ... OK
- checking examples ... NONE
- checking for unstated dependencies in vignettes ... OK
- checking package vignettes in ‘inst/doc’ ... OK
- checking re-building of vignette outputs ... [32m/40m] WARNING
Error(s) in re-building vignettes:
...
--- re-building ‘Bclim.Rmd’ using rmarkdown
Warning in engine$weave(file, quiet = quiet, encoding = enc) :
The vignette engine knitr::rmarkdown is not available because the rmarkdown package is not available. Did you forget to add it to Suggests in DESCRIPTION? Please see https://github.com/yihui/knitr/issues/1864 for more information.
Warning in predictExtrapUp(alpha, lambda, beta, predictPositionsRescaled[depthIndRange], :
Unable to find suitable chronologies for top of core - truncated to date of extraction
Warning in predictExtrapUp(alpha, lambda, beta, predictPositionsRescaled[depthIndRange], :
Unable to find suitable chronologies for top of core - truncated to date of extraction
Warning in predictExtrapUp(alpha, lambda, beta, predictPositionsRescaled[depthIndRange], :
Unable to find suitable chronologies for top of core - truncated to date of extraction
Warning in predictExtrapUp(alpha, lambda, beta, predictPositionsRescaled[depthIndRange], :
Unable to find suitable chronologies for top of core - truncated to date of extraction
Warning in predictExtrapUp(alpha, lambda, beta, predictPositionsRescaled[depthIndRange], :
Unable to find suitable chronologies for top of core - truncated to date of extraction
Warning in predictExtrapUp(alpha, lambda, beta, predictPositionsRescaled[depthIndRange], :
Unable to find suitable chronologies for top of core - truncated to date of extraction
Warning in predictExtrapUp(alpha, lambda, beta, predictPositionsRescaled[depthIndRange], :
Unable to find suitable chronologies for top of core - truncated to date of extraction
Warning in predictExtrapUp(alpha, lambda, beta, predictPositionsRescaled[depthIndRange], :
Unable to find suitable chronologies for top of core - truncated to date of extraction
Warning in predictExtrapUp(alpha, lambda, beta, predictPositionsRescaled[depthIndRange], :
Unable to find suitable chronologies for top of core - truncated to date of extraction
Warning in predictExtrapUp(alpha, lambda, beta, predictPositionsRescaled[depthIndRange], :
Unable to find suitable chronologies for top of core - truncated to date of extraction
- checking PDF version of manual ... OK
- checking for non-standard things in the check directory ... OK
- checking for detritus in the temp directory ... OK
- DONE
Status: 1 WARNING, 1 NOTE