- using R version 4.0.0 alpha (2020-04-01 r78130)
- using platform: x86_64-apple-darwin17.0 (64-bit)
- using session charset: UTF-8
- checking for file ‘cr17/DESCRIPTION’ ... OK
- checking extension type ... Package
- this is package ‘cr17’ version ‘0.1.0’
- package encoding: UTF-8
- checking package namespace information ... OK
- checking package dependencies ... OK
- checking if this is a source package ... OK
- checking if there is a namespace ... OK
- checking for executable files ... OK
- checking for hidden files and directories ... OK
- checking for portable file names ... OK
- checking for sufficient/correct file permissions ... OK
- checking whether package ‘cr17’ can be installed ... [8s/10s] OK
- checking installed package size ... OK
- checking package directory ... OK
- checking ‘build’ directory ... OK
- checking DESCRIPTION meta-information ... OK
- checking top-level files ... OK
- checking for left-over files ... OK
- checking index information ... OK
- checking package subdirectories ... OK
- checking R files for non-ASCII characters ... OK
- checking R files for syntax errors ... OK
- checking whether the package can be loaded ... OK
- checking whether the package can be loaded with stated dependencies ... OK
- checking whether the package can be unloaded cleanly ... OK
- checking whether the namespace can be loaded with stated dependencies ... OK
- checking whether the namespace can be unloaded cleanly ... OK
- checking loading without being on the library search path ... OK
- checking dependencies in R code ... OK
- checking S3 generic/method consistency ... OK
- checking replacement functions ... OK
- checking foreign function calls ... OK
- checking R code for possible problems ... [6s/9s] OK
- checking Rd files ... OK
- checking Rd metadata ... OK
- checking Rd cross-references ... OK
- checking for missing documentation entries ... OK
- checking for code/documentation mismatches ... OK
- checking Rd \usage sections ... OK
- checking Rd contents ... OK
- checking for unstated dependencies in examples ... OK
- checking contents of ‘data’ directory ... OK
- checking data for non-ASCII characters ... OK
- checking data for ASCII and uncompressed saves ... OK
- checking installed files from ‘inst/doc’ ... OK
- checking files in ‘vignettes’ ... OK
- checking examples ... ERROR
Running examples in ‘cr17-Ex.R’ failed
The error most likely occurred in:
> ### Name: fitCuminc
> ### Title: Cumulative Incidences Curves
> ### Aliases: fitCuminc
>
> ### ** Examples
>
> fitCuminc(time = LUAD$time, risk = LUAD$event, group = LUAD$gender, cens = "alive")
19 cases omitted due to missing values
Warning in cuminc(ftime = time, fstatus = risk, group = group, cencode = cens) :
NAs introduced by coercion
Error in cuminc(ftime = time, fstatus = risk, group = group, cencode = cens) :
NAs in foreign function call (arg 3)
Calls: fitCuminc -> cuminc
Execution halted
- checking for unstated dependencies in vignettes ... OK
- checking package vignettes in ‘inst/doc’ ... OK
- checking running R code from vignettes ... [1s/1s] NONE
‘vignette.Rmd’ using ‘UTF-8’... [1s/1s] OK
- checking re-building of vignette outputs ... [4s/5s] WARNING
Error(s) in re-building vignettes:
...
--- re-building ‘vignette.Rmd’ using rmarkdown
Warning in cuminc(ftime = time, fstatus = risk, group = group, cencode = cens) :
NAs introduced by coercion
Quitting from lines 176-180 (vignette.Rmd)
Error: processing vignette 'vignette.Rmd' failed with diagnostics:
NAs in foreign function call (arg 3)
--- failed re-building ‘vignette.Rmd’
SUMMARY: processing the following file failed:
‘vignette.Rmd’
Error: Vignette re-building failed.
Execution halted
- checking PDF version of manual ... OK
- DONE
Status: 1 ERROR, 1 WARNING