• using R version 4.0.0 alpha (2020-04-01 r78130)
  • using platform: x86_64-apple-darwin17.0 (64-bit)
  • using session charset: UTF-8
  • checking for file ‘TLMoments/DESCRIPTION’ ... OK
  • checking extension type ... Package
  • this is package ‘TLMoments’ version ‘0.7.5’
  • package encoding: UTF-8
  • checking package namespace information ... OK
  • checking package dependencies ... OK
  • checking if this is a source package ... OK
  • checking if there is a namespace ... OK
  • checking for executable files ... OK
  • checking for hidden files and directories ... OK
  • checking for portable file names ... OK
  • checking for sufficient/correct file permissions ... OK
  • checking whether package ‘TLMoments’ can be installed ... [22s/31s] OK
  • checking installed package size ... OK
  • checking package directory ... OK
  • checking ‘build’ directory ... OK
  • checking DESCRIPTION meta-information ... OK
  • checking top-level files ... OK
  • checking for left-over files ... OK
  • checking index information ... OK
  • checking package subdirectories ... OK
  • checking R files for non-ASCII characters ... OK
  • checking R files for syntax errors ... OK
  • checking whether the package can be loaded ... OK
  • checking whether the package can be loaded with stated dependencies ... OK
  • checking whether the package can be unloaded cleanly ... OK
  • checking whether the namespace can be loaded with stated dependencies ... OK
  • checking whether the namespace can be unloaded cleanly ... OK
  • checking loading without being on the library search path ... OK
  • checking dependencies in R code ... OK
  • checking S3 generic/method consistency ... OK
  • checking replacement functions ... OK
  • checking foreign function calls ... OK
  • checking R code for possible problems ... [8s/11s] OK
  • checking Rd files ... OK
  • checking Rd metadata ... OK
  • checking Rd cross-references ... OK
  • checking for missing documentation entries ... OK
  • checking for code/documentation mismatches ... OK
  • checking Rd \usage sections ... OK
  • checking Rd contents ... OK
  • checking for unstated dependencies in examples ... OK
  • checking R/sysdata.rda ... OK
  • checking line endings in C/C++/Fortran sources/headers ... OK
  • checking compiled code ... OK
  • checking installed files from ‘inst/doc’ ... OK
  • checking files in ‘vignettes’ ... OK
  • checking examples ... [2s/3s] OK
  • checking for unstated dependencies in vignettes ... OK
  • checking package vignettes in ‘inst/doc’ ... OK
  • checking running R code from vignettes ... [1s/1s] NONE
      ‘comparison_of_computation_time.Rmd’ using ‘UTF-8’... [0s/1s] OK
      ‘short_introduction.Rmd’ using ‘UTF-8’... [0s/0s] OK
  • checking re-building of vignette outputs ... [34s/50s] WARNING
    Error(s) in re-building vignettes:
    --- re-building ‘comparison_of_computation_time.Rmd’ using rmarkdown
    Loading required package: Rcpp

    Attaching package: 'lmom'

    The following objects are masked from 'package:lmomco':

        cdfexp, cdfgam, cdfgev, cdfglo, cdfgno, cdfgpa, cdfgum, cdfkap,
        cdfln3, cdfnor, cdfpe3, cdfwak, cdfwei, quaexp, quagam, quagev,
        quaglo, quagno, quagpa, quagum, quakap, qualn3, quanor, quape3,
        quawak, quawei

    dyld: lazy symbol binding failed: Symbol not found: ____chkstk_darwin
      Referenced from: /usr/local/bin/pandoc (which was built for Mac OS X 10.15)
      Expected in: /usr/lib/libSystem.B.dylib

    dyld: Symbol not found: ____chkstk_darwin
      Referenced from: /usr/local/bin/pandoc (which was built for Mac OS X 10.15)
      Expected in: /usr/lib/libSystem.B.dylib

    Error: processing vignette 'comparison_of_computation_time.Rmd' failed with diagnostics:
    pandoc document conversion failed with error 6
    --- failed re-building ‘comparison_of_computation_time.Rmd’

    --- re-building ‘short_introduction.Rmd’ using rmarkdown
    dyld: lazy symbol binding failed: Symbol not found: ____chkstk_darwin
      Referenced from: /usr/local/bin/pandoc (which was built for Mac OS X 10.15)
      Expected in: /usr/lib/libSystem.B.dylib

    dyld: Symbol not found: ____chkstk_darwin
      Referenced from: /usr/local/bin/pandoc (which was built for Mac OS X 10.15)
      Expected in: /usr/lib/libSystem.B.dylib

    Error: processing vignette 'short_introduction.Rmd' failed with diagnostics:
    pandoc document conversion failed with error 6
    --- failed re-building ‘short_introduction.Rmd’

    SUMMARY: processing the following files failed:
      ‘comparison_of_computation_time.Rmd’ ‘short_introduction.Rmd’

    Error: Vignette re-building failed.
    Execution halted
  • checking PDF version of manual ... OK
  • DONE
    Status: 1 WARNING