- using R version 4.0.0 alpha (2020-04-01 r78130)
- using platform: x86_64-apple-darwin17.0 (64-bit)
- using session charset: UTF-8
- checking for file ‘BMTME/DESCRIPTION’ ... OK
- checking extension type ... Package
- this is package ‘BMTME’ version ‘1.0.12’
- package encoding: UTF-8
- checking package namespace information ... OK
- checking package dependencies ... OK
- checking if this is a source package ... OK
- checking if there is a namespace ... OK
- checking for executable files ... OK
- checking for hidden files and directories ... OK
- checking for portable file names ... OK
- checking for sufficient/correct file permissions ... OK
- checking whether package ‘BMTME’ can be installed ... [19s/25s] OK
- checking installed package size ... OK
- checking package directory ... OK
- checking DESCRIPTION meta-information ... OK
- checking top-level files ... OK
- checking for left-over files ... OK
- checking index information ... OK
- checking package subdirectories ... OK
- checking R files for non-ASCII characters ... OK
- checking R files for syntax errors ... OK
- checking whether the package can be loaded ... OK
- checking whether the package can be loaded with stated dependencies ... OK
- checking whether the package can be unloaded cleanly ... OK
- checking whether the namespace can be loaded with stated dependencies ... OK
- checking whether the namespace can be unloaded cleanly ... OK
- checking loading without being on the library search path ... OK
- checking dependencies in R code ... OK
- checking S3 generic/method consistency ... OK
- checking replacement functions ... OK
- checking foreign function calls ... OK
- checking R code for possible problems ... [5s/7s] OK
- checking Rd files ... OK
- checking Rd metadata ... OK
- checking Rd cross-references ... OK
- checking for missing documentation entries ... OK
- checking for code/documentation mismatches ... OK
- checking Rd \usage sections ... OK
- checking Rd contents ... OK
- checking for unstated dependencies in examples ... OK
- checking contents of ‘data’ directory ... OK
- checking data for non-ASCII characters ... OK
- checking data for ASCII and uncompressed saves ... OK
- checking line endings in C/C++/Fortran sources/headers ... OK
- checking line endings in Makefiles ... OK
- checking compilation flags in Makevars ... OK
- checking for GNU extensions in Makefiles ... OK
- checking for portable use of $(BLAS_LIBS) and $(LAPACK_LIBS) ... OK
- checking use of PKG_*FLAGS in Makefiles ... OK
- checking compiled code ... OK
- checking examples ... [1s/1s] OK
- checking for unstated dependencies in ‘tests’ ... OK
- checking tests ... [14s/19s] ERROR
Running ‘testthat.R’ [14s/19s]
Running the tests in ‘tests/testthat.R’ failed.
Last 13 lines of output:
>
> test_check("BMTME")
── 1. Failure: RandomPartition (@test.R#52) ───────────────────────────────────
RP_Test$Environments inherits from `character` not `factor`.
── 2. Failure: RandomPartition (@test.R#72) ───────────────────────────────────
RP_Test2$Traits inherits from `character` not `factor`.
══ testthat results ═══════════════════════════════════════════════════════════
[ OK: 143 | SKIPPED: 0 | WARNINGS: 0 | FAILED: 2 ]
1. Failure: RandomPartition (@test.R#52)
2. Failure: RandomPartition (@test.R#72)
Error: testthat unit tests failed
Execution halted
- checking PDF version of manual ... OK
- DONE
Status: 1 ERROR