- using R version 4.5.1 Patched (2025-09-24 r88883)
- using platform: x86_64-pc-linux-gnu
- R was compiled by
gcc-14 (Debian 14.3.0-8) 14.3.0
GNU Fortran (Debian 14.3.0-8) 14.3.0
- running under: Debian GNU/Linux forky/sid
- using session charset: UTF-8
- checking for file ‘stats19/DESCRIPTION’ ... OK
- this is package ‘stats19’ version ‘3.3.1’
- package encoding: UTF-8
- checking package namespace information ... OK
- checking package dependencies ... OK
- checking if this is a source package ... OK
- checking if there is a namespace ... OK
- checking for executable files ... OK
- checking for hidden files and directories ... OK
- checking for portable file names ... OK
- checking for sufficient/correct file permissions ... OK
- checking whether package ‘stats19’ can be installed ... OK
See the install log for details.
- checking package directory ... OK
- checking for future file timestamps ... OK
- checking ‘build’ directory ... OK
- checking DESCRIPTION meta-information ... OK
- checking top-level files ... OK
- checking for left-over files ... OK
- checking index information ... OK
- checking package subdirectories ... OK
- checking code files for non-ASCII characters ... OK
- checking R files for syntax errors ... OK
- checking whether the package can be loaded ... [0s/1s] OK
- checking whether the package can be loaded with stated dependencies ... [0s/0s] OK
- checking whether the package can be unloaded cleanly ... [0s/0s] OK
- checking whether the namespace can be loaded with stated dependencies ... [0s/0s] OK
- checking whether the namespace can be unloaded cleanly ... [0s/0s] OK
- checking loading without being on the library search path ... [0s/0s] OK
- checking whether startup messages can be suppressed ... [0s/0s] OK
- checking use of S3 registration ... OK
- checking dependencies in R code ... OK
- checking S3 generic/method consistency ... OK
- checking replacement functions ... OK
- checking foreign function calls ... OK
- checking R code for possible problems ... [5s/6s] OK
- checking Rd files ... [0s/1s] OK
- checking Rd metadata ... OK
- checking Rd line widths ... OK
- checking Rd cross-references ... OK
- checking for missing documentation entries ... OK
- checking for code/documentation mismatches ... OK
- checking Rd \usage sections ... OK
- checking Rd contents ... OK
- checking for unstated dependencies in examples ... OK
- checking contents of ‘data’ directory ... OK
- checking data for non-ASCII characters ... [0s/0s] OK
- checking LazyData ... OK
- checking data for ASCII and uncompressed saves ... OK
- checking installed files from ‘inst/doc’ ... OK
- checking files in ‘vignettes’ ... OK
- checking examples ... [3s/4s] OK
- checking for unstated dependencies in vignettes ... OK
- checking package vignettes ... OK
- checking re-building of vignette outputs ... [54s/74s] ERROR
Error(s) in re-building vignettes:
...
--- re-building ‘blog.Rmd’ using rmarkdown
[WARNING] Deprecated: --highlight-style. Use --syntax-highlighting instead.
[WARNING] Citeproc: citation sarkar_street_2018 not found
--- finished re-building ‘blog.Rmd’
--- re-building ‘stats19-training-setup.Rmd’ using rmarkdown
[WARNING] Deprecated: --highlight-style. Use --syntax-highlighting instead.
--- finished re-building ‘stats19-training-setup.Rmd’
--- re-building ‘stats19-training.Rmd’ using rmarkdown
[WARNING] Deprecated: --highlight-style. Use --syntax-highlighting instead.
[WARNING] Could not fetch resource https://raw.githubusercontent.com/ITSLeeds/TDS/master/courses/2day/images/rstudio-ui.png: HttpExceptionRequest Request {
host = "raw.githubusercontent.com"
port = 443
secure = True
requestHeaders = []
path = "/ITSLeeds/TDS/master/courses/2day/images/rstudio-ui.png"
queryString = ""
method = "GET"
proxy = Nothing
rawBody = False
redirectCount = 10
responseTimeout = ResponseTimeoutDefault
requestVersion = HTTP/1.1
proxySecureMode = ProxySecureWithConnect
}
(StatusCodeException (Response {responseStatus = Status {statusCode = 404, statusMessage = "Not Found"}, responseVersion = HTTP/1.1, responseHeaders = [("Connection","keep-alive"),("Content-Length","14"),("Content-Security-Policy","default-src 'none'; style-src 'unsafe-inline'; sandbox"),("Strict-Transport-Security","max-age=31536000"),("X-Content-Type-Options","nosniff"),("X-Frame-Options","deny"),("X-XSS-Protection","1; mode=block"),("Content-Type","text/plain; charset=utf-8"),("X-GitHub-Request-Id","9F4C:120331:AD1EC4:C9196F:68DD7088"),("Accept-Ranges","bytes"),("Date","Wed, 01 Oct 2025 18:18:50 GMT"),("Via","1.1 varnish"),("X-Served-By","cache-vie6377-VIE"),("X-Cache","MISS"),("X-Cache-Hits","0"),("X-Timer","S1759342730.414517,VS0,VE150"),("Vary","Authorization,Accept-Encoding"),("Access-Control-Allow-Origin","*"),("Cross-Origin-Resource-Policy","cross-origin"),("X-Fastly-Request-ID","b3f25b5e0d8bb1e844dac74d8706927247431fcd"),("Expires","Wed, 01 Oct 2025 18:23:50 GMT"),("Source-Age","0")], responseBody = (), responseCookieJar = CJ {expose = []}, responseClose' = ResponseClose, responseOriginalRequest = Request {
host = "raw.githubusercontent.com"
port = 443
secure = True
requestHeaders = []
path = "/ITSLeeds/TDS/master/courses/2day/images/rstudio-ui.png"
queryString = ""
method = "GET"
proxy = Nothing
rawBody = False
redirectCount = 10
responseTimeout = ResponseTimeoutDefault
requestVersion = HTTP/1.1
proxySecureMode = ProxySecureWithConnect
}
, responseEarlyHints = []}) "404: Not Found")
[WARNING] Could not fetch resource https://raw.githubusercontent.com/ITSLeeds/TDS/master/courses/2day/images/autocomplete.jpg: HttpExceptionRequest Request {
host = "raw.githubusercontent.com"
port = 443
secure = True
requestHeaders = []
path = "/ITSLeeds/TDS/master/courses/2day/images/autocomplete.jpg"
queryString = ""
method = "GET"
proxy = Nothing
rawBody = False
redirectCount = 10
responseTimeout = ResponseTimeoutDefault
requestVersion = HTTP/1.1
proxySecureMode = ProxySecureWithConnect
}
(StatusCodeException (Response {responseStatus = Status {statusCode = 404, statusMessage = "Not Found"}, responseVersion = HTTP/1.1, responseHeaders = [("Connection","keep-alive"),("Content-Length","14"),("Content-Security-Policy","default-src 'none'; style-src 'unsafe-inline'; sandbox"),("Strict-Transport-Security","max-age=31536000"),("X-Content-Type-Options","nosniff"),("X-Frame-Options","deny"),("X-XSS-Protection","1; mode=block"),("Content-Type","text/plain; charset=utf-8"),("X-GitHub-Request-Id","AB82:38B63D:AEE930:CADB00:68DD7087"),("Accept-Ranges","bytes"),("Date","Wed, 01 Oct 2025 18:18:50 GMT"),("Via","1.1 varnish"),("X-Served-By","cache-vie6377-VIE"),("X-Cache","MISS"),("X-Cache-Hits","0"),("X-Timer","S1759342731.593544,VS0,VE159"),("Vary","Authorization,Accept-Encoding"),("Access-Control-Allow-Origin","*"),("Cross-Origin-Resource-Policy","cross-origin"),("X-Fastly-Request-ID","2acfa62a62c97cb8e56ee779be2186e2ed941ba4"),("Expires","Wed, 01 Oct 2025 18:23:50 GMT"),("Source-Age","0")], responseBody = (), responseCookieJar = CJ {expose = []}, responseClose' = ResponseClose, responseOriginalRequest = Request {
host = "raw.githubusercontent.com"
port = 443
secure = True
requestHeaders = []
path = "/ITSLeeds/TDS/master/courses/2day/images/autocomplete.jpg"
queryString = ""
method = "GET"
proxy = Nothing
rawBody = False
redirectCount = 10
responseTimeout = ResponseTimeoutDefault
requestVersion = HTTP/1.1
proxySecureMode = ProxySecureWithConnect
}
, responseEarlyHints = []}) "404: Not Found")
[WARNING] Could not fetch resource https://raw.githubusercontent.com/ITSLeeds/TDS/master/courses/2day/images/fucntionhelp.jpg: HttpExceptionRequest Request {
host = "raw.githubusercontent.com"
port = 443
secure = True
requestHeaders = []
path = "/ITSLeeds/TDS/master/courses/2day/images/fucntionhelp.jpg"
queryString = ""
method = "GET"
proxy = Nothing
rawBody = False
redirectCount = 10
responseTimeout = ResponseTimeoutDefault
requestVersion = HTTP/1.1
proxySecureMode = ProxySecureWithConnect
}
(StatusCodeException (Response {responseStatus = Status {statusCode = 404, statusMessage = "Not Found"}, responseVersion = HTTP/1.1, responseHeaders = [("Connection","keep-alive"),("Content-Length","14"),("Content-Security-Policy","default-src 'none'; style-src 'unsafe-inline'; sandbox"),("Strict-Transport-Security","max-age=31536000"),("X-Content-Type-Options","nosniff"),("X-Frame-Options","deny"),("X-XSS-Protection","1; mode=block"),("Content-Type","text/plain; charset=utf-8"),("X-GitHub-Request-Id","B2F6:977FF:AF1E80:CB1995:68DD7089"),("Accept-Ranges","bytes"),("Date","Wed, 01 Oct 2025 18:18:51 GMT"),("Via","1.1 varnish"),("X-Served-By","cache-vie6377-VIE"),("X-Cache","MISS"),("X-Cache-Hits","0"),("X-Timer","S1759342731.826766,VS0,VE208"),("Vary","Authorization,Accept-Encoding"),("Access-Control-Allow-Origin","*"),("Cross-Origin-Resource-Policy","cross-origin"),("X-Fastly-Request-ID","c470c9d75fb2517b6b6e18d577c833ed72953728"),("Expires","Wed, 01 Oct 2025 18:23:51 GMT"),("Source-Age","0")], responseBody = (), responseCookieJar = CJ {expose = []}, responseClose' = ResponseClose, responseOriginalRequest = Request {
host = "raw.githubusercontent.com"
port = 443
secure = True
requestHeaders = []
path = "/ITSLeeds/TDS/master/courses/2day/images/fucntionhelp.jpg"
queryString = ""
method = "GET"
proxy = Nothing
rawBody = False
redirectCount = 10
responseTimeout = ResponseTimeoutDefault
requestVersion = HTTP/1.1
proxySecureMode = ProxySecureWithConnect
}
, responseEarlyHints = []}) "404: Not Found")
--- finished re-building ‘stats19-training.Rmd’
--- re-building ‘stats19-vehicles.Rmd’ using rmarkdown
[WARNING] Deprecated: --highlight-style. Use --syntax-highlighting instead.
--- finished re-building ‘stats19-vehicles.Rmd’
--- re-building ‘stats19.Rmd’ using rmarkdown
Quitting from stats19.Rmd:366-374 [nfatalities]
~~~~~~~~~~~~~~~~~~~~~~~~~~~~~~~~~~~~~~~~~~~~~~~~~~~~~~~~~~~~~~~~~~~~~~~~~~~~~~~~
NULL
~~~~~~~~~~~~~~~~~~~~~~~~~~~~~~~~~~~~~~~~~~~~~~~~~~~~~~~~~~~~~~~~~~~~~~~~~~~~~~~~
Error: processing vignette 'stats19.Rmd' failed with diagnostics:
ℹ In argument: `accident_severity == "Fatal"`.
Caused by error:
! object 'accident_severity' not found
--- failed re-building ‘stats19.Rmd’
SUMMARY: processing the following file failed:
‘stats19.Rmd’
Error: Vignette re-building failed.
Execution halted
- checking PDF version of manual ... [6s/9s] OK
- checking HTML version of manual ... [1s/2s] OK
- checking for non-standard things in the check directory ... OK
- DONE
Status: 1 ERROR