- using R version 4.4.0 RC (2024-04-16 r86473)
- using platform: x86_64-pc-linux-gnu
- R was compiled by
gcc-13 (Debian 13.2.0-13) 13.2.0
GNU Fortran (Debian 13.2.0-13) 13.2.0
- running under: Debian GNU/Linux trixie/sid
- using session charset: UTF-8
- checking for file ‘rsconnect/DESCRIPTION’ ... OK
- checking extension type ... Package
- this is package ‘rsconnect’ version ‘1.2.2’
- package encoding: UTF-8
- checking package namespace information ... OK
- checking package dependencies ... OK
- checking if this is a source package ... OK
- checking if there is a namespace ... OK
- checking for executable files ... OK
- checking for hidden files and directories ... OK
- checking for portable file names ... OK
- checking for sufficient/correct file permissions ... OK
- checking whether package ‘rsconnect’ can be installed ... OK
See the install log for details.
- checking package directory ... OK
- checking for future file timestamps ... OK
- checking ‘build’ directory ... OK
- checking DESCRIPTION meta-information ... OK
- checking top-level files ... OK
- checking for left-over files ... OK
- checking index information ... OK
- checking package subdirectories ... OK
- checking code files for non-ASCII characters ... OK
- checking R files for syntax errors ... OK
- checking whether the package can be loaded ... [1s/1s] OK
- checking whether the package can be loaded with stated dependencies ... [0s/1s] OK
- checking whether the package can be unloaded cleanly ... [0s/1s] OK
- checking whether the namespace can be loaded with stated dependencies ... [0s/1s] OK
- checking whether the namespace can be unloaded cleanly ... [1s/1s] OK
- checking loading without being on the library search path ... [1s/1s] OK
- checking use of S3 registration ... OK
- checking dependencies in R code ... OK
- checking S3 generic/method consistency ... OK
- checking replacement functions ... OK
- checking foreign function calls ... OK
- checking R code for possible problems ... [26s/31s] OK
- checking Rd files ... [1s/1s] OK
- checking Rd metadata ... OK
- checking Rd line widths ... OK
- checking Rd cross-references ... OK
- checking for missing documentation entries ... OK
- checking for code/documentation mismatches ... OK
- checking Rd \usage sections ... OK
- checking Rd contents ... OK
- checking for unstated dependencies in examples ... OK
- checking installed files from ‘inst/doc’ ... OK
- checking files in ‘vignettes’ ... OK
- checking examples ... [1s/1s] OK
- checking for unstated dependencies in ‘tests’ ... OK
- checking tests ... [101s/74s] ERROR
Running ‘testthat.R’ [101s/73s]
Running the tests in ‘tests/testthat.R’ failed.
Complete output:
> library(testthat)
> library(rsconnect)
>
> test_check("rsconnect")
Starting 2 test processes
[ FAIL 5 | WARN 0 | SKIP 135 | PASS 640 ]
══ Skipped tests (135) ═════════════════════════════════════════════════════════
• On CRAN (133): 'test-accounts.R:26:3', 'test-accounts.R:34:3',
'test-appDependencies.R:2:3', 'test-appDependencies.R:13:3',
'test-appDependencies.R:60:3', 'test-appDependencies.R:75:3',
'test-account-find.R:2:3', 'test-account-find.R:10:3',
'test-account-find.R:18:3', 'test-account-find.R:33:3',
'test-account-find.R:49:3', 'test-appMetadata.R:16:3',
'test-appMetadata.R:21:3', 'test-appMetadata.R:68:3',
'test-appMetadata.R:250:3', 'test-applications.R:34:3', 'test-bundle.R:2:3',
'test-bundle.R:13:3', 'test-bundle.R:28:3', 'test-bundle.R:40:3',
'test-bundle.R:53:3', 'test-bundle.R:66:3', 'test-bundle.R:79:3',
'test-bundle.R:98:3', 'test-bundle.R:117:3', 'test-bundle.R:134:3',
'test-bundle.R:203:3', 'test-bundleFiles.R:10:3', 'test-bundleFiles.R:16:3',
'test-bundleFiles.R:37:3', 'test-bundleFiles.R:54:3',
'test-bundleFiles.R:225:3', 'test-bundleFiles.R:283:3',
'test-bundleFiles.R:304:3', 'test-bundlePackage.R:20:3',
'test-bundlePackage.R:35:3', 'test-bundlePackage.R:99:3',
'test-appMetadata-quarto.R:48:3', 'test-appMetadata-quarto.R:126:3',
'test-appMetadata-quarto.R:153:3', 'test-bundlePackagePackrat.R:22:3',
'test-bundlePackagePackrat.R:40:3', 'test-bundlePython.R:2:3',
'test-bundlePython.R:25:3', 'test-bundlePython.R:40:3',
'test-bundlePython.R:49:3', 'test-bundlePython.R:60:3',
'test-client-cloud.R:802:3', 'test-client-connect.R:20:3',
'test-cookies.R:68:3', 'test-deployApp.R:2:3', 'test-deployApp.R:9:3',
'test-deployApp.R:16:3', 'test-deployApp.R:30:3', 'test-deployApp.R:63:3',
'test-deployApp.R:80:3', 'test-deployApp.R:96:3', 'test-deployDoc.R:2:3',
'test-deployDoc.R:9:3', 'test-deployDoc.R:18:3', 'test-deployDoc.R:29:3',
'test-deployDoc.R:44:3', 'test-deployDoc.R:55:3', 'test-deployDoc.R:66:3',
'test-deployDoc.R:77:3', 'test-deployDoc.R:88:3', 'test-deployDoc.R:99:3',
'test-deployDoc.R:110:3', 'test-bundlePackageRenv.R:4:3',
'test-bundlePackageRenv.R:11:3', 'test-bundlePackageRenv.R:20:3',
'test-bundlePackageRenv.R:32:3', 'test-bundlePackageRenv.R:40:3',
'test-bundlePackageRenv.R:72:3', 'test-deploymentTarget.R:4:3',
'test-deploymentTarget.R:12:3', 'test-deploymentTarget.R:28:3',
'test-deploymentTarget.R:148:3', 'test-deploymentTarget.R:175:3',
'test-deploymentTarget.R:318:3', 'test-deploymentTarget.R:460:3',
'test-deploymentTarget.R:471:3', 'test-deployments-find.R:6:3',
'test-deployments-find.R:45:3', 'test-deployments.R:191:3',
'test-http-libcurl.R:23:3', 'test-http-libcurl.R:29:3', 'test-http.R:3:3',
'test-http.R:56:3', 'test-http.R:90:3', 'test-http.R:129:3',
'test-http.R:158:3', 'test-http.R:167:3', 'test-ide.R:2:3',
'test-ide.R:11:3', 'test-ide.R:18:3', 'test-ide.R:27:3', 'test-ide.R:36:3',
'test-ide.R:47:3', 'test-lint.R:2:3', 'test-linters.R:7:3',
'test-secret.R:6:3', 'test-servers-deprec.R:2:3',
'test-writeManifest.R:11:3', 'test-writeManifest.R:25:3',
'test-writeManifest.R:36:3', 'test-writeManifest.R:52:3',
'test-writeManifest.R:68:3', 'test-writeManifest.R:77:3',
'test-writeManifest.R:95:3', 'test-writeManifest.R:107:3',
'test-writeManifest.R:120:3', 'test-writeManifest.R:133:3',
'test-writeManifest.R:146:3', 'test-writeManifest.R:157:3',
'test-writeManifest.R:169:3', 'test-writeManifest.R:186:3',
'test-writeManifest.R:205:3', 'test-writeManifest.R:213:3',
'test-writeManifest.R:224:3', 'test-writeManifest.R:232:3',
'test-writeManifest.R:246:3', 'test-writeManifest.R:273:3',
'test-servers.R:19:3', 'test-servers.R:23:3', 'test-servers.R:32:3',
'test-servers.R:53:3', 'test-servers.R:66:3', 'test-servers.R:73:3',
'test-servers.R:118:3', 'test-servers.R:178:3', 'test-servers.R:192:3',
'test-servers.R:202:3'
• On Linux (2): 'test-locale.R:2:3', 'test-locale.R:9:3'
══ Failed tests ════════════════════════════════════════════════════════════════
── Error ('test-bundlePackage.R:4:3'): can snapshot deps with renv ─────────────
Error in `renv_snapshot_validate_report(valid, prompt, force)`: aborting snapshot due to pre-flight validation failure
Backtrace:
▆
1. └─testthat::expect_snapshot(pkgs <- bundlePackages(app_dir)) at test-bundlePackage.R:4:3
2. └─rlang::cnd_signal(state$error)
── Error ('test-bundlePackage.R:49:3'): can capture deps from renv lockfile ────
Error in `renv_snapshot_validate_report(valid, prompt, force)`: aborting snapshot due to pre-flight validation failure
Backtrace:
▆
1. └─renv::snapshot(app_dir, prompt = FALSE) at test-bundlePackage.R:49:3
2. └─renv:::renv_snapshot_validate_report(valid, prompt, force)
── Error ('test-bundlePackage.R:67:3'): can capture deps with packrat even when renv lockfile present ──
Error in `renv_snapshot_validate_report(valid, prompt, force)`: aborting snapshot due to pre-flight validation failure
Backtrace:
▆
1. └─renv::snapshot(app_dir, prompt = FALSE) at test-bundlePackage.R:67:3
2. └─renv:::renv_snapshot_validate_report(valid, prompt, force)
── Error ('test-bundlePackageRenv.R:91:3'): gets DESCRIPTION from renv & system libraries ──
Error in `renv_snapshot_validate_report(valid, prompt, force)`: aborting snapshot due to pre-flight validation failure
Backtrace:
▆
1. └─renv::snapshot(app_dir, prompt = FALSE) at test-bundlePackageRenv.R:91:3
2. └─renv:::renv_snapshot_validate_report(valid, prompt, force)
── Error ('test-bundlePackageRenv.R:106:3'): errors if library and project are inconsistent ──
Error in `renv_snapshot_validate_report(valid, prompt, force)`: aborting snapshot due to pre-flight validation failure
Backtrace:
▆
1. └─renv::snapshot(app_dir, prompt = FALSE) at test-bundlePackageRenv.R:106:3
2. └─renv:::renv_snapshot_validate_report(valid, prompt, force)
[ FAIL 5 | WARN 0 | SKIP 135 | PASS 640 ]
Error: Test failures
Execution halted
- checking for unstated dependencies in vignettes ... OK
- checking package vignettes ... OK
- checking re-building of vignette outputs ... [2s/3s] OK
- checking PDF version of manual ... [10s/12s] OK
- checking HTML version of manual ... [3s/4s] OK
- checking for non-standard things in the check directory ... OK
- DONE
Status: 1 ERROR