- using R version 4.4.0 RC (2024-04-16 r86435)
- using platform: x86_64-pc-linux-gnu
- R was compiled by
gcc-13 (Debian 13.2.0-13) 13.2.0
GNU Fortran (Debian 13.2.0-13) 13.2.0
- running under: Debian GNU/Linux trixie/sid
- using session charset: UTF-8
- checking for file ‘rdss/DESCRIPTION’ ... OK
- this is package ‘rdss’ version ‘1.0.10’
- package encoding: UTF-8
- checking package namespace information ... OK
- checking package dependencies ... OK
- checking if this is a source package ... OK
- checking if there is a namespace ... OK
- checking for executable files ... OK
- checking for hidden files and directories ... OK
- checking for portable file names ... OK
- checking for sufficient/correct file permissions ... OK
- checking serialization versions ... OK
- checking whether package ‘rdss’ can be installed ... OK
See the install log for details.
- checking package directory ... OK
- checking for future file timestamps ... OK
- checking DESCRIPTION meta-information ... OK
- checking top-level files ... OK
- checking for left-over files ... OK
- checking index information ... OK
- checking package subdirectories ... OK
- checking code files for non-ASCII characters ... OK
- checking R files for syntax errors ... OK
- checking whether the package can be loaded ... [4s/5s] OK
- checking whether the package can be loaded with stated dependencies ... [4s/5s] OK
- checking whether the package can be unloaded cleanly ... [4s/4s] OK
- checking whether the namespace can be loaded with stated dependencies ... [4s/4s] OK
- checking whether the namespace can be unloaded cleanly ... [4s/5s] OK
- checking loading without being on the library search path ... [2s/3s] OK
- checking use of S3 registration ... OK
- checking dependencies in R code ... OK
- checking S3 generic/method consistency ... OK
- checking replacement functions ... OK
- checking foreign function calls ... OK
- checking R code for possible problems ... [19s/22s] OK
- checking Rd files ... [1s/1s] OK
- checking Rd metadata ... OK
- checking Rd line widths ... OK
- checking Rd cross-references ... OK
- checking for missing documentation entries ... OK
- checking for code/documentation mismatches ... OK
- checking Rd \usage sections ... OK
- checking Rd contents ... OK
- checking for unstated dependencies in examples ... OK
- checking contents of ‘data’ directory ... OK
- checking data for non-ASCII characters ... [1s/1s] OK
- checking LazyData ... OK
- checking data for ASCII and uncompressed saves ... OK
- checking examples ... [10s/12s] ERROR
Running examples in ‘rdss-Ex.R’ failed
The error most likely occurred in:
> base::assign(".ptime", proc.time(), pos = "CheckExEnv")
> ### Name: process_tracing_estimator
> ### Title: Process tracing estimator
> ### Aliases: process_tracing_estimator
>
> ### ** Examples
>
> # Simple example showing ambiguity in attribution
> process_tracing_estimator(
+ causal_model = CausalQueries::make_model("X -> Y"),
+ query = "Y[X=1] > Y[X=0]",
+ data = data.frame(X=1, Y = 1),
+ strategies = "X-Y")
Loading required namespace: CausalQueries
Error in `dplyr::select()`:
! Can't select columns that don't exist.
✖ Column `sd` doesn't exist.
Backtrace:
▆
1. ├─base (local) `<fn>`(x)
2. ├─CausalQueries:::print.model_query(x)
3. │ ├─dplyr::select(x, -sd, -cred.low, -cred.high)
4. │ └─dplyr:::select.data.frame(x, -sd, -cred.low, -cred.high)
5. │ └─tidyselect::eval_select(expr(c(...)), data = .data, error_call = error_call)
6. │ └─tidyselect:::eval_select_impl(...)
7. │ ├─tidyselect:::with_subscript_errors(...)
8. │ │ └─base::withCallingHandlers(...)
9. │ └─tidyselect:::vars_select_eval(...)
10. │ └─tidyselect:::walk_data_tree(expr, data_mask, context_mask)
11. │ └─tidyselect:::eval_c(expr, data_mask, context_mask)
12. │ └─tidyselect:::reduce_sels(node, data_mask, context_mask, init = init)
13. │ └─tidyselect:::walk_data_tree(new, data_mask, context_mask)
14. │ └─tidyselect:::as_indices_sel_impl(...)
15. │ └─tidyselect:::as_indices_impl(...)
16. │ └─tidyselect:::chr_as_locations(x, vars, call = call, arg = arg)
17. │ └─vctrs::vec_as_location(...)
18. └─vctrs (local) `<fn>`()
19. └─vctrs:::stop_subscript_oob(...)
20. └─vctrs:::stop_subscript(...)
21. └─rlang::abort(...)
Execution halted
- checking for unstated dependencies in ‘tests’ ... OK
- checking tests ... [27s/32s] OK
Running ‘testthat.R’ [27s/31s]
- checking PDF version of manual ... [6s/8s] OK
- checking HTML version of manual ... [1s/2s] OK
- checking for non-standard things in the check directory ... OK
- DONE
Status: 1 ERROR