- using R version 4.5.1 Patched (2025-09-24 r88883)
- using platform: x86_64-pc-linux-gnu
- R was compiled by
gcc-14 (Debian 14.3.0-8) 14.3.0
GNU Fortran (Debian 14.3.0-8) 14.3.0
- running under: Debian GNU/Linux forky/sid
- using session charset: UTF-8
- checking for file ‘logib/DESCRIPTION’ ... OK
- checking extension type ... Package
- this is package ‘logib’ version ‘0.2.0’
- package encoding: UTF-8
- checking package namespace information ... OK
- checking package dependencies ... OK
- checking if this is a source package ... OK
- checking if there is a namespace ... OK
- checking for executable files ... OK
- checking for hidden files and directories ... OK
- checking for portable file names ... OK
- checking for sufficient/correct file permissions ... OK
- checking serialization versions ... OK
- checking whether package ‘logib’ can be installed ... OK
See the install log for details.
- checking package directory ... OK
- checking for future file timestamps ... OK
- checking DESCRIPTION meta-information ... OK
- checking top-level files ... OK
- checking for left-over files ... OK
- checking index information ... OK
- checking package subdirectories ... OK
- checking code files for non-ASCII characters ... OK
- checking R files for syntax errors ... OK
- checking whether the package can be loaded ... [0s/0s] OK
- checking whether the package can be loaded with stated dependencies ... [0s/0s] OK
- checking whether the package can be unloaded cleanly ... [0s/0s] OK
- checking whether the namespace can be loaded with stated dependencies ... [0s/0s] OK
- checking whether the namespace can be unloaded cleanly ... [0s/0s] OK
- checking loading without being on the library search path ... [0s/0s] OK
- checking use of S3 registration ... OK
- checking dependencies in R code ... OK
- checking S3 generic/method consistency ... OK
- checking replacement functions ... OK
- checking foreign function calls ... OK
- checking R code for possible problems ... [5s/7s] OK
- checking Rd files ... [0s/1s] OK
- checking Rd metadata ... OK
- checking Rd line widths ... OK
- checking Rd cross-references ... OK
- checking for missing documentation entries ... OK
- checking for code/documentation mismatches ... OK
- checking Rd \usage sections ... OK
- checking Rd contents ... OK
- checking for unstated dependencies in examples ... OK
- checking contents of ‘data’ directory ... OK
- checking data for non-ASCII characters ... [0s/0s] OK
- checking LazyData ... OK
- checking data for ASCII and uncompressed saves ... OK
- checking examples ... [0s/1s] OK
- checking for unstated dependencies in ‘tests’ ... OK
- checking tests ... [3s/6s] ERROR
Running ‘testthat.R’ [3s/5s]
Running the tests in ‘tests/testthat.R’ failed.
Complete output:
> library(testthat)
> library(logib)
>
> test_check("logib")
trying URL 'https://logib.admin.ch/assets/Data/Beispiel_Datenblatt_M1.xlsx'
Content type 'application/vnd.openxmlformats-officedocument.spreadsheetml.sheet' length 33095 bytes (32 KB)
==================================================
downloaded 32 KB
trying URL 'https://logib.admin.ch/assets/Data/Exemple_feuille_de_donn%C3%A9es_M1.xlsx'
trying URL 'https://logib.admin.ch/assets/Data/Esempio_foglio_di_dati_M1.xlsx'
Content type 'application/vnd.openxmlformats-officedocument.spreadsheetml.sheet' length 33852 bytes (33 KB)
==================================================
downloaded 33 KB
trying URL 'https://logib.admin.ch/assets/Data/Example_data_sheet_M1.xlsx'
Content type 'application/vnd.openxmlformats-officedocument.spreadsheetml.sheet' length 33840 bytes (33 KB)
==================================================
downloaded 33 KB
trying URL 'https://logib.admin.ch/assets/Data/Example_data_sheet_M1.xlsx'
Content type 'application/vnd.openxmlformats-officedocument.spreadsheetml.sheet' length 33840 bytes (33 KB)
==================================================
downloaded 33 KB
trying URL 'https://logib.admin.ch/assets/Data/Datalist_d.xlsx'
Content type 'application/vnd.openxmlformats-officedocument.spreadsheetml.sheet' length 11677 bytes (11 KB)
==================================================
downloaded 11 KB
trying URL 'https://logib.admin.ch/assets/Data/Datalist_f.xlsx'
Content type 'application/vnd.openxmlformats-officedocument.spreadsheetml.sheet' length 12401 bytes (12 KB)
==================================================
downloaded 12 KB
trying URL 'https://logib.admin.ch/assets/Data/Datalist_i.xlsx'
Content type 'application/vnd.openxmlformats-officedocument.spreadsheetml.sheet' length 12866 bytes (12 KB)
==================================================
downloaded 12 KB
trying URL 'https://logib.admin.ch/assets/Data/Datalist_e.xlsx'
Content type 'application/vnd.openxmlformats-officedocument.spreadsheetml.sheet' length 12874 bytes (12 KB)
==================================================
downloaded 12 KB
[ FAIL 2 | WARN 1 | SKIP 0 | PASS 10 ]
══ Failed tests ════════════════════════════════════════════════════════════════
── Error ('test-analysis.R:62:3'): analysis() returns the correct results using downloaded example data FR ──
Error in `utils::download.file(url, file, mode = "wb")`: cannot open URL 'https://logib.admin.ch/assets/Data/Exemple_feuille_de_donn%C3%A9es_M1.xlsx'
Backtrace:
▆
1. └─logib::download_example_datalist(...) at test-analysis.R:62:3
2. └─utils::download.file(url, file, mode = "wb")
── Failure ('test-download.R:6:3'): The included example file is identical to the downloaded example file ──
all(datalist_example == data, na.rm = TRUE) is not TRUE
`actual`: FALSE
`expected`: TRUE
[ FAIL 2 | WARN 1 | SKIP 0 | PASS 10 ]
Error: Test failures
Execution halted
- checking PDF version of manual ... [7s/11s] OK
- checking HTML version of manual ... [1s/1s] OK
- checking for non-standard things in the check directory ... OK
- DONE
Status: 1 ERROR