- using R version 4.3.1 Patched (2023-09-22 r85222)
- using platform: x86_64-pc-linux-gnu (64-bit)
- R was compiled by
gcc-12 (Debian 12.3.0-9) 12.3.0
GNU Fortran (Debian 12.3.0-9) 12.3.0
- running under: Debian GNU/Linux trixie/sid
- using session charset: UTF-8
- checking for file ‘carbonate/DESCRIPTION’ ... OK
- this is package ‘carbonate’ version ‘0.1.4’
- package encoding: UTF-8
- checking package namespace information ... OK
- checking package dependencies ... OK
- checking if this is a source package ... OK
- checking if there is a namespace ... OK
- checking for executable files ... OK
- checking for hidden files and directories ... OK
- checking for portable file names ... OK
- checking for sufficient/correct file permissions ... OK
- checking serialization versions ... OK
- checking whether package ‘carbonate’ can be installed ... OK
See the install log for details.
- checking package directory ... OK
- checking for future file timestamps ... OK
- checking ‘build’ directory ... OK
- checking DESCRIPTION meta-information ... OK
- checking top-level files ... OK
- checking for left-over files ... OK
- checking index information ... OK
- checking package subdirectories ... OK
- checking R files for non-ASCII characters ... OK
- checking R files for syntax errors ... OK
- checking whether the package can be loaded ... [1s/2s] OK
- checking whether the package can be loaded with stated dependencies ... [1s/1s] OK
- checking whether the package can be unloaded cleanly ... [1s/1s] OK
- checking whether the namespace can be loaded with stated dependencies ... [1s/1s] OK
- checking whether the namespace can be unloaded cleanly ... [1s/1s] OK
- checking loading without being on the library search path ... [1s/1s] OK
- checking use of S3 registration ... OK
- checking dependencies in R code ... OK
- checking S3 generic/method consistency ... OK
- checking replacement functions ... OK
- checking foreign function calls ... OK
- checking R code for possible problems ... [9s/10s] OK
- checking Rd files ... [1s/1s] OK
- checking Rd metadata ... OK
- checking Rd line widths ... OK
- checking Rd cross-references ... OK
- checking for missing documentation entries ... OK
- checking for code/documentation mismatches ... OK
- checking Rd \usage sections ... OK
- checking Rd contents ... OK
- checking for unstated dependencies in examples ... OK
- checking installed files from ‘inst/doc’ ... OK
- checking files in ‘vignettes’ ... OK
- checking examples ... [1s/2s] OK
- checking for unstated dependencies in ‘tests’ ... OK
- checking tests ... [5s/11s] ERROR
Running ‘testthat.R’ [5s/11s]
Running the tests in ‘tests/testthat.R’ failed.
Complete output:
> library(testthat)
> library(carbonate)
>
> test_check("carbonate")
Set via '/tmp/RtmpfdrjVs/file195a5e4ae2e69b.yml'
palette:
- 171.0
- 175.0
- 195.0
- 0.7
template: panda-syntax
padding_vertical: 11
padding_horizontal: 14
[ FAIL 1 | WARN 0 | SKIP 2 | PASS 19 ]
══ Skipped tests (2) ═══════════════════════════════════════════════════════════
• On CRAN (1): 'test-uri.R:37:5'
• System clipboard is not available - skipping test. (1): 'test-uri.R:43:5'
══ Failed tests ════════════════════════════════════════════════════════════════
── Error ('test-uri.R:21:5'): uri: 200 ─────────────────────────────────────────
Error in `curl::curl_fetch_memory(url, handle = handle)`: gnutls_handshake() failed: The TLS connection was non-properly terminated.
Backtrace:
▆
1. ├─testthat::expect_false(httr::http_error(x$uri())) at test-uri.R:21:4
2. │ └─testthat::quasi_label(enquo(object), label, arg = "object")
3. │ └─rlang::eval_bare(expr, quo_get_env(quo))
4. ├─httr::http_error(x$uri())
5. └─httr:::http_error.character(x$uri())
6. ├─httr::http_error(HEAD(x, ...))
7. └─httr::HEAD(x, ...)
8. └─httr:::request_perform(req, hu$handle$handle)
9. ├─httr:::request_fetch(req$output, req$url, handle)
10. └─httr:::request_fetch.write_memory(req$output, req$url, handle)
11. └─curl::curl_fetch_memory(url, handle = handle)
[ FAIL 1 | WARN 0 | SKIP 2 | PASS 19 ]
Error: Test failures
Execution halted
- checking for unstated dependencies in vignettes ... OK
- checking package vignettes in ‘inst/doc’ ... OK
- checking re-building of vignette outputs ... [1s/2s] OK
- checking PDF version of manual ... [6s/8s] OK
- checking HTML version of manual ... [1s/2s] OK
- checking for non-standard things in the check directory ... OK
- DONE
Status: 1 ERROR