- using R version 4.5.1 Patched (2025-09-24 r88901)
- using platform: x86_64-pc-linux-gnu
- R was compiled by
gcc-14 (Debian 14.3.0-8) 14.3.0
GNU Fortran (Debian 14.3.0-8) 14.3.0
- running under: Debian GNU/Linux forky/sid
- using session charset: UTF-8
- checking for file ‘baf/DESCRIPTION’ ... OK
- this is package ‘baf’ version ‘0.0.3’
- package encoding: UTF-8
- checking package namespace information ... OK
- checking package dependencies ... OK
- checking if this is a source package ... OK
- checking if there is a namespace ... OK
- checking for executable files ... OK
- checking for hidden files and directories ... OK
- checking for portable file names ... OK
- checking for sufficient/correct file permissions ... OK
- checking whether package ‘baf’ can be installed ... OK
See the install log for details.
- checking package directory ... OK
- checking for future file timestamps ... OK
- checking DESCRIPTION meta-information ... OK
- checking top-level files ... OK
- checking for left-over files ... OK
- checking index information ... OK
- checking package subdirectories ... OK
- checking code files for non-ASCII characters ... OK
- checking R files for syntax errors ... OK
- checking whether the package can be loaded ... [1s/1s] OK
- checking whether the package can be loaded with stated dependencies ... [1s/1s] OK
- checking whether the package can be unloaded cleanly ... [1s/1s] OK
- checking whether the namespace can be loaded with stated dependencies ... [1s/1s] OK
- checking whether the namespace can be unloaded cleanly ... [1s/1s] OK
- checking loading without being on the library search path ... [1s/1s] OK
- checking use of S3 registration ... OK
- checking dependencies in R code ... OK
- checking S3 generic/method consistency ... OK
- checking replacement functions ... OK
- checking foreign function calls ... OK
- checking R code for possible problems ... [6s/8s] OK
- checking Rd files ... [0s/0s] OK
- checking Rd metadata ... OK
- checking Rd line widths ... OK
- checking Rd cross-references ... OK
- checking for missing documentation entries ... OK
- checking for code/documentation mismatches ... OK
- checking Rd \usage sections ... OK
- checking Rd contents ... OK
- checking for unstated dependencies in examples ... OK
- checking contents of ‘data’ directory ... OK
- checking data for non-ASCII characters ... [0s/0s] OK
- checking LazyData ... OK
- checking data for ASCII and uncompressed saves ... OK
- checking examples ... [1s/3s] OK
- checking for unstated dependencies in ‘tests’ ... OK
- checking tests ... [4s/7s] ERROR
Running ‘testthat.R’ [4s/7s]
Running the tests in ‘tests/testthat.R’ failed.
Complete output:
> # This file is part of the standard setup for testthat.
> # It is recommended that you do not modify it.
> #
> # Where should you do additional test configuration?
> # Learn more about the roles of various files in:
> # * https://r-pkgs.org/testing-design.html#sec-tests-files-overview
> # * https://testthat.r-lib.org/articles/special-files.html
>
> library(testthat)
> library(baf)
>
> test_check('baf')
[100%] Downloaded 8453 bytes...
[0%] Downloaded 16401 bytes...
[1%] Downloaded 35754 bytes...
[1%] Downloaded 52652 bytes...
[2%] Downloaded 65536 bytes...
[2%] Downloaded 82425 bytes...
[3%] Downloaded 102781 bytes...
[3%] Downloaded 111230 bytes...
[4%] Downloaded 131320 bytes...
[4%] Downloaded 139769 bytes...
[5%] Downloaded 152447 bytes...
[6%] Downloaded 172537 bytes...
[7%] Downloaded 204782 bytes...
[7%] Downloaded 221148 bytes...
[8%] Downloaded 237550 bytes...
[8%] Downloaded 253916 bytes...
[9%] Downloaded 270318 bytes...
[9%] Downloaded 286684 bytes...
[10%] Downloaded 303086 bytes...
[11%] Downloaded 319452 bytes...
[11%] Downloaded 335854 bytes...
[12%] Downloaded 352220 bytes...
[12%] Downloaded 368622 bytes...
[13%] Downloaded 384988 bytes...
[13%] Downloaded 401390 bytes...
[14%] Downloaded 417756 bytes...
[15%] Downloaded 434158 bytes...
[15%] Downloaded 450524 bytes...
[16%] Downloaded 466926 bytes...
[17%] Downloaded 489582 bytes...
[17%] Downloaded 505948 bytes...
[18%] Downloaded 522350 bytes...
[18%] Downloaded 538716 bytes...
[19%] Downloaded 555082 bytes...
[19%] Downloaded 571448 bytes...
[20%] Downloaded 587886 bytes...
[21%] Downloaded 604252 bytes...
[21%] Downloaded 620654 bytes...
[22%] Downloaded 637020 bytes...
[22%] Downloaded 653422 bytes...
[23%] Downloaded 669788 bytes...
[23%] Downloaded 686190 bytes...
[24%] Downloaded 708846 bytes...
[25%] Downloaded 725212 bytes...
[25%] Downloaded 741614 bytes...
[26%] Downloaded 757980 bytes...
[26%] Downloaded 774382 bytes...
[27%] Downloaded 790748 bytes...
[28%] Downloaded 807150 bytes...
[28%] Downloaded 823516 bytes...
[29%] Downloaded 839918 bytes...
[29%] Downloaded 856284 bytes...
[30%] Downloaded 872650 bytes...
[30%] Downloaded 889016 bytes...
[31%] Downloaded 905454 bytes...
[32%] Downloaded 921820 bytes...
[32%] Downloaded 938222 bytes...
[33%] Downloaded 954588 bytes...
[33%] Downloaded 970990 bytes...
[34%] Downloaded 987356 bytes...
[34%] Downloaded 1003758 bytes...
[35%] Downloaded 1020124 bytes...
[36%] Downloaded 1036526 bytes...
[36%] Downloaded 1052892 bytes...
[37%] Downloaded 1069294 bytes...
[37%] Downloaded 1085660 bytes...
[38%] Downloaded 1094464 bytes...
[38%] Downloaded 1110830 bytes...
[39%] Downloaded 1127196 bytes...
[39%] Downloaded 1143598 bytes...
[40%] Downloaded 1159964 bytes...
[40%] Downloaded 1160000 bytes...
[40%] Downloaded 1176366 bytes...
[41%] Downloaded 1192732 bytes...
[41%] Downloaded 1192768 bytes...
[42%] Downloaded 1209134 bytes...
[42%] Downloaded 1225500 bytes...
[42%] Downloaded 1225536 bytes...
[43%] Downloaded 1241902 bytes...
[43%] Downloaded 1258268 bytes...
[43%] Downloaded 1258304 bytes...
[44%] Downloaded 1274670 bytes...
[44%] Downloaded 1291036 bytes...
[44%] Downloaded 1291072 bytes...
[45%] Downloaded 1307438 bytes...
[45%] Downloaded 1313728 bytes...
[46%] Downloaded 1330094 bytes...
[46%] Downloaded 1346460 bytes...
[46%] Downloaded 1346496 bytes...
[47%] Downloaded 1362862 bytes...
[47%] Downloaded 1379228 bytes...
[47%] Downloaded 1379264 bytes...
[48%] Downloaded 1395630 bytes...
[49%] Downloaded 1411996 bytes...
[49%] Downloaded 1428398 bytes...
[50%] Downloaded 1444764 bytes...
[50%] Downloaded 1444800 bytes...
[50%] Downloaded 1461166 bytes...
[51%] Downloaded 1477532 bytes...
[51%] Downloaded 1477568 bytes...
[51%] Downloaded 1493934 bytes...
[52%] Downloaded 1510300 bytes...
[52%] Downloaded 1510336 bytes...
[53%] Downloaded 1526702 bytes...
[53%] Downloaded 1543068 bytes...
[53%] Downloaded 1543104 bytes...
[54%] Downloaded 1559470 bytes...
[54%] Downloaded 1575836 bytes...
[54%] Downloaded 1575872 bytes...
[55%] Downloaded 1592238 bytes...
[55%] Downloaded 1608604 bytes...
[55%] Downloaded 1608640 bytes...
[56%] Downloaded 1625006 bytes...
[57%] Downloaded 1641372 bytes...
[57%] Downloaded 1641408 bytes...
[57%] Downloaded 1657774 bytes...
[58%] Downloaded 1674140 bytes...
[58%] Downloaded 1674176 bytes...
[58%] Downloaded 1690542 bytes...
[59%] Downloaded 1706908 bytes...
[59%] Downloaded 1706944 bytes...
[59%] Downloaded 1723310 bytes...
[60%] Downloaded 1739676 bytes...
[60%] Downloaded 1739712 bytes...
[61%] Downloaded 1756078 bytes...
[61%] Downloaded 1772444 bytes...
[62%] Downloaded 1788846 bytes...
[62%] Downloaded 1805212 bytes...
[63%] Downloaded 1821614 bytes...
[63%] Downloaded 1837980 bytes...
[64%] Downloaded 1854346 bytes...
[65%] Downloaded 1870712 bytes...
[65%] Downloaded 1887150 bytes...
[66%] Downloaded 1903516 bytes...
[66%] Downloaded 1903552 bytes...
[66%] Downloaded 1919918 bytes...
[67%] Downloaded 1936284 bytes...
[67%] Downloaded 1936320 bytes...
[67%] Downloaded 1952686 bytes...
[68%] Downloaded 1969052 bytes...
[68%] Downloaded 1969088 bytes...
[69%] Downloaded 1985454 bytes...
[69%] Downloaded 2001820 bytes...
[69%] Downloaded 2001856 bytes...
[70%] Downloaded 2018222 bytes...
[70%] Downloaded 2034588 bytes...
[71%] Downloaded 2050990 bytes...
[71%] Downloaded 2067356 bytes...
[72%] Downloaded 2083758 bytes...
[73%] Downloaded 2100124 bytes...
[73%] Downloaded 2116526 bytes...
[74%] Downloaded 2132892 bytes...
[74%] Downloaded 2149294 bytes...
[75%] Downloaded 2165660 bytes...
[75%] Downloaded 2182062 bytes...
[76%] Downloaded 2198428 bytes...
[77%] Downloaded 2214830 bytes...
[77%] Downloaded 2231196 bytes...
[78%] Downloaded 2247598 bytes...
[78%] Downloaded 2263964 bytes...
[79%] Downloaded 2280366 bytes...
[79%] Downloaded 2296732 bytes...
[80%] Downloaded 2313098 bytes...
[81%] Downloaded 2329464 bytes...
[81%] Downloaded 2345902 bytes...
[82%] Downloaded 2362268 bytes...
[82%] Downloaded 2378670 bytes...
[83%] Downloaded 2395036 bytes...
[83%] Downloaded 2411438 bytes...
[84%] Downloaded 2427804 bytes...
[85%] Downloaded 2444206 bytes...
[85%] Downloaded 2460572 bytes...
[86%] Downloaded 2476974 bytes...
[86%] Downloaded 2493340 bytes...
[87%] Downloaded 2509742 bytes...
[88%] Downloaded 2536115 bytes...
[88%] Downloaded 2552481 bytes...
[89%] Downloaded 2568883 bytes...
[89%] Downloaded 2585249 bytes...
[90%] Downloaded 2601651 bytes...
[91%] Downloaded 2618017 bytes...
[91%] Downloaded 2634419 bytes...
[92%] Downloaded 2650785 bytes...
[92%] Downloaded 2667187 bytes...
[93%] Downloaded 2683553 bytes...
[93%] Downloaded 2699955 bytes...
[94%] Downloaded 2716321 bytes...
[95%] Downloaded 2732723 bytes...
[95%] Downloaded 2749089 bytes...
[95%] Downloaded 2749125 bytes...
[96%] Downloaded 2765491 bytes...
[96%] Downloaded 2781857 bytes...
[97%] Downloaded 2798259 bytes...
[97%] Downloaded 2814625 bytes...
[97%] Downloaded 2814661 bytes...
[98%] Downloaded 2831027 bytes...
[99%] Downloaded 2847393 bytes...
[99%] Downloaded 2847429 bytes...
[99%] Downloaded 2863795 bytes...
[100%] Downloaded 2875289 bytes...
[ FAIL 1 | WARN 1 | SKIP 0 | PASS 4 ]
══ Failed tests ════════════════════════════════════════════════════════════════
── Failure ('test-baf.R:11:3'): baf works ──────────────────────────────────────
`out` has length 0, not length 7.
[ FAIL 1 | WARN 1 | SKIP 0 | PASS 4 ]
Error: Test failures
Execution halted
- checking PDF version of manual ... [5s/7s] OK
- checking HTML version of manual ... [0s/0s] OK
- checking for non-standard things in the check directory ... OK
- DONE
Status: 1 ERROR