- using R version 4.5.2 RC (2025-10-27 r88972)
- using platform: x86_64-pc-linux-gnu
- R was compiled by
gcc-14 (Debian 14.3.0-8) 14.3.0
GNU Fortran (Debian 14.3.0-8) 14.3.0
- running under: Debian GNU/Linux forky/sid
- using session charset: UTF-8
- checking for file ‘JWileymisc/DESCRIPTION’ ... OK
- this is package ‘JWileymisc’ version ‘1.4.4’
- package encoding: UTF-8
- checking package namespace information ... OK
- checking package dependencies ... OK
- checking if this is a source package ... OK
- checking if there is a namespace ... OK
- checking for executable files ... OK
- checking for hidden files and directories ... OK
- checking for portable file names ... OK
- checking for sufficient/correct file permissions ... OK
- checking whether package ‘JWileymisc’ can be installed ... OK
See the install log for details.
- checking package directory ... OK
- checking for future file timestamps ... OK
- checking ‘build’ directory ... OK
- checking DESCRIPTION meta-information ... OK
- checking top-level files ... OK
- checking for left-over files ... OK
- checking index information ... OK
- checking package subdirectories ... OK
- checking code files for non-ASCII characters ... OK
- checking R files for syntax errors ... OK
- checking whether the package can be loaded ... [5s/6s] OK
- checking whether the package can be loaded with stated dependencies ... [4s/5s] OK
- checking whether the package can be unloaded cleanly ... [4s/6s] OK
- checking whether the namespace can be loaded with stated dependencies ... [4s/6s] OK
- checking whether the namespace can be unloaded cleanly ... [5s/6s] OK
- checking loading without being on the library search path ... [5s/6s] OK
- checking use of S3 registration ... OK
- checking dependencies in R code ... OK
- checking S3 generic/method consistency ... OK
- checking replacement functions ... OK
- checking foreign function calls ... OK
- checking R code for possible problems ... [33s/46s] OK
- checking Rd files ... [1s/1s] OK
- checking Rd metadata ... OK
- checking Rd line widths ... OK
- checking Rd cross-references ... OK
- checking for missing documentation entries ... OK
- checking for code/documentation mismatches ... OK
- checking Rd \usage sections ... OK
- checking Rd contents ... OK
- checking for unstated dependencies in examples ... OK
- checking contents of ‘data’ directory ... OK
- checking data for non-ASCII characters ... [0s/0s] OK
- checking LazyData ... OK
- checking data for ASCII and uncompressed saves ... OK
- checking installed files from ‘inst/doc’ ... OK
- checking files in ‘vignettes’ ... OK
- checking examples ... [33s/46s] OK
Examples with CPU (user + system) or elapsed time > 5s
user system elapsed
modelDiagnostics 5.806 0.064 8.082
plot.modelDiagnostics.lm 4.070 0.036 6.222
- checking for unstated dependencies in ‘tests’ ... OK
- checking tests ... [32s/41s] ERROR
Running ‘testthat.R’ [32s/40s]
Running the tests in ‘tests/testthat.R’ failed.
Complete output:
> library(testthat)
> test_check("JWileymisc")
Loading required package: JWileymisc
$`1`
$`2`
attr(,"class")
[1] "list" "ggarrange"
Loading required namespace: GPArotation
[ FAIL 1 | WARN 4 | SKIP 1 | PASS 418 ]
══ Skipped tests (1) ═══════════════════════════════════════════════════════════
• On CRAN (1): 'test-distributions.R:75:3'
══ Failed tests ════════════════════════════════════════════════════════════════
── Failure ('test-descriptives-helpers.R:22:5'): .stylepairedwilcox works ──────
`res` (`actual`) not equal to "Wilcoxon Paired V = 54.00, p = .004" (`expected`).
`actual`: "Wilcoxon Paired V = 45.00, p = .009"
`expected`: "Wilcoxon Paired V = 54.00, p = .004"
[ FAIL 1 | WARN 4 | SKIP 1 | PASS 418 ]
Error: Test failures
Execution halted
- checking for unstated dependencies in vignettes ... OK
- checking package vignettes ... OK
- checking re-building of vignette outputs ... [42s/58s] OK
- checking PDF version of manual ... [9s/11s] OK
- checking HTML version of manual ... [3s/6s] OK
- checking for non-standard things in the check directory ... OK
- DONE
Status: 1 ERROR