- using R version 4.4.3 (2025-02-28 ucrt)
- using platform: x86_64-w64-mingw32
- R was compiled by
gcc.exe (GCC) 13.3.0
GNU Fortran (GCC) 13.3.0
- running under: Windows Server 2022 x64 (build 20348)
- using session charset: UTF-8
- checking for file 'wbids/DESCRIPTION' ... OK
- this is package 'wbids' version '1.1.0'
- package encoding: UTF-8
- checking package namespace information ... OK
- checking package dependencies ... OK
- checking if this is a source package ... OK
- checking if there is a namespace ... OK
- checking for hidden files and directories ... OK
- checking for portable file names ... OK
- checking whether package 'wbids' can be installed ... OK
See the install log for details.
- checking installed package size ... OK
- checking package directory ... OK
- checking 'build' directory ... OK
- checking DESCRIPTION meta-information ... OK
- checking top-level files ... OK
- checking for left-over files ... OK
- checking index information ... OK
- checking package subdirectories ... OK
- checking code files for non-ASCII characters ... OK
- checking R files for syntax errors ... OK
- checking whether the package can be loaded ... [1s] OK
- checking whether the package can be loaded with stated dependencies ... [1s] OK
- checking whether the package can be unloaded cleanly ... [1s] OK
- checking whether the namespace can be loaded with stated dependencies ... [1s] OK
- checking whether the namespace can be unloaded cleanly ... [1s] OK
- checking loading without being on the library search path ... [1s] OK
- checking use of S3 registration ... OK
- checking dependencies in R code ... OK
- checking S3 generic/method consistency ... OK
- checking replacement functions ... OK
- checking foreign function calls ... OK
- checking R code for possible problems ... [5s] OK
- checking Rd files ... [1s] OK
- checking Rd metadata ... OK
- checking Rd cross-references ... OK
- checking for missing documentation entries ... OK
- checking for code/documentation mismatches ... OK
- checking Rd \usage sections ... OK
- checking Rd contents ... OK
- checking for unstated dependencies in examples ... OK
- checking contents of 'data' directory ... OK
- checking data for non-ASCII characters ... [0s] OK
- checking data for ASCII and uncompressed saves ... OK
- checking R/sysdata.rda ... OK
- checking installed files from 'inst/doc' ... OK
- checking files in 'vignettes' ... OK
- checking examples ... [2s] ERROR
Running examples in 'wbids-Ex.R' failed
The error most likely occurred in:
> ### Name: ids_bulk_files
> ### Title: Retrieve Available Bulk Download Files for International Debt
> ### Statistics
> ### Aliases: ids_bulk_files
>
> ### ** Examples
>
> ## Don't show:
> if (curl::has_internet() && rlang::is_installed("jsonlite")) (if (getRversion() >= "3.4") withAutoprint else force)({ # examplesIf
+ ## End(Don't show)
+ ids_bulk_files()
+ ## Don't show:
+ }) # examplesIf
> ids_bulk_files()
Warning in open.connection(con, "rb") :
cannot open URL 'https://datacatalogapi.worldbank.org/ddhxext/DatasetDownload?dataset_unique_id=0038015&version_id=': HTTP status was '429 Unknown Error'
Error in open.connection(con, "rb") :
cannot open the connection to 'https://datacatalogapi.worldbank.org/ddhxext/DatasetDownload?dataset_unique_id=0038015&version_id='
Calls: <Anonymous> ... parse_and_simplify -> parseJSON -> parse_con -> open -> open.connection
Execution halted
- checking for unstated dependencies in 'tests' ... OK
- checking tests ... [26s] ERROR
Running 'testthat.R' [26s]
Running the tests in 'tests/testthat.R' failed.
Complete output:
> # This file is part of the standard setup for testthat.
> # It is recommended that you do not modify it.
> #
> # Where should you do additional test configuration?
> # Learn more about the roles of various files in:
> # * https://r-pkgs.org/testing-design.html#sec-tests-files-overview
> # * https://testthat.r-lib.org/articles/special-files.html
>
> library(testthat)
> library(wbids)
>
> test_check("wbids")
Downloading file to: D:\temp\2025_10_08_01_50_00_15188\RtmpO2iFQY\file299c43c...
[ FAIL 2 | WARN 2 | SKIP 7 | PASS 144 ]
══ Skipped tests (7) ═══════════════════════════════════════════════════════════
• On CRAN (7): 'test-ids_bulk.R:5:3', 'test-ids_bulk.R:78:3',
'test-ids_bulk.R:166:3', 'test-ids_bulk.R:220:3', 'test-ids_bulk.R:253:3',
'test-ids_bulk.R:305:3', 'test-ids_bulk.R:372:3'
══ Failed tests ════════════════════════════════════════════════════════════════
── Error ('test-ids_bulk_series.R:4:3'): ids_bulk_series returns a tibble with expected columns ──
Error in `open.connection(con, "rb")`: cannot open the connection to 'https://datacatalogapi.worldbank.org/ddhxext/DatasetDownload?dataset_unique_id=0038015&version_id='
Backtrace:
▆
1. └─wbids::ids_bulk_series() at test-ids_bulk_series.R:4:3
2. └─wbids:::read_bulk_info()
3. └─jsonlite::fromJSON(...)
4. └─jsonlite:::parse_and_simplify(...)
5. └─jsonlite:::parseJSON(txt, bigint_as_char)
6. └─jsonlite:::parse_con(txt, bigint_as_char)
7. ├─base::open(con, "rb")
8. └─base::open.connection(con, "rb")
── Error ('test-read_bulk_info.R:2:3'): read_bulk_info returns necessary data structure ──
Error in `open.connection(con, "rb")`: cannot open the connection to 'https://datacatalogapi.worldbank.org/ddhxext/DatasetDownload?dataset_unique_id=0038015&version_id='
Backtrace:
▆
1. └─wbids:::read_bulk_info() at test-read_bulk_info.R:2:3
2. └─jsonlite::fromJSON(...)
3. └─jsonlite:::parse_and_simplify(...)
4. └─jsonlite:::parseJSON(txt, bigint_as_char)
5. └─jsonlite:::parse_con(txt, bigint_as_char)
6. ├─base::open(con, "rb")
7. └─base::open.connection(con, "rb")
[ FAIL 2 | WARN 2 | SKIP 7 | PASS 144 ]
Error: Test failures
Execution halted
- checking for unstated dependencies in vignettes ... OK
- checking package vignettes ... OK
- checking re-building of vignette outputs ... [4s] OK
- checking PDF version of manual ... [17s] OK
- checking HTML version of manual ... [3s] OK
- DONE
Status: 2 ERRORs