- using R version 4.4.3 (2025-02-28 ucrt)
 
- using platform: x86_64-w64-mingw32
 
- R was compiled by
    gcc.exe (GCC) 13.3.0
    GNU Fortran (GCC) 13.3.0
 
- running under: Windows Server 2022 x64 (build 20348)
 
- using session charset: UTF-8
 
- checking for file 'tricolore/DESCRIPTION' ... OK
 
- checking extension type ... Package
 
- this is package 'tricolore' version '1.2.4'
 
- package encoding: UTF-8
 
- checking package namespace information ... OK
 
- checking package dependencies ... OK
 
- checking if this is a source package ... OK
 
- checking if there is a namespace ... OK
 
- checking for hidden files and directories ... OK
 
- checking for portable file names ... OK
 
- checking whether package 'tricolore' can be installed ... ERROR
Installation failed.
See the install log for details.
 
- DONE
 
Status: 1 ERROR