- using R version 4.4.3 (2025-02-28 ucrt)
- using platform: x86_64-w64-mingw32
- R was compiled by
gcc.exe (GCC) 13.3.0
GNU Fortran (GCC) 13.3.0
- running under: Windows Server 2022 x64 (build 20348)
- using session charset: UTF-8
- checking for file 'tidycomm/DESCRIPTION' ... OK
- this is package 'tidycomm' version '0.4.1'
- package encoding: UTF-8
- checking package namespace information ... OK
- checking package dependencies ... OK
- checking if this is a source package ... OK
- checking if there is a namespace ... OK
- checking for hidden files and directories ... OK
- checking for portable file names ... OK
- checking whether package 'tidycomm' can be installed ... OK
See the install log for details.
- checking installed package size ... OK
- checking package directory ... OK
- checking 'build' directory ... OK
- checking DESCRIPTION meta-information ... OK
- checking top-level files ... OK
- checking for left-over files ... OK
- checking index information ... OK
- checking package subdirectories ... OK
- checking code files for non-ASCII characters ... OK
- checking R files for syntax errors ... OK
- checking whether the package can be loaded ... [1s] OK
- checking whether the package can be loaded with stated dependencies ... [1s] OK
- checking whether the package can be unloaded cleanly ... [1s] OK
- checking whether the namespace can be loaded with stated dependencies ... [1s] OK
- checking whether the namespace can be unloaded cleanly ... [1s] OK
- checking loading without being on the library search path ... [1s] OK
- checking use of S3 registration ... OK
- checking dependencies in R code ... OK
- checking S3 generic/method consistency ... OK
- checking replacement functions ... OK
- checking foreign function calls ... OK
- checking R code for possible problems ... [10s] OK
- checking Rd files ... [1s] OK
- checking Rd metadata ... OK
- checking Rd cross-references ... OK
- checking for missing documentation entries ... OK
- checking for code/documentation mismatches ... OK
- checking Rd \usage sections ... OK
- checking Rd contents ... OK
- checking for unstated dependencies in examples ... OK
- checking contents of 'data' directory ... OK
- checking data for non-ASCII characters ... [1s] OK
- checking LazyData ... OK
- checking data for ASCII and uncompressed saves ... OK
- checking installed files from 'inst/doc' ... OK
- checking files in 'vignettes' ... OK
- checking examples ... [14s] OK
- checking for unstated dependencies in 'tests' ... OK
- checking tests ... [46s] ERROR
Running 'testthat.R' [46s]
Running the tests in 'tests/testthat.R' failed.
Complete output:
> library(testthat)
> library(tidycomm)
Attaching package: 'tidycomm'
The following object is masked from 'package:testthat':
describe
>
> test_check("tidycomm")
[ FAIL 3 | WARN 0 | SKIP 0 | PASS 388 ]
══ Failed tests ════════════════════════════════════════════════════════════════
── Failure ('test-tdcmm_visualize.R:41:3'): implemented visualize() calls return ggplot2 (gg) ──
visualize(correlate(WoJ, ethics_1, ethics_2, ethics_3)) inherits from 'ggmatrix'/'GGally::ggmatrix'/'S7_object' not 'gg'.
── Failure ('test-tdcmm_visualize.R:48:3'): implemented visualize() calls return ggplot2 (gg) ──
visualize(...) inherits from 'ggmatrix'/'GGally::ggmatrix'/'S7_object' not 'gg'.
── Failure ('test-tdcmm_visualize.R:59:3'): implemented visualize() calls return ggplot2 (gg) ──
`v` inherits from 'ggmatrix'/'GGally::ggmatrix'/'S7_object' not 'gg'.
[ FAIL 3 | WARN 0 | SKIP 0 | PASS 388 ]
Error: Test failures
Execution halted
- checking for unstated dependencies in vignettes ... OK
- checking package vignettes ... OK
- checking re-building of vignette outputs ... [54s] OK
- checking PDF version of manual ... [19s] OK
- checking HTML version of manual ... [8s] OK
- DONE
Status: 1 ERROR