- using R version 4.4.3 (2025-02-28 ucrt)
- using platform: x86_64-w64-mingw32
- R was compiled by
gcc.exe (GCC) 13.3.0
GNU Fortran (GCC) 13.3.0
- running under: Windows Server 2022 x64 (build 20348)
- using session charset: UTF-8
- checking for file 'performance/DESCRIPTION' ... OK
- checking extension type ... Package
- this is package 'performance' version '0.15.1'
- package encoding: UTF-8
- checking package namespace information ... OK
- checking package dependencies ... OK
- checking if this is a source package ... OK
- checking if there is a namespace ... OK
- checking for hidden files and directories ... OK
- checking for portable file names ... OK
- checking whether package 'performance' can be installed ... OK
See the install log for details.
- checking installed package size ... OK
- checking package directory ... OK
- checking DESCRIPTION meta-information ... OK
- checking top-level files ... OK
- checking for left-over files ... OK
- checking index information ... OK
- checking package subdirectories ... OK
- checking code files for non-ASCII characters ... OK
- checking R files for syntax errors ... OK
- checking whether the package can be loaded ... [0s] OK
- checking whether the package can be loaded with stated dependencies ... [1s] OK
- checking whether the package can be unloaded cleanly ... [1s] OK
- checking whether the namespace can be loaded with stated dependencies ... [0s] OK
- checking whether the namespace can be unloaded cleanly ... [1s] OK
- checking loading without being on the library search path ... [1s] OK
- checking use of S3 registration ... OK
- checking dependencies in R code ... OK
- checking S3 generic/method consistency ... OK
- checking replacement functions ... OK
- checking foreign function calls ... OK
- checking R code for possible problems ... [43s] OK
- checking Rd files ... [3s] OK
- checking Rd metadata ... OK
- checking Rd cross-references ... OK
- checking for missing documentation entries ... OK
- checking for code/documentation mismatches ... OK
- checking Rd \usage sections ... OK
- checking Rd contents ... OK
- checking for unstated dependencies in examples ... OK
- checking R/sysdata.rda ... OK
- checking examples ... [91s] OK
- checking for unstated dependencies in 'tests' ... OK
- checking tests ... [57s] ERROR
Running 'testthat.R' [57s]
Running the tests in 'tests/testthat.R' failed.
Complete output:
> library(testthat)
> library(performance)
>
> test_check("performance")
Starting 2 test processes
[ FAIL 1 | WARN 0 | SKIP 39 | PASS 428 ]
══ Skipped tests (39) ══════════════════════════════════════════════════════════
• On CRAN (38): 'test-bootstrapped_icc_ci.R:2:3',
'test-bootstrapped_icc_ci.R:44:3', 'test-binned_residuals.R:137:3',
'test-binned_residuals.R:164:3', 'test-check_dag.R:1:1',
'test-check_distribution.R:35:3', 'test-check_collinearity.R:181:3',
'test-check_collinearity.R:218:3', 'test-check_model.R:1:1',
'test-check_itemscale.R:31:3', 'test-check_itemscale.R:103:3',
'test-check_predictions.R:2:1', 'test-check_residuals.R:2:3',
'test-check_singularity.R:2:3', 'test-check_singularity.R:30:3',
'test-check_zeroinflation.R:73:3', 'test-check_zeroinflation.R:112:3',
'test-compare_performance.R:21:3', 'test-helpers.R:1:1', 'test-icc.R:2:1',
'test-item_omega.R:10:3', 'test-item_omega.R:31:3', 'test-mclogit.R:53:3',
'test-check_outliers.R:110:3', 'test-model_performance.bayesian.R:1:1',
'test-model_performance.lavaan.R:1:1', 'test-model_performance.merMod.R:2:3',
'test-model_performance.merMod.R:25:3', 'test-model_performance.psych.R:1:1',
'test-model_performance.rma.R:33:3', 'test-nestedLogit.R:64:3',
'test-performance_reliability.R:23:3', 'test-pkg-ivreg.R:7:3',
'test-r2_bayes.R:34:3', 'test-r2_nagelkerke.R:22:3',
'test-r2_nakagawa.R:20:1', 'test-rmse.R:35:3',
'test-test_likelihoodratio.R:55:1'
• getRversion() > "4.4.0" is TRUE (1): 'test-check_outliers.R:258:3'
══ Failed tests ════════════════════════════════════════════════════════════════
── Failure ('test-check_outliers.R:304:3'): pareto which ───────────────────────
which(check_outliers(model, method = "pareto", threshold = list(pareto = 0.5))) (`actual`) not identical to 17L (`expected`).
`actual`: 17 18
`expected`: 17
[ FAIL 1 | WARN 0 | SKIP 39 | PASS 428 ]
Error: Test failures
Execution halted
- checking PDF version of manual ... [24s] OK
- checking HTML version of manual ... [19s] OK
- DONE
Status: 1 ERROR