- using R version 4.4.3 (2025-02-28 ucrt)
- using platform: x86_64-w64-mingw32
- R was compiled by
gcc.exe (GCC) 13.3.0
GNU Fortran (GCC) 13.3.0
- running under: Windows Server 2022 x64 (build 20348)
- using session charset: UTF-8
- checking for file 'baf/DESCRIPTION' ... OK
- this is package 'baf' version '0.0.3'
- package encoding: UTF-8
- checking package namespace information ... OK
- checking package dependencies ... OK
- checking if this is a source package ... OK
- checking if there is a namespace ... OK
- checking for hidden files and directories ... OK
- checking for portable file names ... OK
- checking whether package 'baf' can be installed ... OK
See the install log for details.
- checking installed package size ... OK
- checking package directory ... OK
- checking DESCRIPTION meta-information ... OK
- checking top-level files ... OK
- checking for left-over files ... OK
- checking index information ... OK
- checking package subdirectories ... OK
- checking code files for non-ASCII characters ... OK
- checking R files for syntax errors ... OK
- checking whether the package can be loaded ... [1s] OK
- checking whether the package can be loaded with stated dependencies ... [1s] OK
- checking whether the package can be unloaded cleanly ... [1s] OK
- checking whether the namespace can be loaded with stated dependencies ... [1s] OK
- checking whether the namespace can be unloaded cleanly ... [1s] OK
- checking loading without being on the library search path ... [1s] OK
- checking use of S3 registration ... OK
- checking dependencies in R code ... OK
- checking S3 generic/method consistency ... OK
- checking replacement functions ... OK
- checking foreign function calls ... OK
- checking R code for possible problems ... [4s] OK
- checking Rd files ... [0s] OK
- checking Rd metadata ... OK
- checking Rd cross-references ... OK
- checking for missing documentation entries ... OK
- checking for code/documentation mismatches ... OK
- checking Rd \usage sections ... OK
- checking Rd contents ... OK
- checking for unstated dependencies in examples ... OK
- checking contents of 'data' directory ... OK
- checking data for non-ASCII characters ... [1s] OK
- checking LazyData ... OK
- checking data for ASCII and uncompressed saves ... OK
- checking examples ... [4s] OK
- checking for unstated dependencies in 'tests' ... OK
- checking tests ... [6s] ERROR
Running 'testthat.R' [5s]
Running the tests in 'tests/testthat.R' failed.
Complete output:
> # This file is part of the standard setup for testthat.
> # It is recommended that you do not modify it.
> #
> # Where should you do additional test configuration?
> # Learn more about the roles of various files in:
> # * https://r-pkgs.org/testing-design.html#sec-tests-files-overview
> # * https://testthat.r-lib.org/articles/special-files.html
>
> library(testthat)
> library(baf)
>
> test_check('baf')
[100%] Downloaded 8453 bytes...
[0%] Downloaded 1360 bytes...
[0%] Downloaded 2729 bytes...
[1%] Downloaded 31513 bytes...
[1%] Downloaded 47879 bytes...
[2%] Downloaded 64245 bytes...
[2%] Downloaded 65536 bytes...
[3%] Downloaded 90342 bytes...
[4%] Downloaded 121589 bytes...
[4%] Downloaded 137937 bytes...
[4%] Downloaded 138009 bytes...
[5%] Downloaded 154357 bytes...
[5%] Downloaded 166681 bytes...
[6%] Downloaded 178969 bytes...
[6%] Downloaded 191257 bytes...
[7%] Downloaded 207623 bytes...
[7%] Downloaded 223989 bytes...
[8%] Downloaded 244487 bytes...
[9%] Downloaded 260853 bytes...
[9%] Downloaded 277219 bytes...
[9%] Downloaded 277255 bytes...
[10%] Downloaded 293621 bytes...
[10%] Downloaded 309987 bytes...
[10%] Downloaded 310023 bytes...
[11%] Downloaded 326389 bytes...
[11%] Downloaded 326425 bytes...
[11%] Downloaded 342791 bytes...
[12%] Downloaded 359157 bytes...
[13%] Downloaded 375523 bytes...
[13%] Downloaded 391889 bytes...
[13%] Downloaded 391961 bytes...
[14%] Downloaded 408327 bytes...
[14%] Downloaded 424693 bytes...
[14%] Downloaded 424729 bytes...
[15%] Downloaded 441095 bytes...
[15%] Downloaded 457461 bytes...
[16%] Downloaded 482055 bytes...
[17%] Downloaded 498421 bytes...
[17%] Downloaded 498457 bytes...
[17%] Downloaded 514823 bytes...
[18%] Downloaded 531189 bytes...
[19%] Downloaded 547555 bytes...
[19%] Downloaded 563921 bytes...
[19%] Downloaded 563993 bytes...
[20%] Downloaded 580359 bytes...
[20%] Downloaded 596725 bytes...
[21%] Downloaded 613091 bytes...
[22%] Downloaded 637703 bytes...
[22%] Downloaded 654069 bytes...
[23%] Downloaded 670435 bytes...
[23%] Downloaded 686801 bytes...
[24%] Downloaded 703167 bytes...
[25%] Downloaded 727815 bytes...
[25%] Downloaded 744181 bytes...
[26%] Downloaded 760547 bytes...
[26%] Downloaded 760601 bytes...
[27%] Downloaded 776967 bytes...
[27%] Downloaded 793333 bytes...
[27%] Downloaded 793369 bytes...
[28%] Downloaded 809735 bytes...
[28%] Downloaded 826101 bytes...
[28%] Downloaded 826137 bytes...
[29%] Downloaded 842503 bytes...
[29%] Downloaded 858869 bytes...
[30%] Downloaded 875235 bytes...
[31%] Downloaded 891601 bytes...
[31%] Downloaded 907967 bytes...
[32%] Downloaded 932615 bytes...
[33%] Downloaded 948981 bytes...
[33%] Downloaded 965347 bytes...
[34%] Downloaded 981713 bytes...
[34%] Downloaded 981785 bytes...
[34%] Downloaded 998151 bytes...
[35%] Downloaded 1014517 bytes...
[35%] Downloaded 1030883 bytes...
[36%] Downloaded 1039129 bytes...
[36%] Downloaded 1055495 bytes...
[37%] Downloaded 1071861 bytes...
[37%] Downloaded 1088227 bytes...
[37%] Downloaded 1088263 bytes...
[38%] Downloaded 1104629 bytes...
[39%] Downloaded 1129223 bytes...
[39%] Downloaded 1145589 bytes...
[40%] Downloaded 1153817 bytes...
[40%] Downloaded 1170183 bytes...
[41%] Downloaded 1186549 bytes...
[41%] Downloaded 1202915 bytes...
[42%] Downloaded 1219281 bytes...
[42%] Downloaded 1235647 bytes...
[43%] Downloaded 1252013 bytes...
[43%] Downloaded 1252121 bytes...
[44%] Downloaded 1268487 bytes...
[44%] Downloaded 1284853 bytes...
[45%] Downloaded 1301219 bytes...
[45%] Downloaded 1301255 bytes...
[45%] Downloaded 1309465 bytes...
[46%] Downloaded 1325831 bytes...
[46%] Downloaded 1342197 bytes...
[47%] Downloaded 1358563 bytes...
[47%] Downloaded 1374929 bytes...
[48%] Downloaded 1391295 bytes...
[48%] Downloaded 1391367 bytes...
[48%] Downloaded 1407733 bytes...
[49%] Downloaded 1424099 bytes...
[49%] Downloaded 1424135 bytes...
[50%] Downloaded 1448711 bytes...
[50%] Downloaded 1465077 bytes...
[51%] Downloaded 1481443 bytes...
[51%] Downloaded 1481479 bytes...
[52%] Downloaded 1497845 bytes...
[52%] Downloaded 1514211 bytes...
[53%] Downloaded 1530577 bytes...
[53%] Downloaded 1546943 bytes...
[53%] Downloaded 1547015 bytes...
[54%] Downloaded 1563381 bytes...
[54%] Downloaded 1579747 bytes...
[54%] Downloaded 1579783 bytes...
[55%] Downloaded 1596149 bytes...
[56%] Downloaded 1612515 bytes...
[56%] Downloaded 1628881 bytes...
[57%] Downloaded 1645247 bytes...
[57%] Downloaded 1645319 bytes...
[57%] Downloaded 1661685 bytes...
[57%] Downloaded 1661721 bytes...
[58%] Downloaded 1678087 bytes...
[58%] Downloaded 1694453 bytes...
[58%] Downloaded 1694489 bytes...
[59%] Downloaded 1710855 bytes...
[60%] Downloaded 1727221 bytes...
[60%] Downloaded 1743587 bytes...
[61%] Downloaded 1759953 bytes...
[61%] Downloaded 1760025 bytes...
[61%] Downloaded 1776391 bytes...
[62%] Downloaded 1792757 bytes...
[62%] Downloaded 1809123 bytes...
[63%] Downloaded 1825489 bytes...
[63%] Downloaded 1825561 bytes...
[64%] Downloaded 1841927 bytes...
[64%] Downloaded 1858293 bytes...
[65%] Downloaded 1874659 bytes...
[65%] Downloaded 1874695 bytes...
[65%] Downloaded 1891061 bytes...
[65%] Downloaded 1891097 bytes...
[66%] Downloaded 1907463 bytes...
[66%] Downloaded 1923829 bytes...
[67%] Downloaded 1940195 bytes...
[68%] Downloaded 1956561 bytes...
[68%] Downloaded 1956633 bytes...
[68%] Downloaded 1972999 bytes...
[69%] Downloaded 1989365 bytes...
[69%] Downloaded 2005731 bytes...
[70%] Downloaded 2022097 bytes...
[70%] Downloaded 2038463 bytes...
[71%] Downloaded 2054829 bytes...
[72%] Downloaded 2071195 bytes...
[72%] Downloaded 2087561 bytes...
[73%] Downloaded 2103927 bytes...
[73%] Downloaded 2120293 bytes...
[74%] Downloaded 2136659 bytes...
[74%] Downloaded 2136839 bytes...
[74%] Downloaded 2153205 bytes...
[74%] Downloaded 2153241 bytes...
[75%] Downloaded 2169607 bytes...
[76%] Downloaded 2185973 bytes...
[76%] Downloaded 2186009 bytes...
[76%] Downloaded 2202375 bytes...
[76%] Downloaded 2210585 bytes...
[77%] Downloaded 2226951 bytes...
[78%] Downloaded 2243317 bytes...
[78%] Downloaded 2259683 bytes...
[79%] Downloaded 2276049 bytes...
[79%] Downloaded 2276121 bytes...
[79%] Downloaded 2292487 bytes...
[80%] Downloaded 2308853 bytes...
[80%] Downloaded 2325219 bytes...
[81%] Downloaded 2333465 bytes...
[81%] Downloaded 2349831 bytes...
[82%] Downloaded 2366197 bytes...
[82%] Downloaded 2382563 bytes...
[82%] Downloaded 2382599 bytes...
[83%] Downloaded 2398965 bytes...
[84%] Downloaded 2415331 bytes...
[84%] Downloaded 2415367 bytes...
[84%] Downloaded 2431733 bytes...
[84%] Downloaded 2431769 bytes...
[85%] Downloaded 2448135 bytes...
[85%] Downloaded 2464501 bytes...
[86%] Downloaded 2480867 bytes...
[86%] Downloaded 2497233 bytes...
[86%] Downloaded 2497305 bytes...
[87%] Downloaded 2513671 bytes...
[87%] Downloaded 2530037 bytes...
[88%] Downloaded 2546403 bytes...
[88%] Downloaded 2546439 bytes...
[89%] Downloaded 2562805 bytes...
[89%] Downloaded 2562841 bytes...
[89%] Downloaded 2579207 bytes...
[90%] Downloaded 2595573 bytes...
[90%] Downloaded 2611939 bytes...
[91%] Downloaded 2628305 bytes...
[91%] Downloaded 2628377 bytes...
[91%] Downloaded 2644743 bytes...
[92%] Downloaded 2661109 bytes...
[93%] Downloaded 2677475 bytes...
[93%] Downloaded 2693841 bytes...
[93%] Downloaded 2693913 bytes...
[94%] Downloaded 2710279 bytes...
[94%] Downloaded 2726645 bytes...
[94%] Downloaded 2726681 bytes...
[95%] Downloaded 2743047 bytes...
[95%] Downloaded 2759413 bytes...
[95%] Downloaded 2759449 bytes...
[96%] Downloaded 2775815 bytes...
[97%] Downloaded 2792181 bytes...
[97%] Downloaded 2808547 bytes...
[98%] Downloaded 2824913 bytes...
[98%] Downloaded 2841279 bytes...
[99%] Downloaded 2857645 bytes...
[99%] Downloaded 2874011 bytes...
[100%] Downloaded 2875289 bytes...
[ FAIL 1 | WARN 1 | SKIP 0 | PASS 4 ]
══ Failed tests ════════════════════════════════════════════════════════════════
── Failure ('test-baf.R:11:3'): baf works ──────────────────────────────────────
`out` has length 0, not length 7.
[ FAIL 1 | WARN 1 | SKIP 0 | PASS 4 ]
Error: Test failures
Execution halted
- checking PDF version of manual ... [17s] OK
- checking HTML version of manual ... [1s] OK
- DONE
Status: 1 ERROR