- using R version 4.1.3 (2022-03-10)
- using platform: x86_64-w64-mingw32 (64-bit)
- using session charset: ISO8859-1
- checking for file 'waywiser/DESCRIPTION' ... OK
- checking extension type ... Package
- this is package 'waywiser' version '0.3.0'
- package encoding: UTF-8
- checking package namespace information ... OK
- checking package dependencies ... OK
- checking if this is a source package ... OK
- checking if there is a namespace ... OK
- checking for hidden files and directories ... OK
- checking for portable file names ... OK
- checking whether package 'waywiser' can be installed ... OK
- checking installed package size ... OK
- checking package directory ... OK
- checking 'build' directory ... OK
- checking DESCRIPTION meta-information ... OK
- checking top-level files ... OK
- checking for left-over files ... OK
- checking index information ... OK
- checking package subdirectories ... OK
- checking R files for non-ASCII characters ... OK
- checking R files for syntax errors ... OK
- checking whether the package can be loaded ... OK
- checking whether the package can be loaded with stated dependencies ... OK
- checking whether the package can be unloaded cleanly ... OK
- checking whether the namespace can be loaded with stated dependencies ... OK
- checking whether the namespace can be unloaded cleanly ... OK
- checking loading without being on the library search path ... OK
- checking use of S3 registration ... OK
- checking dependencies in R code ... OK
- checking S3 generic/method consistency ... OK
- checking replacement functions ... OK
- checking foreign function calls ... OK
- checking R code for possible problems ... [7s] OK
- checking Rd files ... [1s] OK
- checking Rd metadata ... OK
- checking Rd cross-references ... OK
- checking for missing documentation entries ... OK
- checking for code/documentation mismatches ... OK
- checking Rd \usage sections ... OK
- checking Rd contents ... OK
- checking for unstated dependencies in examples ... OK
- checking contents of 'data' directory ... OK
- checking data for non-ASCII characters ... WARNING
Warning: found non-ASCII string
'PROJCRS["NTF (Paris) / Lambert zone II",
BASEGEOGCRS["NTF (Paris)",
DATUM["Nouvelle Triangulation Francaise (Paris)",
ELLIPSOID["Clarke 1880 (IGN)",6378249.2,293.466021293627,
LENGTHUNIT["metre",1]]],
PRIMEM["Paris",2.5969213,
ANGLEUNIT["grad",0.0157079632679489]],
ID["EPSG",4807]],
CONVERSION["Lambert zone II",
METHOD["Lambert Conic Conformal (1SP)",
ID["EPSG",9801]],
PARAMETER["Latitude of natural origin",52,
ANGLEUNIT["grad",0.0157079632679489],
ID["EPSG",8801]],
PARAMETER["Longitude of natural origin",0,
ANGLEUNIT["grad",0.0157079632679489],
ID["EPSG",8802]],
PARAMETER["Scale factor at natural origin",0.99987742,
SCALEUNIT["unity",1],
ID["EPSG",8805]],
PARAMETER["False easting",600000,
LENGTHUNIT["metre",1],
ID["EPSG",8806]],
PARAMETER["False northing",2200000,
LENGTHUNIT["metre",1],
ID["EPSG",8807]]],
CS[Cartesian,2],
AXIS["easting (X)",east,
ORDER[1],
LENGTHUNIT["metre",1]],
AXIS["northing (Y)",north,
ORDER[2],
LENGTHUNIT["metre",1]],
USAGE[
SCOPE["Engineering survey, topographic mapping."],
AREA["France mainland onshore between 50.5 grads and 53.5 grads North (45<c2><b0>27'N to 48<c2><b0>09'N). Also used over all onshore mainland France."],
BBOX[42.33,-4.87,51.14,8.23]],
ID["EPSG",27572]]' in object 'guerry'
- checking LazyData ... OK
- checking data for ASCII and uncompressed saves ... OK
- checking R/sysdata.rda ... OK
- checking installed files from 'inst/doc' ... OK
- checking files in 'vignettes' ... OK
- checking examples ... [25s] OK
- checking for unstated dependencies in 'tests' ... OK
- checking tests ... [251s] OK
Running 'testthat.R' [251s]
- checking for unstated dependencies in vignettes ... OK
- checking package vignettes in 'inst/doc' ... OK
- checking re-building of vignette outputs ... [231s] OK
- checking PDF version of manual ... OK
- DONE
Status: 1 WARNING