- using R version 3.6.3 (2020-02-29)
- using platform: x86_64-w64-mingw32 (64-bit)
- using session charset: ISO8859-1
- checking for file 'tidystats/DESCRIPTION' ... OK
- checking extension type ... Package
- this is package 'tidystats' version '0.5'
- package encoding: UTF-8
- checking package namespace information ... OK
- checking package dependencies ... OK
- checking if this is a source package ... OK
- checking if there is a namespace ... OK
- checking for hidden files and directories ... OK
- checking for portable file names ... OK
- checking whether package 'tidystats' can be installed ... OK
- checking installed package size ... OK
- checking package directory ... OK
- checking 'build' directory ... OK
- checking DESCRIPTION meta-information ... OK
- checking top-level files ... OK
- checking for left-over files ... OK
- checking index information ... OK
- checking package subdirectories ... OK
- checking R files for non-ASCII characters ... OK
- checking R files for syntax errors ... OK
- checking whether the package can be loaded ... OK
- checking whether the package can be loaded with stated dependencies ... OK
- checking whether the package can be unloaded cleanly ... OK
- checking whether the namespace can be loaded with stated dependencies ... OK
- checking whether the namespace can be unloaded cleanly ... OK
- checking loading without being on the library search path ... OK
- checking use of S3 registration ... OK
- checking dependencies in R code ... OK
- checking S3 generic/method consistency ... OK
- checking replacement functions ... OK
- checking foreign function calls ... OK
- checking R code for possible problems ... [9s] OK
- checking Rd files ... OK
- checking Rd metadata ... OK
- checking Rd cross-references ... OK
- checking for missing documentation entries ... OK
- checking for code/documentation mismatches ... OK
- checking Rd \usage sections ... OK
- checking Rd contents ... OK
- checking for unstated dependencies in examples ... OK
- checking contents of 'data' directory ... OK
- checking data for non-ASCII characters ... OK
- checking data for ASCII and uncompressed saves ... OK
- checking installed files from 'inst/doc' ... OK
- checking files in 'vignettes' ... OK
- checking examples ... [3s] OK
- checking for unstated dependencies in 'tests' ... OK
- checking tests ... [18s] ERROR
Running 'testthat.R' [18s]
Running the tests in 'tests/testthat.R' failed.
Complete output:
> library(testthat)
> library(tidystats)
Welcome to tidystats 0.5.
Please note that this update (again) breaks much of the code from previous versions; so please check your old code carefully.
>
> test_check("tidystats")
== Failed tests ================================================================
-- Error (test_htest.R:14:3): one sample t-tests works -------------------------
Error: 'formula' missing or incorrect
Backtrace:
x
1. +-stats::t.test(extra ~ 1, data = sleep) test_htest.R:14:2
2. \-stats:::t.test.formula(extra ~ 1, data = sleep)
-- Failure (test_htest.R:168:3): wilcoxon signed rank exact tests works --------
`tidy_model` not equal to `tidy_model_test`.
Component "method": 1 string mismatch
-- Failure (test_htest.R:212:3): wilcoxon rank sum tests works -----------------
`tidy_model` not equal to `tidy_model_test`.
Component "method": 1 string mismatch
[ FAIL 3 | WARN 0 | SKIP 0 | PASS 68 ]
Error: Test failures
Execution halted
- checking for unstated dependencies in vignettes ... OK
- checking package vignettes in 'inst/doc' ... OK
- checking re-building of vignette outputs ... [6s] OK
- checking PDF version of manual ... OK
- DONE
Status: 1 ERROR