- using R version 3.6.3 (2020-02-29)
- using platform: x86_64-w64-mingw32 (64-bit)
- using session charset: ISO8859-1
- checking for file 'rsvg/DESCRIPTION' ... OK
- checking extension type ... Package
- this is package 'rsvg' version '2.1'
- checking package namespace information ... OK
- checking package dependencies ... OK
- checking if this is a source package ... OK
- checking if there is a namespace ... OK
- checking for hidden files and directories ... OK
- checking for portable file names ... OK
- checking whether package 'rsvg' can be installed ... OK
- checking installed package size ... NOTE
installed size is 29.6Mb
sub-directories of 1Mb or more:
libs 29.3Mb
- checking package directory ... OK
- checking 'build' directory ... OK
- checking DESCRIPTION meta-information ... OK
- checking top-level files ... OK
- checking for left-over files ... OK
- checking index information ... OK
- checking package subdirectories ... OK
- checking R files for non-ASCII characters ... OK
- checking R files for syntax errors ... OK
- loading checks for arch 'i386'
- checking whether the package can be loaded ... OK
- checking whether the package can be loaded with stated dependencies ... OK
- checking whether the package can be unloaded cleanly ... OK
- checking whether the namespace can be loaded with stated dependencies ... OK
- checking whether the namespace can be unloaded cleanly ... OK
- checking loading without being on the library search path ... OK
- checking use of S3 registration ... OK
- loading checks for arch 'x64'
- checking whether the package can be loaded ... OK
- checking whether the package can be loaded with stated dependencies ... OK
- checking whether the package can be unloaded cleanly ... OK
- checking whether the namespace can be loaded with stated dependencies ... OK
- checking whether the namespace can be unloaded cleanly ... OK
- checking loading without being on the library search path ... OK
- checking use of S3 registration ... OK
- checking dependencies in R code ... OK
- checking S3 generic/method consistency ... OK
- checking replacement functions ... OK
- checking foreign function calls ... OK
- checking R code for possible problems ... [2s] OK
- checking Rd files ... OK
- checking Rd metadata ... OK
- checking Rd cross-references ... OK
- checking for missing documentation entries ... OK
- checking for code/documentation mismatches ... OK
- checking Rd \usage sections ... OK
- checking Rd contents ... OK
- checking for unstated dependencies in examples ... OK
- checking line endings in shell scripts ... OK
- checking line endings in C/C++/Fortran sources/headers ... OK
- checking line endings in Makefiles ... OK
- checking compilation flags in Makevars ... OK
- checking for GNU extensions in Makefiles ... OK
- checking for portable use of $(BLAS_LIBS) and $(LAPACK_LIBS) ... OK
- checking pragmas in C/C++ headers and code ... OK
- checking compiled code ... OK
- checking installed files from 'inst/doc' ... OK
- checking files in 'vignettes' ... OK
- checking examples ...
- running examples for arch 'i386' ... [7s] OK
- running examples for arch 'x64' ... [6s] OK
- checking for unstated dependencies in 'tests' ... OK
- checking tests ...
- running tests for arch 'i386' ... [1s] OK
Running 'spelling.R' [0s]
- running tests for arch 'x64' ... [1s] OK
Running 'spelling.R' [0s]
- checking for unstated dependencies in vignettes ... OK
- checking package vignettes in 'inst/doc' ... OK
- checking re-building of vignette outputs ... [1s] WARNING
Error(s) in re-building vignettes:
--- re-building 'svg-css.Rmd' using rmarkdown
Warning in engine$weave(file, quiet = quiet, encoding = enc) :
The vignette engine knitr::rmarkdown is not available because the rmarkdown package is not available. Did you forget to add it to Suggests in DESCRIPTION? Please see https://github.com/yihui/knitr/issues/1864 for more information.
Quitting from lines 84-87 (svg-css.Rmd)
Error: processing vignette 'svg-css.Rmd' failed with diagnostics:
cannot open the connection
--- failed re-building 'svg-css.Rmd'
SUMMARY: processing the following file failed:
'svg-css.Rmd'
Error: Vignette re-building failed.
Execution halted
- checking PDF version of manual ... OK
- DONE
Status: 1 WARNING, 1 NOTE