- using R version 4.1.3 (2022-03-10)
- using platform: x86_64-w64-mingw32 (64-bit)
- using session charset: ISO8859-1
- checking for file 'readODS/DESCRIPTION' ... OK
- checking extension type ... Package
- this is package 'readODS' version '1.8.0'
- package encoding: UTF-8
- checking package namespace information ... OK
- checking package dependencies ... OK
- checking if this is a source package ... OK
- checking if there is a namespace ... OK
- checking for hidden files and directories ... OK
- checking for portable file names ... OK
- checking whether package 'readODS' can be installed ... OK
- checking installed package size ... OK
- checking package directory ... OK
- checking 'build' directory ... OK
- checking DESCRIPTION meta-information ... OK
- checking top-level files ... OK
- checking for left-over files ... OK
- checking index information ... OK
- checking package subdirectories ... OK
- checking R files for non-ASCII characters ... OK
- checking R files for syntax errors ... OK
- checking whether the package can be loaded ... OK
- checking whether the package can be loaded with stated dependencies ... OK
- checking whether the package can be unloaded cleanly ... OK
- checking whether the namespace can be loaded with stated dependencies ... OK
- checking whether the namespace can be unloaded cleanly ... OK
- checking loading without being on the library search path ... OK
- checking use of S3 registration ... OK
- checking dependencies in R code ... OK
- checking S3 generic/method consistency ... OK
- checking replacement functions ... OK
- checking foreign function calls ... OK
- checking R code for possible problems ... [3s] OK
- checking Rd files ... [0s] OK
- checking Rd metadata ... OK
- checking Rd cross-references ... OK
- checking for missing documentation entries ... OK
- checking for code/documentation mismatches ... OK
- checking Rd \usage sections ... OK
- checking Rd contents ... OK
- checking for unstated dependencies in examples ... OK
- checking R/sysdata.rda ... OK
- checking installed files from 'inst/doc' ... OK
- checking files in 'vignettes' ... OK
- checking examples ... [1s] OK
- checking for unstated dependencies in 'tests' ... OK
- checking tests ... [13s] ERROR
Running 'testthat.R' [13s]
Running the tests in 'tests/testthat.R' failed.
Complete output:
> library(testthat)
> library(readODS)
> test_check("readODS")
[ FAIL 1 | WARN 0 | SKIP 8 | PASS 167 ]
== Skipped tests ===============================================================
* On CRAN (8)
== Failed tests ================================================================
-- Error ('test_xml_fuzz.R:6:5'): basic test case #1 ---------------------------
Error in `read_xml.character(con, options = c("NOBLANKS", "HUGE"))`: Input is not proper UTF-8, indicate encoding !
Bytes: 0x9A 0x22 0x20 0x74 [9]
Backtrace:
x
1. \-readODS::read_ods(ascii_test_file) at test_xml_fuzz.R:6:4
2. \-readODS:::.parse_ods_to_sheets(path)
3. \-readODS:::.parse_ods_file(file)
4. +-xml2::read_xml(con, options = c("NOBLANKS", "HUGE"))
5. \-xml2:::read_xml.character(con, options = c("NOBLANKS", "HUGE"))
[ FAIL 1 | WARN 0 | SKIP 8 | PASS 167 ]
Error: Test failures
Execution halted
- checking for unstated dependencies in vignettes ... OK
- checking package vignettes in 'inst/doc' ... OK
- checking re-building of vignette outputs ... [6s] OK
- checking PDF version of manual ... OK
- DONE
Status: 1 ERROR