- using R version 4.1.3 (2022-03-10)
- using platform: x86_64-w64-mingw32 (64-bit)
- using session charset: ISO8859-1
- checking for file 'htmcglm/DESCRIPTION' ... OK
- checking extension type ... Package
- this is package 'htmcglm' version '0.0.1'
- package encoding: UTF-8
- checking package namespace information ... OK
- checking package dependencies ... OK
- checking if this is a source package ... OK
- checking if there is a namespace ... OK
- checking for hidden files and directories ... OK
- checking for portable file names ... OK
- checking whether package 'htmcglm' can be installed ... OK
- checking installed package size ... OK
- checking package directory ... OK
- checking DESCRIPTION meta-information ... OK
- checking top-level files ... OK
- checking for left-over files ... OK
- checking index information ... OK
- checking package subdirectories ... OK
- checking R files for non-ASCII characters ... OK
- checking R files for syntax errors ... OK
- checking whether the package can be loaded ... OK
- checking whether the package can be loaded with stated dependencies ... OK
- checking whether the package can be unloaded cleanly ... OK
- checking whether the namespace can be loaded with stated dependencies ... OK
- checking whether the namespace can be unloaded cleanly ... OK
- checking loading without being on the library search path ... OK
- checking use of S3 registration ... OK
- checking dependencies in R code ... OK
- checking S3 generic/method consistency ... OK
- checking replacement functions ... OK
- checking foreign function calls ... OK
- checking R code for possible problems ... [11s] OK
- checking Rd files ... [1s] OK
- checking Rd metadata ... OK
- checking Rd cross-references ... OK
- checking for missing documentation entries ... OK
- checking for code/documentation mismatches ... OK
- checking Rd \usage sections ... OK
- checking Rd contents ... OK
- checking for unstated dependencies in examples ... OK
- checking examples ... [3s] ERROR
Running examples in 'htmcglm-Ex.R' failed
The error most likely occurred in:
> ### Name: mc_anova_I
> ### Title: ANOVA type I table for mcglm objects via Wald test.
> ### Aliases: mc_anova_I
>
> ### ** Examples
>
>
> library(mcglm)
----------------------------------------------------------------------
mcglm: Multivariate Covariance Generalized Linear Models
For support, collaboration or bug report, visit:
http://mcglm.leg.ufpr.br/
mcglm version 0.7.0 (build on 2021-07-07) is now loaded.
----------------------------------------------------------------------
> library(Matrix)
> library(htmcglm)
>
> data("soya", package = "mcglm")
>
> form.grain <- grain ~ water * pot
> form.seed <- seeds ~ water * pot
>
> soya$viablepeasP <- soya$viablepeas / soya$totalpeas
> form.peas <- viablepeasP ~ water * pot
>
> Z0 <- mc_id(soya)
> Z1 <- mc_mixed(~0 + factor(block), data = soya)
>
> fit_joint <- mcglm(linear_pred = c(form.grain,
+ form.seed,
+ form.peas),
+ matrix_pred = list(c(Z0, Z1),
+ c(Z0, Z1),
+ c(Z0, Z1)),
+ link = c("identity",
+ "log",
+ "logit"),
+ variance = c("constant",
+ "tweedie",
+ "binomialP"),
+ Ntrial = list(NULL,
+ NULL,
+ soya$totalpeas),
+ power_fixed = c(TRUE,TRUE,TRUE),
+ data = soya)
Automatic initial values selected.
Error in (function (classes, fdef, mtable) :
unable to find an inherited method for function 'forceSymmetric' for signature '"dgCMatrix", "logical"'
Error: $ operator is invalid for atomic vectors
Execution halted
- checking PDF version of manual ... OK
- DONE
Status: 1 ERROR