- using R version 3.6.3 (2020-02-29)
- using platform: x86_64-w64-mingw32 (64-bit)
- using session charset: ISO8859-1
- checking for file 'echarts4r/DESCRIPTION' ... OK
- this is package 'echarts4r' version '0.3.3'
- package encoding: UTF-8
- checking package namespace information ... OK
- checking package dependencies ... OK
- checking if this is a source package ... OK
- checking if there is a namespace ... OK
- checking for hidden files and directories ... OK
- checking for portable file names ... OK
- checking whether package 'echarts4r' can be installed ... OK
- checking installed package size ... OK
- checking package directory ... OK
- checking DESCRIPTION meta-information ... OK
- checking top-level files ... OK
- checking for left-over files ... OK
- checking index information ... OK
- checking package subdirectories ... OK
- checking R files for non-ASCII characters ... OK
- checking R files for syntax errors ... OK
- checking whether the package can be loaded ... OK
- checking whether the package can be loaded with stated dependencies ... OK
- checking whether the package can be unloaded cleanly ... OK
- checking whether the namespace can be loaded with stated dependencies ... OK
- checking whether the namespace can be unloaded cleanly ... OK
- checking loading without being on the library search path ... OK
- checking use of S3 registration ... OK
- checking dependencies in R code ... OK
- checking S3 generic/method consistency ... OK
- checking replacement functions ... OK
- checking foreign function calls ... OK
- checking R code for possible problems ... [27s] OK
- checking Rd files ... OK
- checking Rd metadata ... OK
- checking Rd cross-references ... OK
- checking for missing documentation entries ... OK
- checking for code/documentation mismatches ... OK
- checking Rd \usage sections ... OK
- checking Rd contents ... OK
- checking for unstated dependencies in examples ... OK
- checking examples ... [51s] OK
- checking for unstated dependencies in 'tests' ... OK
- checking tests ... [5s] ERROR
Running 'testthat.R' [4s]
Running the tests in 'tests/testthat.R' failed.
Complete output:
> library(testthat)
> library(echarts4r)
>
> test_check("echarts4r")
== Failed tests ================================================================
-- Failure (test-chart_types.R:242:3): e_funnel plot has the good data structure and type --
plot$x$opts$series[[1]]$data not equal to list(...).
Component 1: Component 2: 'current' is not a factor
Component 2: Component 2: 'current' is not a factor
Component 3: Component 2: 'current' is not a factor
-- Failure (test-chart_types.R:639:3): e_cloud plot has the good data structure and type --
plot$x$opts$series[[1]]$data not equal to list(...).
Component 1: Component 2: 'current' is not a factor
Component 2: Component 2: 'current' is not a factor
Component 3: Component 2: 'current' is not a factor
Component 4: Component 2: 'current' is not a factor
Component 5: Component 2: 'current' is not a factor
[ FAIL 2 | WARN 0 | SKIP 0 | PASS 134 ]
Error: Test failures
Execution halted
- checking PDF version of manual ... OK
- DONE
Status: 1 ERROR