- using R version 4.1.3 (2022-03-10)
- using platform: x86_64-w64-mingw32 (64-bit)
- using session charset: ISO8859-1
- checking for file 'demcon/DESCRIPTION' ... OK
- checking extension type ... Package
- this is package 'demcon' version '0.4.0'
- package encoding: UTF-8
- checking package namespace information ... OK
- checking package dependencies ... OK
- checking if this is a source package ... OK
- checking if there is a namespace ... OK
- checking for hidden files and directories ... OK
- checking for portable file names ... OK
- checking whether package 'demcon' can be installed ... OK
- checking installed package size ... OK
- checking package directory ... OK
- checking 'build' directory ... OK
- checking DESCRIPTION meta-information ... OK
- checking top-level files ... OK
- checking for left-over files ... OK
- checking index information ... OK
- checking package subdirectories ... OK
- checking R files for non-ASCII characters ... OK
- checking R files for syntax errors ... OK
- checking whether the package can be loaded ... OK
- checking whether the package can be loaded with stated dependencies ... OK
- checking whether the package can be unloaded cleanly ... OK
- checking whether the namespace can be loaded with stated dependencies ... OK
- checking whether the namespace can be unloaded cleanly ... OK
- checking loading without being on the library search path ... OK
- checking use of S3 registration ... OK
- checking dependencies in R code ... NOTE
Initiating curl with CURL_SSL_BACKEND: openssl
- checking S3 generic/method consistency ... OK
- checking replacement functions ... OK
- checking foreign function calls ... OK
- checking R code for possible problems ... [4s] OK
- checking Rd files ... [1s] OK
- checking Rd metadata ... OK
- checking Rd cross-references ... OK
- checking for missing documentation entries ... OK
- checking for code/documentation mismatches ... OK
- checking Rd \usage sections ... OK
- checking Rd contents ... OK
- checking for unstated dependencies in examples ... OK
- checking contents of 'data' directory ... OK
- checking data for non-ASCII characters ... OK
- checking LazyData ... OK
- checking data for ASCII and uncompressed saves ... OK
- checking installed files from 'inst/doc' ... OK
- checking files in 'vignettes' ... OK
- checking examples ... [6s] ERROR
Running examples in 'demcon-Ex.R' failed
The error most likely occurred in:
> ### Name: get_cce
> ### Title: Retrieve Chronology of Constitutional Events Dataset
> ### Aliases: get_cce
>
> ### ** Examples
>
>
> cce<-get_cce(del_file=TRUE, write_out = FALSE)
Initiating curl with CURL_SSL_BACKEND: openssl
trying URL 'https://comparativeconstitutionsproject.org/data/ccpcce_v1_3.zip'
Warning in utils::download.file(cce_url, file.path(tempdir(), "ccpcce_v1_3.zip")) :
InternetOpenUrl failed: 'Die Serververbindung konnte nicht hergestellt werden.'
Error in utils::download.file(cce_url, file.path(tempdir(), "ccpcce_v1_3.zip")) :
cannot open URL 'https://comparativeconstitutionsproject.org/data/ccpcce_v1_3.zip'
Calls: get_cce -> <Anonymous>
Execution halted
- checking for unstated dependencies in 'tests' ... OK
- checking tests ... [172s] ERROR
Running 'testthat.R' [172s]
Running the tests in 'tests/testthat.R' failed.
Complete output:
> library(testthat)
> library(demcon)
>
> test_check("demcon")
Initiating curl with CURL_SSL_BACKEND: openssl
trying URL 'https://comparativeconstitutionsproject.org/data/ccpcce_v1_3.zip'
trying URL 'https://comparativeconstitutionsproject.org/data/ccpcce_v1_3.zip'
trying URL 'https://comparativeconstitutionsproject.org/data/ccpcce_v1_3.zip'
trying URL 'https://comparativeconstitutionsproject.org/data/ccpcce_v1_3.zip'
trying URL 'https://comparativeconstitutionsproject.org/data/ccpcce_v1_3.zip'
[ FAIL 5 | WARN 21 | SKIP 1 | PASS 46 ]
== Skipped tests ===============================================================
* On CRAN (1)
== Failed tests ================================================================
-- Error ('test-get_cce.R:5:3'): cce source is still there and downloads -------
Error in `utils::download.file(cce_url, file.path(tempdir(), "ccpcce_v1_3.zip"))`: cannot open URL 'https://comparativeconstitutionsproject.org/data/ccpcce_v1_3.zip'
Backtrace:
x
1. \-demcon::get_cce(del_file = FALSE) at test-get_cce.R:5:2
2. \-utils::download.file(cce_url, file.path(tempdir(), "ccpcce_v1_3.zip"))
-- Error ('test-get_cce.R:17:3'): cce structure is the same --------------------
Error in `utils::download.file(cce_url, file.path(tempdir(), "ccpcce_v1_3.zip"))`: cannot open URL 'https://comparativeconstitutionsproject.org/data/ccpcce_v1_3.zip'
Backtrace:
x
1. \-demcon::get_cce(del_file = FALSE) at test-get_cce.R:17:2
2. \-utils::download.file(cce_url, file.path(tempdir(), "ccpcce_v1_3.zip"))
-- Error ('test-plot_cce.R:3:3'): plot.cce works same as last test -------------
Error in `utils::download.file(cce_url, file.path(tempdir(), "ccpcce_v1_3.zip"))`: cannot open URL 'https://comparativeconstitutionsproject.org/data/ccpcce_v1_3.zip'
Backtrace:
x
1. \-demcon::get_cce() at test-plot_cce.R:3:2
2. \-utils::download.file(cce_url, file.path(tempdir(), "ccpcce_v1_3.zip"))
-- Error ('test-prep_cce.R:3:3'): prep cce completes prep ----------------------
Error in `utils::download.file(cce_url, file.path(tempdir(), "ccpcce_v1_3.zip"))`: cannot open URL 'https://comparativeconstitutionsproject.org/data/ccpcce_v1_3.zip'
Backtrace:
x
1. \-demcon::get_cce() at test-prep_cce.R:3:2
2. \-utils::download.file(cce_url, file.path(tempdir(), "ccpcce_v1_3.zip"))
-- Error ('test-utils.R:2:3'): multi_sub indexes properly ----------------------
Error in `utils::download.file(cce_url, file.path(tempdir(), "ccpcce_v1_3.zip"))`: cannot open URL 'https://comparativeconstitutionsproject.org/data/ccpcce_v1_3.zip'
Backtrace:
x
1. \-demcon::get_cce() at test-utils.R:2:2
2. \-utils::download.file(cce_url, file.path(tempdir(), "ccpcce_v1_3.zip"))
[ FAIL 5 | WARN 21 | SKIP 1 | PASS 46 ]
Deleting unused snapshots:
* plot_cce/france-cce-plot.svg
* plot_cshp_mult/yemens-secession-plot.svg
Error: Test failures
Execution halted
- checking for unstated dependencies in vignettes ... OK
- checking package vignettes in 'inst/doc' ... OK
- checking re-building of vignette outputs ... [129s] OK
- checking PDF version of manual ... OK
- DONE
Status: 2 ERRORs, 1 NOTE