- using R version 3.6.3 (2020-02-29)
- using platform: x86_64-w64-mingw32 (64-bit)
- using session charset: ISO8859-1
- checking for file 'comprehenr/DESCRIPTION' ... OK
- checking extension type ... Package
- this is package 'comprehenr' version '0.6.10'
- package encoding: UTF-8
- checking package namespace information ... OK
- checking package dependencies ... OK
- checking if this is a source package ... OK
- checking if there is a namespace ... OK
- checking for hidden files and directories ... OK
- checking for portable file names ... OK
- checking whether package 'comprehenr' can be installed ... OK
- checking installed package size ... OK
- checking package directory ... OK
- checking 'build' directory ... OK
- checking DESCRIPTION meta-information ... OK
- checking top-level files ... OK
- checking for left-over files ... OK
- checking index information ... OK
- checking package subdirectories ... OK
- checking R files for non-ASCII characters ... OK
- checking R files for syntax errors ... OK
- checking whether the package can be loaded ... OK
- checking whether the package can be loaded with stated dependencies ... OK
- checking whether the package can be unloaded cleanly ... OK
- checking whether the namespace can be loaded with stated dependencies ... OK
- checking whether the namespace can be unloaded cleanly ... OK
- checking loading without being on the library search path ... OK
- checking use of S3 registration ... OK
- checking dependencies in R code ... OK
- checking S3 generic/method consistency ... OK
- checking replacement functions ... OK
- checking foreign function calls ... OK
- checking R code for possible problems ... [3s] OK
- checking Rd files ... OK
- checking Rd metadata ... OK
- checking Rd cross-references ... OK
- checking for missing documentation entries ... OK
- checking for code/documentation mismatches ... OK
- checking Rd \usage sections ... OK
- checking Rd contents ... OK
- checking for unstated dependencies in examples ... OK
- checking installed files from 'inst/doc' ... OK
- checking files in 'vignettes' ... OK
- checking examples ... [1s] OK
- checking for unstated dependencies in 'tests' ... OK
- checking tests ... [1s] ERROR
Running 'tinytest.R' [1s]
Running the tests in 'tests/tinytest.R' failed.
Complete output:
> if(capabilities('long.double') && requireNamespace("tinytest", quietly=TRUE)){
+ library(tinytest)
+ test_package("comprehenr")
+ }
Context: numerate
Running test_numerate.R............... 0 tests
Running test_numerate.R............... 0 tests
Running test_numerate.R............... 1 tests [0;32mOK [0m
Running test_numerate.R............... 2 tests [0;32mOK [0m
Running test_numerate.R............... 3 tests [0;32mOK [0m
Context: mark
Running test_numerate.R............... 3 tests [0;32mOK [0m
Running test_numerate.R............... 3 tests [0;32mOK [0m
Running test_numerate.R............... 4 tests [0;32mOK [0m
Running test_numerate.R............... 5 tests [0;32mOK [0m
Running test_numerate.R............... 6 tests [0;32mOK [0m
Context: unzip_list
Running test_numerate.R............... 6 tests [0;32mOK [0m
Running test_numerate.R............... 6 tests [0;32mOK [0m
Running test_numerate.R............... 7 tests [0;32mOK [0m
Running test_numerate.R............... 8 tests [0;32mOK [0m
Running test_numerate.R............... 8 tests [0;32mOK [0m
Running test_numerate.R............... 9 tests [0;32mOK [0m
Running test_numerate.R............... 9 tests [0;32mOK [0m
Running test_numerate.R............... 10 tests [0;32mOK [0m
Running test_numerate.R............... 11 tests [0;32mOK [0m
Running test_numerate.R............... 12 tests [0;32mOK [0m
Running test_numerate.R............... 13 tests [0;32mOK [0m
Running test_numerate.R............... 14 tests [0;32mOK [0m [0;34m0.1s [0m
Running test_to_list.R................ 0 tests
Context: to_list
Running test_to_list.R................ 0 tests
Running test_to_list.R................ 1 tests [0;32mOK [0m
Running test_to_list.R................ 2 tests [0;32mOK [0m
Running test_to_list.R................ 3 tests [0;32mOK [0m
Running test_to_list.R................ 4 tests [0;32mOK [0m
Running test_to_list.R................ 5 tests [0;32mOK [0m
Running test_to_list.R................ 6 tests [0;32mOK [0m
Running test_to_list.R................ 7 tests [0;32mOK [0m
Running test_to_list.R................ 8 tests [0;32mOK [0m
Running test_to_list.R................ 9 tests [0;32mOK [0m
Running test_to_list.R................ 10 tests [0;32mOK [0m
Running test_to_list.R................ 11 tests [0;32mOK [0m
Running test_to_list.R................ 12 tests [0;32mOK [0m
Running test_to_list.R................ 13 tests [0;32mOK [0m
Running test_to_list.R................ 14 tests [0;32mOK [0m
Running test_to_list.R................ 15 tests [0;32mOK [0m
Running test_to_list.R................ 16 tests [0;32mOK [0m
Running test_to_list.R................ 17 tests [0;32mOK [0m
Running test_to_list.R................ 17 tests [0;32mOK [0m
Running test_to_list.R................ 18 tests [0;32mOK [0m
Context: to_list scoping
Running test_to_list.R................ 18 tests [0;32mOK [0m
Running test_to_list.R................ 18 tests [0;32mOK [0m
Running test_to_list.R................ 19 tests [0;32mOK [0m
Running test_to_list.R................ 19 tests [0;32mOK [0m
Running test_to_list.R................ 20 tests [0;32mOK [0m
Running test_to_list.R................ 20 tests [0;32mOK [0m
Running test_to_list.R................ 21 tests [0;32mOK [0m
Running test_to_list.R................ 21 tests [0;32mOK [0m
Running test_to_list.R................ 21 tests [0;32mOK [0m
Running test_to_list.R................ 22 tests [0;32mOK [0m
Running test_to_list.R................ 22 tests [0;32mOK [0m
Running test_to_list.R................ 23 tests [0;32mOK [0m
Context: to_vec
Running test_to_list.R................ 23 tests [0;32mOK [0m
Running test_to_list.R................ 24 tests [0;32mOK [0m
Running test_to_list.R................ 25 tests [0;32mOK [0m
Running test_to_list.R................ 26 tests [0;32mOK [0m
Running test_to_list.R................ 26 tests [0;32mOK [0m
Running test_to_list.R................ 26 tests [0;32mOK [0m
Running test_to_list.R................ 27 tests [0;32mOK [0m
Running test_to_list.R................ 27 tests [0;32mOK [0m
Running test_to_list.R................ 28 tests [0;32mOK [0m
Running test_to_list.R................ 28 tests [0;32mOK [0m
Running test_to_list.R................ 29 tests [0;32mOK [0m
Running test_to_list.R................ 30 tests [0;32mOK [0m
Context: `i, j`
Running test_to_list.R................ 30 tests [0;32mOK [0m
Running test_to_list.R................ 30 tests [0;32mOK [0m
Running test_to_list.R................ 31 tests [0;32mOK [0m
Running test_to_list.R................ 31 tests [0;32mOK [0m
Running test_to_list.R................ 31 tests [0;32mOK [0m
Running test_to_list.R................ 32 tests [0;32mOK [0m
Running test_to_list.R................ 32 tests [0;32mOK [0m
Running test_to_list.R................ 32 tests [0;32mOK [0m
Running test_to_list.R................ 32 tests [0;32mOK [0m
Running test_to_list.R................ 32 tests [0;32mOK [0m
Running test_to_list.R................ 33 tests [0;32mOK [0m
Context: alter
Running test_to_list.R................ 33 tests [0;32mOK [0m
Running test_to_list.R................ 33 tests [0;32mOK [0m
Running test_to_list.R................ 33 tests [0;32mOK [0m
Running test_to_list.R................ 33 tests [0;32mOK [0m
Running test_to_list.R................ 33 tests [0;32mOK [0m
Running test_to_list.R................ 34 tests [0;32mOK [0m
Running test_to_list.R................ 34 tests [0;32mOK [0m
Running test_to_list.R................ 34 tests [0;32mOK [0m
Running test_to_list.R................ 34 tests [0;32mOK [0m
Running test_to_list.R................ 35 tests [0;32mOK [0m
Running test_to_list.R................ 35 tests [0;32mOK [0m
Running test_to_list.R................ 35 tests [0;32mOK [0m
Running test_to_list.R................ 35 tests [0;32mOK [0m
Running test_to_list.R................ 36 tests [0;32mOK [0m
Running test_to_list.R................ 37 tests [0;32mOK [0m
Running test_to_list.R................ 37 tests [0;32mOK [0m
Running test_to_list.R................ 37 tests [0;32mOK [0m
Running test_to_list.R................ 37 tests [0;32mOK [0m
Running test_to_list.R................ 37 tests [0;32mOK [0m
Running test_to_list.R................ 38 tests [0;32mOK [0m
Running test_to_list.R................ 38 tests [0;32mOK [0m
Running test_to_list.R................ 38 tests [0;32mOK [0m
Running test_to_list.R................ 38 tests [0;32mOK [0m
Running test_to_list.R................ 38 tests [0;32mOK [0m
Running test_to_list.R................ 39 tests [0;32mOK [0m
Running test_to_list.R................ 39 tests [0;32mOK [0m
Running test_to_list.R................ 39 tests [0;32mOK [0m
Running test_to_list.R................ 39 tests [0;32mOK [0m
Running test_to_list.R................ 39 tests [0;32mOK [0m
Running test_to_list.R................ 40 tests [0;32mOK [0m
Running test_to_list.R................ 40 tests [0;32mOK [0m
Running test_to_list.R................ 40 tests [0;32mOK [0m
Running test_to_list.R................ 40 tests [0;32mOK [0m
Running test_to_list.R................ 40 tests [0;32mOK [0m
Running test_to_list.R................ 41 tests [0;32mOK [0m
Running test_to_list.R................ 41 tests [0;32mOK [0m
Running test_to_list.R................ 41 tests [0;32mOK [0m
Running test_to_list.R................ 41 tests [0;32mOK [0m
Running test_to_list.R................ 41 tests [0;32mOK [0m
Running test_to_list.R................ 42 tests [0;32mOK [0m
Context: to_df/to_dfc
Running test_to_list.R................ 42 tests [0;32mOK [0m
Running test_to_list.R................ 42 tests [0;32mOK [0m
Running test_to_list.R................ 43 tests [0;32mOK [0m
Running test_to_list.R................ 44 tests [0;32mOK [0m
Running test_to_list.R................ 45 tests [0;31m1 fails [0m
Running test_to_list.R................ 46 tests [0;31m1 fails [0m [0;34m0.3s [0m
----- FAILED[data]: test_to_list.R<235--238>
call| expect_equal(current = to_df(for (`.name, .x` in mark(mtcars)) list(mean = mean(.x),
call| sd = sd(.x), var = .name)), target = data.frame(mean = colMeans(mtcars),
call| sd = sapply(mtcars, sd), var = names(mtcars), row.names = seq_along(mtcars)))
diff| Component "var": Attributes: < Component "levels": 10 string mismatches >
Error: 1 out of 60 tests failed
Execution halted
- checking for unstated dependencies in vignettes ... OK
- checking package vignettes in 'inst/doc' ... OK
- checking re-building of vignette outputs ... [2s] OK
- checking PDF version of manual ... OK
- DONE
Status: 1 ERROR