- using R version 4.1.3 (2022-03-10)
- using platform: x86_64-w64-mingw32 (64-bit)
- using session charset: ISO8859-1
- checking for file 'badger/DESCRIPTION' ... OK
- this is package 'badger' version '0.2.3'
- package encoding: UTF-8
- checking package namespace information ... OK
- checking package dependencies ... OK
- checking if this is a source package ... OK
- checking if there is a namespace ... OK
- checking for hidden files and directories ... OK
- checking for portable file names ... OK
- checking whether package 'badger' can be installed ... OK
- checking installed package size ... OK
- checking package directory ... OK
- checking DESCRIPTION meta-information ... OK
- checking top-level files ... OK
- checking for left-over files ... OK
- checking index information ... OK
- checking package subdirectories ... OK
- checking R files for non-ASCII characters ... OK
- checking R files for syntax errors ... OK
- checking whether the package can be loaded ... OK
- checking whether the package can be loaded with stated dependencies ... OK
- checking whether the package can be unloaded cleanly ... OK
- checking whether the namespace can be loaded with stated dependencies ... OK
- checking whether the namespace can be unloaded cleanly ... OK
- checking loading without being on the library search path ... OK
- checking use of S3 registration ... OK
- checking dependencies in R code ... OK
- checking S3 generic/method consistency ... OK
- checking replacement functions ... OK
- checking foreign function calls ... OK
- checking R code for possible problems ... [6s] OK
- checking Rd files ... [1s] OK
- checking Rd metadata ... OK
- checking Rd cross-references ... OK
- checking for missing documentation entries ... OK
- checking for code/documentation mismatches ... OK
- checking Rd \usage sections ... OK
- checking Rd contents ... OK
- checking for unstated dependencies in examples ... OK
- checking examples ... [2s] OK
- checking for unstated dependencies in 'tests' ... OK
- checking tests ... [6s] ERROR
Running 'testthat.R' [6s]
Running the tests in 'tests/testthat.R' failed.
Complete output:
> library(testthat)
> library(badger)
>
> test_check("badger")
[ FAIL 1 | WARN 0 | SKIP 0 | PASS 13 ]
== Failed tests ================================================================
-- Error ('test-badges.R:90'): Other badges output as expected -----------------
Error in `file(con, "r")`: cannot open the connection
Backtrace:
x
1. +-testthat::expect_equal(...) at test-badges.R:90:2
2. | \-testthat::quasi_label(enquo(object), label, arg = "object")
3. | \-rlang::eval_bare(expr, quo_get_env(quo))
4. \-badger::badge_sci_citation(...)
5. +-base::suppressWarnings(readLines(url))
6. | \-base::withCallingHandlers(...)
7. \-base::readLines(url)
8. \-base::file(con, "r")
[ FAIL 1 | WARN 0 | SKIP 0 | PASS 13 ]
Error: Test failures
Execution halted
- checking PDF version of manual ... OK
- DONE
Status: 1 ERROR