- using R version 4.1.3 (2022-03-10)
- using platform: x86_64-w64-mingw32 (64-bit)
- using session charset: ISO8859-1
- checking for file 'R.rsp/DESCRIPTION' ... OK
- this is package 'R.rsp' version '0.45.0'
- checking package namespace information ... OK
- checking package dependencies ... OK
- checking if this is a source package ... OK
- checking if there is a namespace ... OK
- checking for hidden files and directories ... OK
- checking for portable file names ... OK
- checking whether package 'R.rsp' can be installed ... OK
- checking installed package size ... OK
- checking package directory ... OK
- checking 'build' directory ... OK
- checking DESCRIPTION meta-information ... OK
- checking top-level files ... OK
- checking for left-over files ... OK
- checking index information ... OK
- checking package subdirectories ... OK
- checking R files for non-ASCII characters ... OK
- checking R files for syntax errors ... OK
- checking whether the package can be loaded ... OK
- checking whether the package can be loaded with stated dependencies ... OK
- checking whether the package can be unloaded cleanly ... OK
- checking whether the namespace can be loaded with stated dependencies ... OK
- checking whether the namespace can be unloaded cleanly ... OK
- checking loading without being on the library search path ... OK
- checking use of S3 registration ... OK
- checking dependencies in R code ... OK
- checking S3 generic/method consistency ... OK
- checking replacement functions ... OK
- checking foreign function calls ... OK
- checking R code for possible problems ... [26s] OK
- checking Rd files ... [4s] OK
- checking Rd metadata ... OK
- checking Rd cross-references ... OK
- checking for missing documentation entries ... OK
- checking for code/documentation mismatches ... OK
- checking Rd \usage sections ... OK
- checking Rd contents ... OK
- checking for unstated dependencies in examples ... OK
- checking sizes of PDF files under 'inst/doc' ... OK
- checking installed files from 'inst/doc' ... OK
- checking files in 'vignettes' ... OK
- checking examples ... [103s] OK
- checking for unstated dependencies in 'tests' ... OK
- checking tests ... [133s] OK
Running '000.session_information.R' [0s]
Running 'LoremIpsum.R' [40s]
Running 'RspConstruct.R' [2s]
Running 'RspProduct.R' [1s]
Running 'RspString.R' [1s]
Running 'capabilities.R' [6s]
Running 'compileAsciiDoc.R' [1s]
Running 'compileAsciiDocNoweb.R' [1s]
Running 'compileKnitr.R' [1s]
Running 'compileLaTeX.R' [1s]
Running 'compileMarkdown.R' [1s]
Running 'compileRnw.R' [1s]
Running 'compileRsp.R' [4s]
Running 'compileSweave.R' [1s]
Running 'deparse.R' [3s]
Running 'environments,functions.R' [2s]
Running 'include,recursive.R' [4s]
Running 'multi,selfcontained.R' [33s]
Running 'rargs.R' [1s]
Running 'rcat.R' [1s]
Running 'rclean.R' [1s]
Running 'rcode.R' [2s]
Running 'rcompile.R' [3s]
Running 'rfile.R' [3s]
Running 'rsource.R' [3s]
Running 'rsp_tests.R' [16s]
Running 'rsp_tests_online.R' [1s]
Running 'rstring.R' [1s]
Running 'wstring.R' [1s]
- checking for unstated dependencies in vignettes ... OK
- checking package vignettes in 'inst/doc' ... OK
- checking re-building of vignette outputs ... [38s] WARNING
Error(s) in re-building vignettes:
--- re-building 'R_packages-Static_PDF_and_HTML_vignettes.pdf.asis' using asis
--- finished re-building 'R_packages-Static_PDF_and_HTML_vignettes.pdf.asis'
--- re-building 'R_packages-LaTeX_vignettes.ltx' using tex
Warning in system(paste(shQuote(texi2dvi), if (quiet) "--quiet" else "", :
running command '"D:\compiler\texmf\miktex\bin\texify.exe" --quiet --pdf "R_packages-LaTeX_vignettes.ltx" --max-iterations=20 -I "D:/RCompile/recent/R-4.1.3/share/texmf/tex/latex" -I "D:/RCompile/recent/R-4.1.3/share/texmf/bibtex/bst"' had status 1
Error: processing vignette 'R_packages-LaTeX_vignettes.ltx' failed with diagnostics:
running 'texi2dvi' on 'R_packages-LaTeX_vignettes.ltx' failed
LaTeX errors:
-LaTeX_vignettes.ltx:21: LaTeX Error: Missing \begin{document}.
See the LaTeX manual or LaTeX Companion for explanation.
Type H <return> for immediate help
You're in trouble here. Try typing <return> to proceed.
--- failed re-building 'R_packages-LaTeX_vignettes.ltx'
--- re-building 'Dynamic_document_creation_using_RSP.tex.rsp' using rsp
Warning in system(paste(shQuote(texi2dvi), if (quiet) "--quiet" else "", :
running command '"D:\compiler\texmf\miktex\bin\texify.exe" --quiet --pdf "Dynamic_document_creation_using_RSP.tex" --max-iterations=20 -I "d:/RCompile/CRANpkg/local/4.1/R.rsp.Rcheck/vign_test/R.rsp/vignettes" -I "D:/RCompile/recent/R-4.1.3/share/texmf/tex/latex" -I "D:/RCompile/recent/R-4.1.3/share/texmf/bibtex/bst"' had status 1
Error: processing vignette 'Dynamic_document_creation_using_RSP.tex.rsp' failed with diagnostics:
running 'texi2dvi' on 'Dynamic_document_creation_using_RSP.tex' failed
LaTeX errors:
cument_creation_using_RSP.tex:20: LaTeX Error: Missing \begin{document}.
See the LaTeX manual or LaTeX Companion for explanation.
Type H <return> for immediate help
You're in trouble here. Try typing <return> to proceed.
--- failed re-building 'Dynamic_document_creation_using_RSP.tex.rsp'
--- re-building 'RSP_intro.html.rsp' using rsp
--- finished re-building 'RSP_intro.html.rsp'
--- re-building 'RSP_refcard.tex.rsp' using rsp
Warning in system(paste(shQuote(texi2dvi), if (quiet) "--quiet" else "", :
running command '"D:\compiler\texmf\miktex\bin\texify.exe" --quiet --pdf "RSP_refcard.tex" --max-iterations=20 -I "d:/RCompile/CRANpkg/local/4.1/R.rsp.Rcheck/vign_test/R.rsp/vignettes" -I "D:/RCompile/recent/R-4.1.3/share/texmf/tex/latex" -I "D:/RCompile/recent/R-4.1.3/share/texmf/bibtex/bst"' had status 1
Error: processing vignette 'RSP_refcard.tex.rsp' failed with diagnostics:
running 'texi2dvi' on 'RSP_refcard.tex' failed
LaTeX errors:
d.tex:19: LaTeX Error: Missing \begin{document}.
See the LaTeX manual or LaTeX Companion for explanation.
Type H <return> for immediate help
You're in trouble here. Try typing <return> to proceed.
--- failed re-building 'RSP_refcard.tex.rsp'
--- re-building 'R_packages-RSP_vignettes.md.rsp' using rsp
--- finished re-building 'R_packages-RSP_vignettes.md.rsp'
--- re-building 'R_packages-Vignettes_prior_to_R300.tex.rsp' using rsp
Warning in file(con, "r") :
file("") only supports open = "w+" and open = "w+b": using the former
Warning in file(con, "r") :
file("") only supports open = "w+" and open = "w+b": using the former
Warning in file(con, "r") :
file("") only supports open = "w+" and open = "w+b": using the former
Warning in system(paste(shQuote(texi2dvi), if (quiet) "--quiet" else "", :
running command '"D:\compiler\texmf\miktex\bin\texify.exe" --quiet --pdf "R_packages-Vignettes_prior_to_R300.tex" --max-iterations=20 -I "d:/RCompile/CRANpkg/local/4.1/R.rsp.Rcheck/vign_test/R.rsp/vignettes" -I "D:/RCompile/recent/R-4.1.3/share/texmf/tex/latex" -I "D:/RCompile/recent/R-4.1.3/share/texmf/bibtex/bst"' had status 1
Error: processing vignette 'R_packages-Vignettes_prior_to_R300.tex.rsp' failed with diagnostics:
running 'texi2dvi' on 'R_packages-Vignettes_prior_to_R300.tex' failed
LaTeX errors:
-Vignettes_prior_to_R300.tex:16: LaTeX Error: Missing \begin{document}.
See the LaTeX manual or LaTeX Companion for explanation.
Type H <return> for immediate help
You're in trouble here. Try typing <return> to proceed.
--- failed re-building 'R_packages-Vignettes_prior_to_R300.tex.rsp'
SUMMARY: processing the following files failed:
'R_packages-LaTeX_vignettes.ltx'
'Dynamic_document_creation_using_RSP.tex.rsp' 'RSP_refcard.tex.rsp'
'R_packages-Vignettes_prior_to_R300.tex.rsp'
Error: Vignette re-building failed.
Execution halted
- checking PDF version of manual ... OK
- DONE
Status: 1 WARNING