- using R version 4.1.3 (2022-03-10)
- using platform: x86_64-w64-mingw32 (64-bit)
- using session charset: ISO8859-1
- checking for file 'IFAA/DESCRIPTION' ... OK
- this is package 'IFAA' version '1.1.0'
- package encoding: UTF-8
- checking package namespace information ... OK
- checking package dependencies ... OK
- checking if this is a source package ... OK
- checking if there is a namespace ... OK
- checking for hidden files and directories ... OK
- checking for portable file names ... OK
- checking whether package 'IFAA' can be installed ... ERROR
Installation failed.
See 'd:/Rcompile/CRANpkg/local/4.1/IFAA.Rcheck/00install.out' for details.
- DONE
See https://www.r-project.org/nosvn/R.check/r-oldrel-windows-ix86+x86_64/IFAA-00install.html for details.