- using R version 3.6.3 (2020-02-29)
- using platform: x86_64-w64-mingw32 (64-bit)
- using session charset: ISO8859-1
- checking for file 'HeritSeq/DESCRIPTION' ... OK
- this is package 'HeritSeq' version '1.0.1'
- package encoding: UTF-8
- checking package namespace information ... OK
- checking package dependencies ... NOTE
Package suggested but not available for checking: 'glmmADMB'
- checking if this is a source package ... OK
- checking if there is a namespace ... OK
- checking for hidden files and directories ... OK
- checking for portable file names ... OK
- checking whether package 'HeritSeq' can be installed ... ERROR
Installation failed.
See 'd:/Rcompile/CRANpkg/local/3.6/HeritSeq.Rcheck/00install.out' for details.
- DONE
See https://www.r-project.org/nosvn/R.check/r-oldrel-windows-ix86+x86_64/HeritSeq-00install.html for details.