- using R version 3.6.3 (2020-02-29)
- using platform: x86_64-w64-mingw32 (64-bit)
- using session charset: ISO8859-1
- checking for file 'GermaParl/DESCRIPTION' ... OK
- checking extension type ... Package
- this is package 'GermaParl' version '1.5.2'
- package encoding: UTF-8
- checking package namespace information ... OK
- checking package dependencies ... OK
- checking if this is a source package ... OK
- checking if there is a namespace ... OK
- checking for hidden files and directories ... OK
- checking for portable file names ... OK
- checking whether package 'GermaParl' can be installed ... OK
- checking installed package size ... OK
- checking package directory ... OK
- checking 'build' directory ... OK
- checking DESCRIPTION meta-information ... OK
- checking top-level files ... OK
- checking for left-over files ... OK
- checking index information ... OK
- checking package subdirectories ... OK
- checking R files for non-ASCII characters ... OK
- checking R files for syntax errors ... OK
- checking whether the package can be loaded ... OK
- checking whether the package can be loaded with stated dependencies ... OK
- checking whether the package can be unloaded cleanly ... OK
- checking whether the namespace can be loaded with stated dependencies ... OK
- checking whether the namespace can be unloaded cleanly ... OK
- checking loading without being on the library search path ... OK
- checking use of S3 registration ... OK
- checking dependencies in R code ... OK
- checking S3 generic/method consistency ... OK
- checking replacement functions ... OK
- checking foreign function calls ... OK
- checking R code for possible problems ... [4s] OK
- checking Rd files ... OK
- checking Rd metadata ... OK
- checking Rd cross-references ... OK
- checking for missing documentation entries ... OK
- checking for code/documentation mismatches ... OK
- checking Rd \usage sections ... OK
- checking Rd contents ... OK
- checking for unstated dependencies in examples ... OK
- checking contents of 'data' directory ... OK
- checking data for non-ASCII characters ... OK
- checking data for ASCII and uncompressed saves ... OK
- checking installed files from 'inst/doc' ... OK
- checking files in 'vignettes' ... OK
- checking examples ... ERROR
Running examples in 'GermaParl-Ex.R' failed
The error most likely occurred in:
> ### Name: germaparl_download_lda
> ### Title: Use topicmodels prepared for GermaParl.
> ### Aliases: germaparl_download_lda topics germaparl_load_lda
>
> ### ** Examples
>
> # This example assumes that the directories used by the CWB do not yet exist, so
> # temporary directories are created.
> cwb_dirs <- cwbtools::create_cwb_directories(prefix = tempdir(), ask = FALSE)
-- Create CWB directories ------------------------------------------------------
i Using existing directory D:\temp\Rtmp6xAtOm as parent directory for registry
directory and the corpus directory.
i registry directory D:\temp\Rtmp6xAtOm/registry already exists
i corpus directory D:\temp\Rtmp6xAtOm/indexed_corpora already exists
v environment variable `CORPUS_REGISTRY` set as: D:\temp\Rtmp6xAtOm/registry
>
> samplemode <- TRUE
> corpus_id <- "GERMAPARLSAMPLE" # for full corpus: corpus_id <- "GERMAPARL"
>
> dir.create(file.path(cwb_dirs[["corpus_dir"]], tolower(corpus_id)))
Warning in dir.create(file.path(cwb_dirs[["corpus_dir"]], tolower(corpus_id))) :
'D:\temp\Rtmp6xAtOm\indexed_corpora\germaparlsample' already exists
>
> # Download topic model
> germaparl_download_lda(
+ k = 30, # k = 250 recommended for full GERMAPARL corpus
+ data_dir = file.path(cwb_dirs[["corpus_dir"]], tolower(corpus_id)),
+ sample = samplemode
+ )
i get Zenodo record for doi 10.5281/zenodo.3823245
v get Zenodo record for doi 10.5281/zenodo.3823245 ... done
i starting to download LDA model
trying URL 'https://zenodo.org/api/files/1f191114-a9fa-4dc9-a4df-950c23b1ff60/germaparlsample_lda_30.rds'
Warning in download.file(url = lda_remote, destfile = lda_local) :
InternetOpenUrl failed: 'Die Serververbindung konnte nicht hergestellt werden.'
x cannot download file from https://zenodo.org/api/files/1f191114-a9fa-4dc9-a4df-950c23b1ff60/germaparlsample_lda_30.rds
> lda <- germaparl_load_lda(
+ k = 30L, registry_dir = cwb_dirs[["registry_dir"]],
+ sample = samplemode
+ )
... loading topicmodel for k = 30
Warning in germaparl_load_lda(k = 30L, registry_dir = cwb_dirs[["registry_dir"]], :
no topicmodel available for k provided
> lda_terms <- topicmodels::terms(lda, 10)
Error in terms.default(lda, 10) : no terms component nor attribute
Calls: <Anonymous> -> <Anonymous> -> terms.default
Execution halted
- checking for unstated dependencies in 'tests' ... OK
- checking tests ... [2s] OK
Running 'testthat.R' [2s]
- checking for unstated dependencies in vignettes ... OK
- checking package vignettes in 'inst/doc' ... OK
- checking re-building of vignette outputs ... [3s] OK
- checking PDF version of manual ... OK
- DONE
Status: 1 ERROR