• using R version 3.6.0 (2019-04-26)
  • using platform: x86_64-apple-darwin15.6.0 (64-bit)
  • using session charset: UTF-8
  • checking for file ‘wiserow/DESCRIPTION’ ... OK
  • checking extension type ... Package
  • this is package ‘wiserow’ version ‘0.1.0’
  • package encoding: UTF-8
  • checking package namespace information ... OK
  • checking package dependencies ... OK
  • checking if this is a source package ... OK
  • checking if there is a namespace ... OK
  • checking for executable files ... OK
  • checking for hidden files and directories ... OK
  • checking for portable file names ... OK
  • checking for sufficient/correct file permissions ... OK
  • checking whether package ‘wiserow’ can be installed ... [61s/61s] OK
  • checking installed package size ... NOTE
      installed size is 6.5Mb
      sub-directories of 1Mb or more:
        libs 6.3Mb
  • checking package directory ... OK
  • checking DESCRIPTION meta-information ... OK
  • checking top-level files ... OK
  • checking for left-over files ... OK
  • checking index information ... OK
  • checking package subdirectories ... OK
  • checking R files for non-ASCII characters ... OK
  • checking R files for syntax errors ... OK
  • checking whether the package can be loaded ... OK
  • checking whether the package can be loaded with stated dependencies ... OK
  • checking whether the package can be unloaded cleanly ... OK
  • checking whether the namespace can be loaded with stated dependencies ... OK
  • checking whether the namespace can be unloaded cleanly ... OK
  • checking loading without being on the library search path ... OK
  • checking dependencies in R code ... OK
  • checking S3 generic/method consistency ... OK
  • checking replacement functions ... OK
  • checking foreign function calls ... OK
  • checking R code for possible problems ... [3s/3s] OK
  • checking Rd files ... OK
  • checking Rd metadata ... OK
  • checking Rd cross-references ... OK
  • checking for missing documentation entries ... OK
  • checking for code/documentation mismatches ... OK
  • checking Rd \usage sections ... OK
  • checking Rd contents ... OK
  • checking for unstated dependencies in examples ... OK
  • checking line endings in C/C++/Fortran sources/headers ... OK
  • checking line endings in Makefiles ... OK
  • checking compilation flags in Makevars ... OK
  • checking for GNU extensions in Makefiles ... NOTE
    GNU make is a SystemRequirements.
  • checking for portable use of $(BLAS_LIBS) and $(LAPACK_LIBS) ... OK
  • checking compiled code ... OK
  • checking examples ... [1s/1s] OK
  • checking for unstated dependencies in ‘tests’ ... OK
  • checking tests ... [79s/71s] ERROR
      Running ‘testthat.R’ [79s/71s]
    Running the tests in ‘tests/testthat.R’ failed.
    Last 13 lines of output:
       1. base::suppressWarnings(...)
       9. wiserow:::row_means.matrix(char_mat, output_mode = "complex")
      
      ══ testthat results ═══════════════════════════════════════════════════════════
      [ OK: 1045 | SKIPPED: 0 | WARNINGS: 0 | FAILED: 7 ]
      1. Failure: row_sums can handle errors and edge cases appropriately.
      2. Failure: row_sums can handle errors and edge cases appropriately.
      3. Failure: row_sums can handle errors and edge cases appropriately.
      4. Failure: row_sums can handle errors and edge cases appropriately.
      5. Failure: row_means can handle errors and edge cases appropriately.
      6. Failure: row_means can handle errors and edge cases appropriately.
      7. Failure: row_means can handle errors and edge cases appropriately.
      
      Error: testthat unit tests failed
      Execution halted
  • checking PDF version of manual ... OK
  • DONE
    Status: 1 ERROR, 2 NOTEs