• using R version 3.6.0 (2019-04-26)
  • using platform: x86_64-apple-darwin15.6.0 (64-bit)
  • using session charset: UTF-8
  • checking for file ‘sae2/DESCRIPTION’ ... OK
  • checking extension type ... Package
  • this is package ‘sae2’ version ‘1.0-1’
  • checking package namespace information ... OK
  • checking package dependencies ... OK
  • checking if this is a source package ... OK
  • checking if there is a namespace ... OK
  • checking for executable files ... OK
  • checking for hidden files and directories ... OK
  • checking for portable file names ... OK
  • checking for sufficient/correct file permissions ... OK
  • checking whether package ‘sae2’ can be installed ... [9s/9s] OK
  • checking installed package size ... OK
  • checking package directory ... OK
  • checking DESCRIPTION meta-information ... OK
  • checking top-level files ... OK
  • checking for left-over files ... OK
  • checking index information ... OK
  • checking package subdirectories ... OK
  • checking R files for non-ASCII characters ... OK
  • checking R files for syntax errors ... OK
  • checking whether the package can be loaded ... OK
  • checking whether the package can be loaded with stated dependencies ... OK
  • checking whether the package can be unloaded cleanly ... OK
  • checking whether the namespace can be loaded with stated dependencies ... OK
  • checking whether the namespace can be unloaded cleanly ... OK
  • checking loading without being on the library search path ... OK
  • checking dependencies in R code ... OK
  • checking S3 generic/method consistency ... OK
  • checking replacement functions ... OK
  • checking foreign function calls ... OK
  • checking R code for possible problems ... [10s/10s] OK
  • checking Rd files ... OK
  • checking Rd metadata ... OK
  • checking Rd cross-references ... OK
  • checking for missing documentation entries ... OK
  • checking for code/documentation mismatches ... OK
  • checking Rd \usage sections ... OK
  • checking Rd contents ... OK
  • checking for unstated dependencies in examples ... OK
  • checking examples ... ERROR
    Running examples in ‘sae2-Ex.R’ failed
    The error most likely occurred in:

    > ### Name: geo_ratios
    > ### Title: Compute rates or ratios for a set of geographic entities over a
    > ### set of years
    > ### Aliases: geo_ratios
    >
    > ### ** Examples
    >
    > require(survey)
    > require(MASS)
    > D <- 20 # number of domains
    > T <- 5 # number of years
    > samp <- 16 # number of sample cases per domain
    > set.seed(1)
    > # use conditional.mean=TRUE to generate true small area values
    > # without sampling error
    > Y.list <- mvrnormSeries(D=D, T=T, rho.dyn=.9, sigma.v.dyn=1,
    + sigma.u.dyn=.19, sigma.e=diag(5), conditional.mean=TRUE)
    > # generate sampling errors
    > e <- rnorm(samp * T * D, mean=0, sd=4)
    > Y <- Y.list[[2]] + tapply(e, rep(1:100, each=16), mean)
    > data <- data.frame(Y=Y, X=rep(1:T, times=D))
    > # model fit with the true sampling variances
    > result.dyn <- eblupDyn(Y ~ X, D, T, vardir = diag(100), data=data)
    Error in y - X %*% B_Est : non-conformable arrays
    Calls: eblupDyn -> dynRYfit
    Execution halted
  • checking PDF version of manual ... OK
  • DONE
    Status: 1 ERROR