- using R version 3.6.2 (2019-12-12)
- using platform: x86_64-apple-darwin15.6.0 (64-bit)
- using session charset: UTF-8
- checking for file ‘itsadug/DESCRIPTION’ ... OK
- this is package ‘itsadug’ version ‘2.4’
- package encoding: UTF-8
- checking package namespace information ... OK
- checking package dependencies ... OK
- checking if this is a source package ... OK
- checking if there is a namespace ... OK
- checking for executable files ... OK
- checking for hidden files and directories ... OK
- checking for portable file names ... OK
- checking for sufficient/correct file permissions ... OK
- checking whether package ‘itsadug’ can be installed ... [0s/0s] ERROR
Installation failed.
See ‘/Volumes/SSD-Data/Builds/R-dev-web/QA/Simon/packages/el-capitan-x86_64/results/3.6/itsadug.Rcheck/00install.out’ for details.
- DONE
Status: 1 ERROR
See https://www.r-project.org/nosvn/R.check/r-oldrel-osx-x86_64/itsadug-00install.html for details.