- using R version 3.6.0 beta (2019-04-15 r76395)
- using platform: x86_64-apple-darwin15.6.0 (64-bit)
- using session charset: UTF-8
- checking for file ‘FRegSigCom/DESCRIPTION’ ... OK
- checking extension type ... Package
- this is package ‘FRegSigCom’ version ‘0.3.0’
- package encoding: UTF-8
- checking package namespace information ... OK
- checking package dependencies ... OK
- checking if this is a source package ... OK
- checking if there is a namespace ... OK
- checking for executable files ... OK
- checking for hidden files and directories ... OK
- checking for portable file names ... OK
- checking for sufficient/correct file permissions ... OK
- checking whether package ‘FRegSigCom’ can be installed ... [370s/393s] WARNING
Found the following significant warnings:
c_hd_mf.cpp:157:12: warning: explicitly assigning value of variable of type 'Eigen::VectorXd' (aka 'Matrix<double, Dynamic, 1>') to itself [-Wself-assign-overloaded]
See https://www.r-project.org/nosvn/R.check/r-oldrel-osx-x86_64/FRegSigCom-00install.html for details.
- checking installed package size ... NOTE
installed size is 61.7Mb
sub-directories of 1Mb or more:
data 1.0Mb
libs 59.9Mb
- checking package directory ... OK
- checking DESCRIPTION meta-information ... OK
- checking top-level files ... OK
- checking for left-over files ... OK
- checking index information ... OK
- checking package subdirectories ... OK
- checking R files for non-ASCII characters ... OK
- checking R files for syntax errors ... OK
- checking whether the package can be loaded ... OK
- checking whether the package can be loaded with stated dependencies ... OK
- checking whether the package can be unloaded cleanly ... OK
- checking whether the namespace can be loaded with stated dependencies ... OK
- checking whether the namespace can be unloaded cleanly ... OK
- checking loading without being on the library search path ... OK
- checking dependencies in R code ... OK
- checking S3 generic/method consistency ... OK
- checking replacement functions ... OK
- checking foreign function calls ... OK
- checking R code for possible problems ... [13s/14s] OK
- checking Rd files ... OK
- checking Rd metadata ... OK
- checking Rd cross-references ... OK
- checking for missing documentation entries ... OK
- checking for code/documentation mismatches ... OK
- checking Rd \usage sections ... OK
- checking Rd contents ... OK
- checking for unstated dependencies in examples ... OK
- checking contents of ‘data’ directory ... OK
- checking data for non-ASCII characters ... OK
- checking data for ASCII and uncompressed saves ... OK
- checking R/sysdata.rda ... OK
- checking line endings in C/C++/Fortran sources/headers ... OK
- checking compiled code ... OK
- checking examples ... [44s/50s] OK
- checking PDF version of manual ... OK
- DONE
Status: 1 WARNING, 1 NOTE