• using R version 4.1.2 (2021-11-01)
  • using platform: x86_64-apple-darwin17.0 (64-bit)
  • using session charset: UTF-8
  • checking for file ‘viewpoly/DESCRIPTION’ ... OK
  • this is package ‘viewpoly’ version ‘0.2.0’
  • package encoding: UTF-8
  • checking package namespace information ... OK
  • checking package dependencies ... OK
  • checking if this is a source package ... OK
  • checking if there is a namespace ... OK
  • checking for executable files ... OK
  • checking for hidden files and directories ... OK
  • checking for portable file names ... OK
  • checking for sufficient/correct file permissions ... OK
  • checking whether package ‘viewpoly’ can be installed ... [9s/9s] OK
  • checking installed package size ... NOTE
      installed size is 5.2Mb
      sub-directories of 1Mb or more:
        ext 4.5Mb
  • checking package directory ... OK
  • checking DESCRIPTION meta-information ... OK
  • checking top-level files ... OK
  • checking for left-over files ... OK
  • checking index information ... OK
  • checking package subdirectories ... OK
  • checking R files for non-ASCII characters ... OK
  • checking R files for syntax errors ... OK
  • checking whether the package can be loaded ... OK
  • checking whether the package can be loaded with stated dependencies ... OK
  • checking whether the package can be unloaded cleanly ... OK
  • checking whether the namespace can be loaded with stated dependencies ... OK
  • checking whether the namespace can be unloaded cleanly ... OK
  • checking loading without being on the library search path ... OK
  • checking dependencies in R code ... OK
  • checking S3 generic/method consistency ... OK
  • checking replacement functions ... OK
  • checking foreign function calls ... OK
  • checking R code for possible problems ... [8s/8s] OK
  • checking Rd files ... [1s/1s] OK
  • checking Rd metadata ... OK
  • checking Rd cross-references ... OK
  • checking for missing documentation entries ... OK
  • checking for code/documentation mismatches ... OK
  • checking Rd \usage sections ... OK
  • checking Rd contents ... OK
  • checking for unstated dependencies in examples ... OK
  • checking examples ... NONE
  • checking for unstated dependencies in ‘tests’ ... OK
  • checking tests ... [37s/117s] ERROR
      Running ‘testthat.R’ [37s/116s]
    Running the tests in ‘tests/testthat.R’ failed.
    Last 13 lines of output:
          destfile = input.data$datapath)`: download from 'https://www.polyploids.org/sites/default/files/2022-04/tetra_QTLpoly_data.RData' failed
      Backtrace:
          ▆
       1. └─utils::download.file(...) at test-QTLpoly.R:11:2
      
      [ FAIL 1 | WARN 2 | SKIP 2 | PASS 89 ]
      Deleting unused snapshots:
      • tetra_example/effects-bar.svg
      • tetra_example/effects-circle.svg
      • tetra_example/effects-digenic.svg
      • tetra_example/linkage-map-draw-names.svg
      • tetra_example/plot-map-list.svg
      • tetra_example/qtl-plot.svg
      Error: Test failures
      Execution halted
  • checking PDF version of manual ... OK
  • DONE
    Status: 1 ERROR, 1 NOTE
  • using check arguments '--no-clean-on-error '