• using R version 3.6.2 (2019-12-12)
  • using platform: x86_64-apple-darwin15.6.0 (64-bit)
  • using session charset: UTF-8
  • checking for file ‘lidR/DESCRIPTION’ ... OK
  • checking extension type ... Package
  • this is package ‘lidR’ version ‘3.1.0’
  • package encoding: UTF-8
  • checking package namespace information ... OK
  • checking package dependencies ... OK
  • checking if this is a source package ... OK
  • checking if there is a namespace ... OK
  • checking for executable files ... OK
  • checking for hidden files and directories ... OK
  • checking for portable file names ... OK
  • checking for sufficient/correct file permissions ... OK
  • checking whether package ‘lidR’ can be installed ... [97s/99s] OK
  • checking installed package size ... NOTE
      installed size is 11.6Mb
      sub-directories of 1Mb or more:
        extdata 1.1Mb
        libs 7.8Mb
  • checking package directory ... OK
  • checking ‘build’ directory ... OK
  • checking DESCRIPTION meta-information ... OK
  • checking top-level files ... OK
  • checking for left-over files ... OK
  • checking index information ... OK
  • checking package subdirectories ... OK
  • checking R files for non-ASCII characters ... OK
  • checking R files for syntax errors ... OK
  • checking whether the package can be loaded ... OK
  • checking whether the package can be loaded with stated dependencies ... OK
  • checking whether the package can be unloaded cleanly ... OK
  • checking whether the namespace can be loaded with stated dependencies ... OK
  • checking whether the namespace can be unloaded cleanly ... OK
  • checking loading without being on the library search path ... OK
  • checking dependencies in R code ... OK
  • checking S3 generic/method consistency ... OK
  • checking replacement functions ... OK
  • checking foreign function calls ... OK
  • checking R code for possible problems ... [22s/22s] OK
  • checking Rd files ... OK
  • checking Rd metadata ... OK
  • checking Rd cross-references ... OK
  • checking for missing documentation entries ... OK
  • checking for code/documentation mismatches ... OK
  • checking Rd \usage sections ... OK
  • checking Rd contents ... OK
  • checking for unstated dependencies in examples ... OK
  • checking line endings in C/C++/Fortran sources/headers ... OK
  • checking line endings in Makefiles ... OK
  • checking compilation flags in Makevars ... OK
  • checking for GNU extensions in Makefiles ... OK
  • checking for portable use of $(BLAS_LIBS) and $(LAPACK_LIBS) ... OK
  • checking compiled code ... OK
  • checking installed files from ‘inst/doc’ ... OK
  • checking files in ‘vignettes’ ... OK
  • checking examples ... [33s/31s] OK
  • checking for unstated dependencies in ‘tests’ ... OK
  • checking tests ... [96s/46s] ERROR
      Running ‘testthat.R’ [96s/46s]
    Running the tests in ‘tests/testthat.R’ failed.
    Last 13 lines of output:
      The range computed was R = 985122.14
      Check the correctness of the sensor positions and the correctness of the gpstime either in the point cloud or in the sensor positions.
      ══ Skipped tests ═══════════════════════════════════════════════════════════════
      ● On CRAN (24)
      
      ══ Failed tests ════════════════════════════════════════════════════════════════
      ── Error (test-spTransform.R:5:1): (code run outside of `test_that()`) ─────────
      Error: no arguments in initialization list
      Backtrace:
          █
       1. └─sp::CRS(SRS_string = "EPSG:26918") test-spTransform.R:5:0
      
      [ FAIL 1 | WARN 0 | SKIP 24 | PASS 1234 ]
      Error: Test failures
      Execution halted
  • checking for unstated dependencies in vignettes ... OK
  • checking package vignettes in ‘inst/doc’ ... OK
  • checking running R code from vignettes ... [2s/2s] NONE
      ‘lidR-LAS-class.Rmd’using ‘UTF-8’... [0s/0s] OK
      ‘lidR-LAScatalog-class.Rmd’using ‘UTF-8’... [0s/0s] OK
      ‘lidR-LAScatalog-engine.Rmd’using ‘UTF-8’... [0s/0s] OK
      ‘lidR-catalog-apply-examples.Rmd’using ‘UTF-8’... [0s/0s] OK
      ‘lidR-computation-speed-LAScatalog.Rmd’using ‘UTF-8’... [0s/0s] OK
  • checking re-building of vignette outputs ... [21s/21s] OK
  • checking PDF version of manual ... OK
  • DONE
    Status: 1 ERROR, 1 NOTE