- using R version 4.2.0 (2022-04-22)
- using platform: x86_64-apple-darwin17.0 (64-bit)
- using session charset: UTF-8
- checking for file ‘ldt/DESCRIPTION’ ... OK
- this is package ‘ldt’ version ‘0.4.2’
- package encoding: UTF-8
- checking package namespace information ... OK
- checking package dependencies ... OK
- checking if this is a source package ... OK
- checking if there is a namespace ... OK
- checking for executable files ... OK
- checking for hidden files and directories ... OK
- checking for portable file names ... OK
- checking for sufficient/correct file permissions ... OK
- checking whether package ‘ldt’ can be installed ... [229s/230s] OK
See the install log for details.
- checking installed package size ... NOTE
installed size is 24.5Mb
sub-directories of 1Mb or more:
libs 24.0Mb
- checking package directory ... OK
- checking DESCRIPTION meta-information ... OK
- checking top-level files ... OK
- checking for left-over files ... OK
- checking index information ... OK
- checking package subdirectories ... OK
- checking R files for non-ASCII characters ... OK
- checking R files for syntax errors ... OK
- checking whether the package can be loaded ... OK
- checking whether the package can be loaded with stated dependencies ... OK
- checking whether the package can be unloaded cleanly ... OK
- checking whether the namespace can be loaded with stated dependencies ... OK
- checking whether the namespace can be unloaded cleanly ... OK
- checking loading without being on the library search path ... OK
- checking dependencies in R code ... OK
- checking S3 generic/method consistency ... OK
- checking replacement functions ... OK
- checking foreign function calls ... OK
- checking R code for possible problems ... [7s/7s] OK
- checking Rd files ... [1s/1s] OK
- checking Rd metadata ... OK
- checking Rd cross-references ... OK
- checking for missing documentation entries ... OK
- checking for code/documentation mismatches ... OK
- checking Rd \usage sections ... OK
- checking Rd contents ... OK
- checking for unstated dependencies in examples ... OK
- checking contents of ‘data’ directory ... OK
- checking data for non-ASCII characters ... OK
- checking LazyData ... OK
- checking data for ASCII and uncompressed saves ... OK
- checking line endings in C/C++/Fortran sources/headers ... OK
- checking line endings in Makefiles ... OK
- checking compilation flags in Makevars ... OK
- checking for GNU extensions in Makefiles ... OK
- checking for portable use of $(BLAS_LIBS) and $(LAPACK_LIBS) ... OK
- checking use of PKG_*FLAGS in Makefiles ... OK
- checking compiled code ... OK
- checking examples ... [3s/11s] OK
- checking for unstated dependencies in ‘tests’ ... OK
- checking tests ... [4s/4s] OK
Running ‘testthat.R’ [4s/4s]
- checking PDF version of manual ... WARNING
LaTeX errors when creating PDF version.
This typically indicates Rd problems.
LaTeX errors found:
! Undefined control sequence.
<argument> Y = X B + V, \quad \operatorname
{vec}B = R\gamma ,
l.591 }{}
! Undefined control sequence.
<argument> ...\hat {V}-1 \otimes x']\operatorname
{vec}Y, \quad \tilde {\Sig...
l.601 }{}
! Undefined control sequence.
<argument> \operatorname
{var}y^f = \tilde {V} + (x' \otimes I_m)R W^{-1}R'...
l.606 }{}
! LaTeX Error: Environment aligned undefined.
See the LaTeX manual or LaTeX Companion for explanation.
Type H <return> for immediate help.
...
! Misplaced alignment tab character &.
<argument> \begin {aligned} &
\text {MAE} = \frac {1}{n}\sum _{i=1}^{n}|e_i|...
l.1646 }{}
! Undefined control sequence.
<argument> \begin {aligned} &\text
{MAE} = \frac {1}{n}\sum _{i=1}^{n}|e_i|...
l.1646 }{}
! Misplaced alignment tab character &.
<argument> ... \frac {1}{n}\sum _{i=1}^{n}|e_i|, &
&\text {MAPE} = \frac {1}{...
l.1646 }{}
! Misplaced alignment tab character &.
<argument> ...\frac {1}{n}\sum _{i=1}^{n}|e_i|, &&
\text {MAPE} = \frac {1}{n...
l.1646 }{}
! Undefined control sequence.
<argument> ...{1}{n}\sum _{i=1}^{n}|e_i|, &&\text
{MAPE} = \frac {1}{n}\sum ...
l.1646 }{}
! Misplaced alignment tab character &.
<recently read> &
l.1646 }{}
! Undefined control sequence.
<argument> ...i}{y_i}\right |\times 100 \\ &\text
{RMSE} = \sqrt {\frac {1}{...
l.1646 }{}
! Misplaced alignment tab character &.
<argument> ...sum _{i=1}^{n}(e_i)^2},\quad \quad &
&\text {RMSPE} = \sqrt {\f...
l.1646 }{}
! Misplaced alignment tab character &.
<argument> ...um _{i=1}^{n}(e_i)^2},\quad \quad &&
\text {RMSPE} = \sqrt {\fr...
l.1646 }{}
! Undefined control sequence.
<argument> ...=1}^{n}(e_i)^2},\quad \quad &&\text
{RMSPE} = \sqrt {\frac {1}...
l.1646 }{}
! LaTeX Error: \begin{list} on input line 1635 ended by \end{aligned}.
See the LaTeX manual or LaTeX Companion for explanation.
Type H <return> for immediate help.
...
! Undefined control sequence.
<argument> \text
{Brier} = \frac {\sum (y_i-\hat {p}_i)^2}{n},
l.1657 }{}
! Undefined control sequence.
<recently read> \operatorname
l.1669 ...ce \eqn{\operatorname{var}(\hat{y}_i)}{}
, this metric can be expre...
! Undefined control sequence.
<argument> \text
{CRPS}=\sum _{i=1}^{n} \sigma \left (\frac {1}{\sqrt {\pi ...
l.1673 }{}
! Undefined control sequence.
<argument> ..._i-\hat {y}_i)/\sqrt {\operatorname
{var}(\hat {y}_i)}
l.1675 .../\sqrt{\operatorname{var}(\hat{y}_i)}}{}
, and \eqn{\Phi}{} and \eq...
- checking PDF version of manual without index ... ERROR
- DONE
Status: 1 ERROR, 1 WARNING, 1 NOTE
- using check arguments '--no-clean-on-error '